-- Table structure for table `phpbb_privmsgs_folder`
--

CREATE TABLE `phpbb_privmsgs_folder` (
  `folder_id` mediumint(8) unsigned NOT NULL auto_increment,
  `user_id` mediumint(8) unsigned NOT NULL default '0',
  `folder_name` varchar(255) collate utf8_bin NOT NULL default '',
  `pm_count` mediumint(8) unsigned NOT NULL default '0',
  PRIMARY KEY  (`folder_id`),
  KEY `user_id` (`user_id`)
) ENGINE=MyISAM AUTO_INCREMENT=32 DEFAULT CHARSET=utf8 COLLATE=utf8_bin;

--
-- Dumping data for table `phpbb_privmsgs_folder`
--

INSERT INTO `phpbb_privmsgs_folder` VALUES (1,2,'Saved messages',0),(2,3,'Saved messages',0),(3,4,'Saved messages',0),(4,6,'Saved messages',0),(5,7,'Saved messages',0),(6,8,'Saved messages',0),(7,9,'Saved messages',0),(8,10,'Saved messages',0),(9,11,'Saved messages',0),(11,14,'Saved messages',0),(12,15,'Saved messages',0),(13,16,'Saved messages',0),(14,17,'Saved messages',0),(15,18,'Saved messages',0),(16,19,'Saved messages',0),(17,20,'Saved messages',0),(18,21,'Saved messages',0),(19,22,'Saved messages',0),(20,23,'Saved messages',0),(21,24,'Saved messages',0),(22,25,'Saved messages',0),(23,26,'Saved messages',0),(24,27,'Saved messages',0),(25,28,'Saved messages',0),(26,39,'Saved messages',0),(27,40,'Saved messages',0),(28,44,'Saved messages',0),(29,109,'Saved messages',0),(30,119,'Saved messages',0),(31,428,'Saved messages',0);

--
-- Table structure for table `phpbb_privmsgs_rules`
--

CREATE TABLE `phpbb_privmsgs_rules` (
  `rule_id` mediumint(8) unsigned NOT NULL auto_increment,
  `user_id` mediumint(8) unsigned NOT NULL default '0',
  `rule_check` mediumint(8) unsigned NOT NULL default '0',
  `rule_connection` mediumint(8) unsigned NOT NULL default '0',
  `rule_string` varchar(255) collate utf8_bin NOT NULL default '',
  `rule_user_id` mediumint(8) unsigned NOT NULL default '0',
  `rule_group_id` mediumint(8) unsigned NOT NULL default '0',
  `rule_action` mediumint(8) unsigned NOT NULL default '0',
  `rule_folder_id` int(11) NOT NULL default '0',
  PRIMARY KEY  (`rule_id`),
  KEY `user_id` (`user_id`)
) ENGINE=MyISAM DEFAULT CHARSET=utf8 COLLATE=utf8_bin;

--
-- Dumping data for table `phpbb_privmsgs_rules`
--


--
-- Table structure for table `phpbb_privmsgs_to`
--

CREATE TABLE `phpbb_privmsgs_to` (
  `msg_id` mediumint(8) unsigned NOT NULL default '0',
  `user_id` mediumint(8) unsigned NOT NULL default '0',
  `author_id` mediumint(8) unsigned NOT NULL default '0',
  `pm_deleted` tinyint(1) unsigned NOT NULL default '0',
  `pm_new` tinyint(1) unsigned NOT NULL default '1',
  `pm_unread` tinyint(1) unsigned NOT NULL default '1',
  `pm_replied` tinyint(1) unsigned NOT NULL default '0',
  `pm_marked` tinyint(1) unsigned NOT NULL default '0',
  `pm_forwarded` tinyint(1) unsigned NOT NULL default '0',
  `folder_id` int(11) NOT NULL default '0',
  KEY `msg_id` (`msg_id`),
  KEY `author_id` (`author_id`),
  KEY `usr_flder_id` (`user_id`,`folder_id`)
) ENGINE=MyISAM DEFAULT CHARSET=utf8 COLLATE=utf8_bin;

--
-- Dumping data for table `phpbb_privmsgs_to`
--

INSERT INTO `phpbb_privmsgs_to` VALUES (3,15,4,0,0,0,0,0,0,0),(6,16,4,0,0,0,0,0,0,0),(13,19,4,0,1,0,0,0,0,0),(16,3,4,0,0,0,0,0,0,0),(20,3,4,0,0,0,0,0,0,0),(22,3,4,0,0,0,0,0,0,0),(24,6,7,0,0,0,0,0,0,0),(26,7,6,0,0,0,0,0,0,0),(29,6,4,0,0,0,0,0,0,0),(31,6,22,0,0,0,0,0,0,0),(33,6,7,0,0,0,0,0,0,0),(34,44,4,0,0,0,0,0,0,0),(40,44,4,0,0,0,0,0,0,0),(46,22,6,0,0,0,0,0,0,0),(48,6,22,0,0,0,0,0,0,0),(52,44,4,0,0,0,0,0,0,0),(54,40,4,0,0,0,0,0,0,0),(56,22,4,0,0,0,0,0,0,0),(58,3,22,0,0,0,0,0,0,0),(60,22,3,0,0,0,0,0,0,0),(61,22,3,0,0,0,0,0,0,0),(64,3,22,0,0,0,0,0,0,0),(66,22,3,0,0,0,0,0,0,0),(68,3,22,0,0,0,0,0,0,0),(70,22,3,0,0,0,0,0,0,0),(72,3,22,0,0,0,0,0,0,0),(74,3,23,0,0,0,0,0,0,0),(75,4,22,0,0,0,0,0,0,0),(77,22,4,0,0,0,0,0,0,0),(79,4,22,0,0,0,0,0,0,0),(82,4,22,0,0,0,0,0,0,0),(84,4,6,0,0,0,0,0,0,0),(86,44,4,0,0,0,0,0,0,0),(92,22,4,0,0,0,0,0,0,0),(94,4,4,0,0,0,0,0,0,0),(95,3,22,0,0,0,0,0,0,0),(96,3,22,0,0,0,0,0,0,0),(98,22,3,0,0,0,0,0,0,0),(100,22,3,0,0,0,0,0,0,0),(103,22,3,0,0,0,0,0,0,0),(105,3,22,0,0,0,0,0,0,0),(107,22,3,0,0,0,0,0,0,0),(109,22,4,0,0,0,0,0,0,0),(111,4,22,0,0,0,0,0,0,0),(113,22,4,0,0,0,0,0,0,0),(115,4,22,0,0,0,0,0,0,0),(117,22,4,0,0,0,0,0,0,0),(119,3,4,0,0,0,0,0,0,0),(121,22,4,0,0,0,0,0,0,0),(124,11,23,0,0,0,0,0,0,0),(126,23,3,0,0,0,0,0,0,0),(129,4,22,0,0,0,0,0,0,0),(131,22,4,0,0,0,0,0,0,0),(135,23,11,0,0,0,0,0,0,0),(136,4,44,0,0,0,0,0,0,0),(138,44,4,0,0,0,0,0,0,0),(141,11,23,0,0,0,0,0,0,0),(145,11,4,0,0,0,0,0,0,0),(147,1603,4,0,0,0,0,0,0,0),(149,4,1603,0,0,0,0,0,0,0),(152,4,3,0,0,0,0,0,0,0),(154,3,4,0,0,0,0,0,0,0),(158,3,4,0,0,0,0,0,0,0),(160,1603,4,0,0,0,0,0,0,0),(162,4,1603,0,0,0,0,0,0,0),(168,3,4,0,0,0,0,0,0,0),(170,3,4,0,0,0,0,0,0,0),(174,3,4,0,0,0,0,0,0,0),(179,6,11,0,0,0,0,0,0,0),(183,1603,4,0,0,0,0,0,0,0),(186,1603,4,0,0,0,0,0,0,0),(190,11,4,0,0,0,0,0,0,0),(192,4,11,0,0,0,0,0,0,0),(194,11,4,0,0,0,0,0,0,0),(196,4,11,0,0,0,0,0,0,0),(198,11,4,0,0,0,0,0,0,0),(200,4,11,0,0,0,0,0,0,0),(202,11,4,0,0,0,0,0,0,0),(204,7,27,0,0,0,0,0,0,0),(205,4,119,0,0,0,0,0,0,0),(207,119,4,0,0,0,0,0,0,0),(209,119,4,0,0,0,0,0,0,0),(212,27,7,0,0,0,0,0,0,0),(214,4,1603,0,0,0,0,0,0,0),(13,4,4,0,0,0,0,0,0,-2),(2,15,15,0,0,0,0,0,0,-1),(5,16,16,0,0,0,0,0,0,-1),(10,16,16,0,0,0,0,0,0,-1),(12,19,19,0,0,0,0,0,0,-1),(19,7,7,0,0,0,0,0,0,-1),(25,7,7,0,0,0,0,0,0,-1),(28,6,6,0,0,0,0,0,0,-1),(32,6,6,0,0,0,0,0,0,-1),(38,44,44,0,0,0,0,0,0,-1),(39,44,44,0,0,0,0,0,0,-1),(43,22,22,0,0,0,0,0,0,-1),(44,7,7,0,0,0,0,0,0,-1),(45,22,22,0,0,0,0,0,0,-1),(47,6,6,0,0,0,0,0,0,-1),(49,22,22,0,0,0,0,0,0,-1),(51,7,7,0,0,0,0,0,0,-1),(59,22,22,0,0,0,0,0,0,-1),(62,3,3,0,0,0,0,0,0,-1),(63,3,3,0,0,0,0,0,0,-1),(65,22,22,0,0,0,0,0,0,-1),(67,3,3,0,0,0,0,0,0,-1),(69,22,22,0,0,0,0,0,0,-1),(71,3,3,0,0,0,0,0,0,-1),(73,22,22,0,0,0,0,0,0,-1),(76,22,22,0,0,0,0,0,0,-1),(80,22,22,0,0,0,0,0,0,-1),(81,23,23,0,0,0,0,0,0,-1),(83,22,22,0,0,0,0,0,0,-1),(85,6,6,0,0,0,0,0,0,-1),(93,4,4,0,0,0,0,0,0,-1),(97,22,22,0,0,0,0,0,0,-1),(99,22,22,0,0,0,0,0,0,-1),(101,3,3,0,0,0,0,0,0,-1),(102,3,3,0,0,0,0,0,0,-1),(104,3,3,0,0,0,0,0,0,-1),(106,22,22,0,0,0,0,0,0,-1),(108,3,3,0,0,0,0,0,0,-1),(110,4,4,0,0,0,0,0,0,-1),(112,22,22,0,0,0,0,0,0,-1),(114,4,4,0,0,0,0,0,0,-1),(116,22,22,0,0,0,0,0,0,-1),(118,4,4,0,0,0,0,0,0,-1),(120,4,4,0,0,0,0,0,0,-1),(122,4,4,0,0,0,0,0,0,-1),(125,23,23,0,0,0,0,0,0,-1),(127,3,3,0,0,0,0,0,0,-1),(130,22,22,0,0,0,0,0,0,-1),(132,4,4,0,0,0,0,0,0,-1),(133,23,23,0,0,0,0,0,0,-1),(134,23,23,0,0,0,0,0,0,-1),(137,44,44,0,0,0,0,0,0,-1),(139,4,4,0,0,0,0,0,0,-1),(140,11,11,0,0,0,0,0,0,-1),(142,23,23,0,0,0,0,0,0,-1),(144,11,11,0,0,0,0,0,0,-1),(146,4,4,0,0,0,0,0,0,-1),(148,4,4,0,0,0,0,0,0,-1),(150,1603,1603,0,0,0,0,0,0,-1),(151,4,4,0,0,0,0,0,0,-1),(153,3,3,0,0,0,0,0,0,-1),(155,4,4,0,0,0,0,0,0,-1),(157,3,3,0,0,0,0,0,0,-1),(159,4,4,0,0,0,0,0,0,-1),(161,4,4,0,0,0,0,0,0,-1),(163,1603,1603,0,0,0,0,0,0,-1),(165,3,3,0,0,0,0,0,0,-1),(167,3,3,0,0,0,0,0,0,-1),(169,4,4,0,0,0,0,0,0,-1),(171,4,4,0,0,0,0,0,0,-1),(173,3,3,0,0,0,0,0,0,-1),(175,4,4,0,0,0,0,0,0,-1),(178,3,3,0,0,0,0,0,0,-1),(180,11,11,0,0,0,0,0,0,-1),(182,1603,1603,0,0,0,0,0,0,-1),(184,3,3,0,0,0,0,0,0,-1),(185,4,4,0,0,0,0,0,0,-1),(187,4,4,0,0,0,0,0,0,-1),(189,1603,1603,0,0,0,0,0,0,-1),(191,4,4,0,0,0,0,0,0,-1),(193,11,11,0,0,0,0,0,0,-1),(195,4,4,0,0,0,0,0,0,-1),(197,11,11,0,0,0,0,0,0,-1),(199,4,4,0,0,0,0,0,0,-1),(201,11,11,0,0,0,0,0,0,-1),(203,4,4,0,0,0,0,0,0,-1),(206,119,119,0,0,0,0,0,0,-1),(208,4,4,0,0,0,0,0,0,-1),(210,4,4,0,0,0,0,0,0,-1),(211,27,27,0,0,0,0,0,0,-1),(213,7,7,0,0,0,0,0,0,-1),(215,1603,1603,0,0,0,0,0,0,-1);

--
-- Table structure for table `phpbb_profile_fields`
--

CREATE TABLE `phpbb_profile_fields` (
  `field_id` mediumint(8) unsigned NOT NULL auto_increment,
  `field_name` varchar(255) collate utf8_bin NOT NULL default '',
  `field_type` tinyint(4) NOT NULL default '0',
  `field_ident` varchar(20) collate utf8_bin NOT NULL default '',
  `field_length` varchar(20) collate utf8_bin NOT NULL default '',
  `field_minlen` varchar(255) collate utf8_bin NOT NULL default '',
  `field_maxlen` varchar(255) collate utf8_bin NOT NULL default '',
  `field_novalue` varchar(255) collate utf8_bin NOT NULL default '',
  `field_default_value` varchar(255) collate utf8_bin NOT NULL default '',
  `field_validation` varchar(20) collate utf8_bin NOT NULL default '',
  `field_required` tinyint(1) unsigned NOT NULL default '0',
  `field_show_on_reg` tinyint(1) unsigned NOT NULL default '0',
  `field_show_on_vt` tinyint(1) unsigned NOT NULL default '0',
  `field_show_profile` tinyint(1) unsigned NOT NULL default '0',
  `field_hide` tinyint(1) unsigned NOT NULL default '0',
  `field_no_view` tinyint(1) unsigned NOT NULL default '0',
  `field_active` tinyint(1) unsigned NOT NULL default '0',
  `field_order` mediumint(8) unsigned NOT NULL default '0',
  PRIMARY KEY  (`field_id`),
  KEY `fld_type` (`field_type`),
  KEY `fld_ordr` (`field_order`)
) ENGINE=MyISAM DEFAULT CHARSET=utf8 COLLATE=utf8_bin;

--
-- Dumping data for table `phpbb_profile_fields`
--


--
-- Table structure for table `phpbb_profile_fields_data`
--

CREATE TABLE `phpbb_profile_fields_data` (
  `user_id` mediumint(8) unsigned NOT NULL default '0',
  PRIMARY KEY  (`user_id`)
) ENGINE=MyISAM DEFAULT CHARSET=utf8 COLLATE=utf8_bin;

--
-- Dumping data for table `phpbb_profile_fields_data`
--


--
-- Table structure for table `phpbb_profile_fields_lang`
--

CREATE TABLE `phpbb_profile_fields_lang` (
  `field_id` mediumint(8) unsigned NOT NULL default '0',
  `lang_id` mediumint(8) unsigned NOT NULL default '0',
  `option_id` mediumint(8) unsigned NOT NULL default '0',
  `field_type` tinyint(4) NOT NULL default '0',
  `lang_value` varchar(255) collate utf8_bin NOT NULL default '',
  PRIMARY KEY  (`field_id`,`lang_id`,`option_id`)
) ENGINE=MyISAM DEFAULT CHARSET=utf8 COLLATE=utf8_bin;

--
-- Dumping data for table `phpbb_profile_fields_lang`
--


--
-- Table structure for table `phpbb_profile_lang`
--

CREATE TABLE `phpbb_profile_lang` (
  `field_id` mediumint(8) unsigned NOT NULL default '0',
  `lang_id` mediumint(8) unsigned NOT NULL default '0',
  `lang_name` varchar(255) collate utf8_bin NOT NULL default '',
  `lang_explain` text collate utf8_bin NOT NULL,
  `lang_default_value` varchar(255) collate utf8_bin NOT NULL default '',
  PRIMARY KEY  (`field_id`,`lang_id`)
) ENGINE=MyISAM DEFAULT CHARSET=utf8 COLLATE=utf8_bin;

--
-- Dumping data for table `phpbb_profile_lang`
--


--
-- Table structure for table `phpbb_ranks`
--

CREATE TABLE `phpbb_ranks` (
  `rank_id` mediumint(8) unsigned NOT NULL auto_increment,
  `rank_title` varchar(255) collate utf8_bin NOT NULL default '',
  `rank_min` mediumint(8) unsigned NOT NULL default '0',
  `rank_special` tinyint(1) unsigned NOT NULL default '0',
  `rank_image` varchar(255) collate utf8_bin NOT NULL default '',
  PRIMARY KEY  (`rank_id`)
) ENGINE=MyISAM AUTO_INCREMENT=2 DEFAULT CHARSET=utf8 COLLATE=utf8_bin;

--
-- Dumping data for table `phpbb_ranks`
--

INSERT INTO `phpbb_ranks` VALUES (1,'Site Admin',0,1,'');

--
-- Table structure for table `phpbb_reports`
--

CREATE TABLE `phpbb_reports` (
  `report_id` mediumint(8) unsigned NOT NULL auto_increment,
  `reason_id` smallint(4) unsigned NOT NULL default '0',
  `post_id` mediumint(8) unsigned NOT NULL default '0',
  `pm_id` mediumint(8) unsigned NOT NULL default '0',
  `user_id` mediumint(8) unsigned NOT NULL default '0',
  `user_notify` tinyint(1) unsigned NOT NULL default '0',
  `report_closed` tinyint(1) unsigned NOT NULL default '0',
  `report_time` int(11) unsigned NOT NULL default '0',
  `report_text` mediumtext collate utf8_bin NOT NULL,
  PRIMARY KEY  (`report_id`),
  KEY `post_id` (`post_id`),
  KEY `pm_id` (`pm_id`)
) ENGINE=MyISAM DEFAULT CHARSET=utf8 COLLATE=utf8_bin;

--
-- Dumping data for table `phpbb_reports`
--


--
-- Table structure for table `phpbb_reports_reasons`
--

CREATE TABLE `phpbb_reports_reasons` (
  `reason_id` smallint(4) unsigned NOT NULL auto_increment,
  `reason_title` varchar(255) collate utf8_bin NOT NULL default '',
  `reason_description` mediumtext collate utf8_bin NOT NULL,
  `reason_order` smallint(4) unsigned NOT NULL default '0',
  PRIMARY KEY  (`reason_id`)
) ENGINE=MyISAM AUTO_INCREMENT=5 DEFAULT CHARSET=utf8 COLLATE=utf8_bin;

--
-- Dumping data for table `phpbb_reports_reasons`
--

INSERT INTO `phpbb_reports_reasons` VALUES (1,'warez','The post contains links to illegal or pirated software.',1),(2,'spam','The reported post has the only purpose to advertise for a website or another product.',2),(3,'off_topic','The reported post is off topic.',3),(4,'other','The reported post does not fit into any other category, please use the further information field.',4);

--
-- Table structure for table `phpbb_search_results`
--

CREATE TABLE `phpbb_search_results` (
  `search_key` varchar(32) collate utf8_bin NOT NULL default '',
  `search_time` int(11) unsigned NOT NULL default '0',
  `search_keywords` mediumtext collate utf8_bin NOT NULL,
  `search_authors` mediumtext collate utf8_bin NOT NULL,
  PRIMARY KEY  (`search_key`)
) ENGINE=MyISAM DEFAULT CHARSET=utf8 COLLATE=utf8_bin;

--
-- Dumping data for table `phpbb_search_results`
--


--
-- Table structure for table `phpbb_search_wordlist`
--

CREATE TABLE `phpbb_search_wordlist` (
  `word_id` mediumint(8) unsigned NOT NULL auto_increment,
  `word_text` varchar(255) collate utf8_bin NOT NULL default '',
  `word_common` tinyint(1) unsigned NOT NULL default '0',
  `word_count` mediumint(8) unsigned NOT NULL default '0',
  PRIMARY KEY  (`word_id`),
  UNIQUE KEY `wrd_txt` (`word_text`),
  KEY `wrd_cnt` (`word_count`)
) ENGINE=MyISAM AUTO_INCREMENT=114 DEFAULT CHARSET=utf8 COLLATE=utf8_bin;

--
-- Dumping data for table `phpbb_search_wordlist`
--

INSERT INTO `phpbb_search_wordlist` VALUES (1,'gold',0,2),(2,'finde',0,1),(3,'ich',0,2),(4,'immer',0,1),(5,'gut',0,1),(6,'weiss',0,1),(7,'dass',0,1),(8,'ihr',0,1),(9,'faul',0,1),(10,'zum',0,1),(11,'posten',0,1),(12,'seid',0,1),(13,'aber',0,1),(14,'egal',0,1),(15,'crishy',0,1),(16,'lars',0,2),(17,'klaus',0,1),(18,'katha',0,1),(19,'ruth',0,1),(20,'andy',0,1),(21,'antje',0,1),(22,'baerbel',0,1),(23,'martin',0,1),(24,'niki',0,1),(25,'norman',0,1),(26,'jonathan',0,1),(27,'epic',0,5),(28,'meter',0,5),(29,'2011',0,5),(30,'yaso',0,1),(31,'hat',0,1),(32,'seit',0,1),(33,'gestern',0,1),(34,'http',0,4),(35,'wowdata',0,4),(36,'buffed',0,4),(37,'tooltips',0,4),(38,'items',0,4),(39,'gif',0,4),(40,'2099',0,1),(41,'quote',0,0),(42,'url',0,0),(43,'tempeldrop',0,1),(44,'zaehlt',0,2),(45,'nicht',0,2),(46,'ausser',0,1),(47,'warst',0,1),(48,'solo',0,2),(49,'dort',0,1),(50,'hab',0,1),(51,'die',0,2),(52,'regeln',0,1),(53,'nochmal',0,1),(54,'oben',0,1),(55,'reinkopiert',0,1),(56,'regularien',0,1),(57,'gezaehlt',0,1),(58,'wird',0,1),(59,'pro',0,1),(60,'spieler',0,1),(61,'char',0,1),(62,'zaehlen',0,1),(63,'randoom',0,1),(64,'worlddrop',0,1),(65,'ittems',0,1),(66,'gewuerfelt',0,1),(67,'werden',0,1),(68,'musste',0,1),(69,'prinzip',0,1),(70,'gefarmte',0,1),(71,'oder',0,1),(72,'wenn',0,1),(73,'der',0,2),(74,'loot',0,1),(75,'auf',0,1),(76,'jgj',0,1),(77,'war',0,1),(78,'wos',0,1),(79,'rausholen',0,1),(80,'tut',0,1),(81,'level',0,1),(82,'fietkau',0,1),(83,'kurfuerstenstrasse',0,0),(84,'55118',0,0),(85,'mainz',0,0),(86,'maybachstrasse',0,1),(87,'70794',0,1),(88,'filderstadt',0,1),(89,'home',0,1),(90,'handy',0,2),(91,'0172',0,1),(92,'5209451',0,1),(93,'xxlware',0,1),(104,'wolf',0,1),(94,'44312',0,1),(95,'eiskrone',0,1),(96,'gedroppt',0,2),(97,'67144',0,1),(98,'heute',0,1),(99,'beim',0,1),(100,'dailys',0,1),(101,'machen',0,1),(102,'front',0,1),(103,'2915',0,1),(105,'oettershagen',0,1),(106,'dachauerstr',0,1),(107,'266a',0,1),(108,'80992',0,1),(109,'muenchen',0,1),(110,'live',0,1),(111,'0171',0,1),(112,'7244691',0,1),(113,'adressen',0,1);

--
-- Table structure for table `phpbb_search_wordmatch`
--

CREATE TABLE `phpbb_search_wordmatch` (
  `post_id` mediumint(8) unsigned NOT NULL default '0',
  `word_id` mediumint(8) unsigned NOT NULL default '0',
  `title_match` tinyint(1) unsigned NOT NULL default '0',
  UNIQUE KEY `unq_mtch` (`word_id`,`post_id`,`title_match`),
  KEY `word_id` (`word_id`),
  KEY `post_id` (`post_id`)
) ENGINE=MyISAM DEFAULT CHARSET=utf8 COLLATE=utf8_bin;

--
-- Dumping data for table `phpbb_search_wordmatch`
--

INSERT INTO `phpbb_search_wordmatch` VALUES (1804,1,0),(1804,1,1),(1804,2,0),(1801,3,0),(1804,3,0),(1804,4,0),(1804,5,0),(1801,6,0),(1801,7,0),(1801,8,0),(1801,9,0),(1801,10,0),(1801,11,0),(1801,12,0),(1801,13,0),(1801,14,0),(1801,15,0),(1798,16,0),(1801,16,0),(1801,17,0),(1801,18,0),(1801,19,0),(1801,20,0),(1801,21,0),(1801,22,0),(1801,23,0),(1801,24,0),(1801,25,0),(1801,26,0),(1801,27,1),(1805,27,1),(1806,27,1),(1807,27,1),(1808,27,1),(1801,28,1),(1805,28,1),(1806,28,1),(1807,28,1),(1808,28,1),(1801,29,1),(1805,29,1),(1806,29,1),(1807,29,1),(1808,29,1),(1805,30,0),(1805,31,0),(1805,32,0),(1805,33,0),(1803,34,0),(1805,34,0),(1807,34,0),(1808,34,0),(1803,35,0),(1805,35,0),(1807,35,0),(1808,35,0),(1803,36,0),(1805,36,0),(1807,36,0),(1808,36,0),(1803,37,0),(1805,37,0),(1807,37,0),(1808,37,0),(1803,38,0),(1805,38,0),(1807,38,0),(1808,38,0),(1803,39,0),(1805,39,0),(1807,39,0),(1808,39,0),(1805,40,0),(1806,43,0),(1801,44,0),(1806,44,0),(1801,45,0),(1806,45,0),(1806,46,0),(1806,47,0),(1801,48,0),(1806,48,0),(1806,49,0),(1806,50,0),(1801,51,0),(1806,51,0),(1806,52,0),(1806,53,0),(1806,54,0),(1806,55,0),(1801,56,0),(1801,57,0),(1801,58,0),(1801,59,0),(1801,60,0),(1801,61,0),(1801,62,0),(1801,63,0),(1801,64,0),(1801,65,0),(1801,66,0),(1801,67,0),(1801,68,0),(1801,69,0),(1801,70,0),(1801,71,0),(1801,72,0),(1801,73,0),(1808,73,0),(1801,74,0),(1801,75,0),(1801,76,0),(1801,77,0),(1801,78,0),(1801,79,0),(1801,80,0),(1801,81,0),(1798,82,0),(1798,86,0),(1798,87,0),(1798,88,0),(1798,89,0),(1798,90,0),(1809,90,0),(1798,91,0),(1798,92,0),(1798,93,0),(1807,94,0),(1807,95,0),(1807,96,0),(1808,96,0),(1808,97,0),(1808,98,0),(1808,99,0),(1808,100,0),(1808,101,0),(1808,102,0),(1803,103,0),(1809,104,0),(1809,105,0),(1809,106,0),(1809,107,0),(1809,108,0),(1809,109,0),(1809,110,0),(1809,111,0),(1809,112,0),(1809,113,1);

--
-- Table structure for table `phpbb_sessions`
--

CREATE TABLE `phpbb_sessions` (
  `session_id` char(32) collate utf8_bin NOT NULL default '',
  `session_user_id` mediumint(8) unsigned NOT NULL default '0',
  `session_forum_id` mediumint(8) unsigned NOT NULL default '0',
  `session_last_visit` int(11) unsigned NOT NULL default '0',
  `session_start` int(11) unsigned NOT NULL default '0',
  `session_time` int(11) unsigned NOT NULL default '0',
  `session_ip` varchar(40) collate utf8_bin NOT NULL default '',
  `session_browser` varchar(150) collate utf8_bin NOT NULL default '',
  `session_forwarded_for` varchar(255) collate utf8_bin NOT NULL default '',
  `session_page` varchar(255) collate utf8_bin NOT NULL default '',
  `session_viewonline` tinyint(1) unsigned NOT NULL default '1',
  `session_autologin` tinyint(1) unsigned NOT NULL default '0',
  `session_admin` tinyint(1) unsigned NOT NULL default '0',
  PRIMARY KEY  (`session_id`),
  KEY `session_time` (`session_time`),
  KEY `session_user_id` (`session_user_id`),
  KEY `session_fid` (`session_forum_id`)
) ENGINE=MyISAM DEFAULT CHARSET=utf8 COLLATE=utf8_bin;

--
-- Dumping data for table `phpbb_sessions`
--

INSERT INTO `phpbb_sessions` VALUES ('ed8d113c11b91700775087327045902b',1,0,1332044169,1332044169,1332044188,'178.187.152.58','Mozilla/4.0 (compatible; MSIE 6.0; Windows NT 5.1; SV1; FunWebProducts; .NET CLR 1.1.4322; PeoplePal 6.2)','','ucp.php?mode=register',1,0,0),('ca1f7c1443d12a81bf6add566ac10eff',1,0,1332044224,1332044224,1332044236,'91.214.17.6','Mozilla/4.0 (compatible; MSIE 6.0; Windows NT 5.1; SV1)','','ucp.php?mode=register',1,0,0),('5585d9778e0e9dacf2eef63fa46355f7',1,0,1332045303,1332045303,1332045318,'186.225.61.38','Mozilla/4.0 (compatible; MSIE 6.0; Windows NT 5.1; SV1; .NET CLR 1.1.4322)','','memberlist.php?mode=&sk=c&sd=d',1,0,0),('426f3cd1be50eaf0326794496e8d068d',1,0,1332045488,1332045488,1332045526,'71.223.2.249','Mozilla/4.0 (compatible; MSIE 6.0; Windows NT 5.2; Win64; AMD64)','','ucp.php?mode=register',1,0,0),('273c33e353881f595db37d6ef3309c5d',1,7,1332045754,1332045754,1332045774,'178.137.18.72','Mozilla/4.0 (compatible; MSIE 6.0; Windows NT 5.1; SV1; .NET CLR 1.1.4322) NS8/0.9.6','','posting.php?mode=reply&f=7&t=6',1,0,0),('631360523eec123331319484bfb30aa2',1,0,1332046059,1332046059,1332046080,'222.186.17.99','Mozilla/4.0 (compatible; MSIE 6.0; Windows NT) ::ELNSB50::000061100320025802a00111000000000507000900000000','','ucp.php?mode=register',1,0,0),('d5e56b5d0d9e12e50336122c7af0bda3',1,0,1332046494,1332046494,1332046506,'46.17.100.152','Mozilla/4.7 (compatible; OffByOne; Windows 2000) Webster Pro V3.4','','ucp.php?mode=register',1,0,0),('24246e359ae8e0a93f8bdc97ad9882a0',1,0,1331877139,1331877139,1331877139,'117.27.138.41','Mozilla/4.0 (compatible; MSIE 6.0; Windows NT 5.1; SV1; InfoPath.1','','ucp.php?mode=register',1,0,0),('a83f83283f8bbcfc74f63ce0ca7b0908',1,7,1331877751,1331877751,1331877832,'110.84.37.3','Mozilla/4.0 (compatible; MSIE 6.0; Windows NT 5.1; .NET CLR 1.0.3705)','','posting.php?mode=reply&f=7&t=7',1,0,0),('b378fb7a34fa0af966957cf4f7f37484',1,7,1331878165,1331878165,1331878192,'178.137.18.72','Mozilla/4.0 (compatible; Powermarks/3.5; Windows 95/98/2000/NT)','','posting.php?mode=reply&f=7&t=6',1,0,0),('2e08989ddb428c4c2c9b3573d227daef',1,7,1331879308,1331879308,1331879775,'112.111.169.75','Mozilla/4.0 (compatible; MSIE 6.0; Windows NT 5.1; SV1; InfoPath.1','','posting.php?mode=reply&f=7&t=7',1,0,0),('8a4c23979441c9b17b251e7b2355abfc',1,0,1331880187,1331880187,1331880218,'59.60.126.33','Mozilla/4.0 (compatible; MSIE 6.0; Windows NT 5.1; ru) Opera 8.50','','ucp.php?mode=register',1,0,0),('40cd3aded7f8961de00ea908ac78fc56',1,0,1331880583,1331880583,1331880603,'188.143.233.6','Mozilla/2.0 (compatible; MSIE 3.02; Windows CE; 240x320)','','ucp.php?mode=register',1,0,0),('8688e64710b55aa5df551a6db010b0ac',1,0,1331880988,1331880988,1331881002,'91.217.178.228','Mozilla/4.0 (compatible; MSIE 6.0; Windows NT 5.1; en) Opera 9.0','','ucp.php?mode=register',1,0,0),('6f022d4993a7f8d0315e782f09a8ab17',1,0,1331881234,1331881234,1331881289,'220.161.150.70','Opera/9.00 (Windows NT 4.0; U; en)','','index.php',1,0,0),('d8318aec7c93a339f669b90ffdee0f10',1,0,1331881851,1331881851,1331881864,'91.217.178.230','Mozilla/4.0 (compatible; MSIE 6.0; Windows NT 5.1; Maxthon; .NET CLR 1.1.4322)','','ucp.php?mode=register',1,0,0),('188d9fec576f2eadfec664213e1cf3d5',1,7,1331882138,1331882138,1331882311,'175.44.2.157','Mozilla/4.0 (compatible; MSIE 5.5; Windows NT 4.0; .NET CLR 1.0.2914)','','posting.php?mode=reply&f=7&t=7',1,0,0),('5b5f0beac080992788ef910b5b9dcad8',1,0,1331882795,1331882795,1331882828,'122.51.132.14','Mozilla/6.0 (compatible; MSIE 7.0a1; Windows NT 5.2; SV1)','','ucp.php?mode=register',1,0,0),('ddfe18beaf9efcfaf5742b265f034e65',1,0,1331883261,1331883261,1331883268,'82.210.155.21','Opera/7.60 (Windows NT 5.2; U)  [en] (IBM EVV/3.0/EAK01AG9/LE)','','index.php',1,0,0),('635df851ba3ac34e14302241298693e3',1,7,1331883279,1331883279,1331883629,'175.44.0.50','Mozilla/4.0 (compatible; MSIE 6.0; Windows NT 5.0; Avant Browser [avantbrowser.com]; Hotbar 4.4.5.0)','','posting.php?mode=reply&f=7&t=248',1,0,0),('0eb35782bb4ccb1aae438dedcc6934de',1,7,1331883346,1331883346,1331883386,'94.181.252.66','Mozilla/4.0 (compatible; MSIE 5.5; Windows 95)','','posting.php?mode=reply&f=7&t=248',1,0,0),('4c650fe50ef295b5772c4d1fa4573aa4',1,0,1331884295,1331884295,1331884363,'175.44.2.247','Opera/7.11 (Windows NT 5.1; U) [en]','','ucp.php?mode=register',1,0,0),('3ab5085c42b90e49075ae78b159e6b0f',1,7,1331884375,1331884375,1331884413,'176.8.89.8','Mozilla/4.0 (compatible; MSIE 6.0; Windows NT 5.1; SV1; .NET CLR 1.1.4322) Babya Discoverer  8.0:','','posting.php?mode=reply&f=7&t=248',1,0,0),('51d7d0788003422761837ff66f7504d4',1,18,1331884779,1331884779,1331884785,'37.113.5.139','Mozilla/4.0 (compatible; MSIE 6.0; Windows NT 5.1; SV1; YPC 3.0.2; .NET CLR 1.1.4322; yplus 4.4.02b)','','viewforum.php?f=18',1,0,0),('9bc56563cd0d0bc8b572c9df174e505a',1,0,1331885319,1331885319,1331885352,'222.186.17.99','Mozilla/4.0 (compatible; MSIE 6.0; Windows NT 5.0; KTXN)','','ucp.php?mode=register',1,0,0),('3511e8de2435f7d8c5c8cf32a7721ec2',1,0,1331885610,1331885610,1331885674,'178.137.195.10','Mozilla/4.0 (compatible; MSIE 6.0; Windows NT 5.1; MRA 4.6 (build 01425))','','ucp.php?mode=register',1,0,0),('937b484de713c2a7df996f555a63f568',1,0,1331885917,1331885917,1331885917,'117.27.138.68','Opera/7.11 (Windows NT 5.1; U) [en]','','ucp.php?mode=register',1,0,0),('a2fb7394088e012a8a59c01fe7600d6a',1,7,1331887375,1331887375,1331887493,'202.98.123.126','Mozilla/5.0 (Windows NT 5.1; U; en) Opera 8.00','','posting.php?mode=reply&f=7&t=7',1,0,0),('1ff0781edccfa2754fc069441ecfabaf',1,0,1331888087,1331888087,1331888113,'178.187.205.238','Mozilla/4.0 (compatible; MSIE 6.0; Windows NT 5.1; .NET CLR 1.1.4322; Alexa Toolbar; (R1 1.5))','','ucp.php?mode=register',1,0,0),('84340fe69ae01967381fdfecfcbec14a',1,0,1331888193,1331888193,1331888213,'220.250.42.129','Mozilla/4.0 (compatible; MSIE 6.0; Windows NT 5.0; .NET CLR 1.0.3705; .NET CLR 1.1.4322)','','ucp.php?mode=register',1,0,0),('099a49e404c4b961704cee216a65df48',1,0,1331888744,1331888744,1331888771,'91.217.178.233','Mozilla/4.79 [en] (Windows NT 5.0; U)','','ucp.php?mode=register',1,0,0),('fa5a6b1a8ac087307b3f572b3f8c47d0',1,7,1331888839,1331888839,1331889098,'175.42.90.150','Mozilla/0.6 Beta (Windows)','','posting.php?mode=reply&f=7&t=6',1,0,0),('5d598b01a1ac48e9c3443192e3d1647c',1,0,1331889011,1331889011,1331889050,'46.17.96.204','Mozilla/4.0 (compatible; MSIE 6.0; Windows NT 5.2; SV1; .NET CLR 1.1.4322; .NET CLR 2.0.50727)','','ucp.php?mode=register',1,0,0),('54f1692fd74dcdf316f75a3f4c4b1ead',1,7,1331889536,1331889536,1331889559,'178.137.18.72','Mozilla/4.0 (compatible; MSIE 6.0; Windows NT 5.1; SV1; FunWebProducts; MRA 4.6 (build 01425); .NET CLR 1.1.4322; .NET CLR 2.0.50727)','','posting.php?mode=reply&f=7&t=6',1,0,0),('92642d4ed9d820f8e9b48ceb6bfb4035',1,0,1331889644,1331889644,1331889710,'175.44.27.196','Mozilla/4.0 (compatible; MSIE 6.0; Windows NT 5.1; SV1; MRA 4.6 (build 01425); MRSPUTNIK 1, 5, 0, 19 SW)','','ucp.php?mode=confirm&confirm_id=30c0048b64ee61d6124a9d6bd655c1e4&type=1',1,0,0),('3a4a13b4a30491558d699ff3d4434a1c',1,0,1331889691,1331889691,1331889704,'91.217.178.230','Opera/7.11 (Windows NT 5.1; U) [en]','','ucp.php?mode=register',1,0,0),('1b78c2811cf9315288090bd421a0bb10',1,0,1331890033,1331890033,1331890057,'91.217.178.228','Mozilla/4.0 (compatible; MSIE 6.0; Windows 98; Win 9x 4.90; Creative)','','ucp.php?mode=register',1,0,0),('2470fdb014dc54b7dda178d2501319db',1,0,1331890034,1331890034,1331890047,'91.217.178.230','Mozilla/4.0 (compatible; MSIE 6.0; Windows NT 5.0)','','ucp.php?mode=register',1,0,0),('daffbd57c693bafccd66eb1fe2f7b610',1,0,1331890486,1331890486,1331890486,'46.17.96.200','Mozilla/4.0 (compatible; MSIE 6.0; Windows NT 5.1; KKman2.0)','','ucp.php?mode=register',1,0,0),('3038acf3b5be1c8e8d5de75bba897a14',1,0,1331890499,1331890499,1331890522,'46.17.96.200','Mozilla/4.0 (compatible; Powermarks/3.5; Windows 95/98/2000/NT)','','ucp.php?mode=confirm&confirm_id=0558d478f35fbfefed4e25932399bc89&type=1',1,0,0),('910dc791467d089a250fbeefa9d35172',1,7,1331891422,1331891422,1331891651,'91.217.178.235','Mozilla/4.0 (compatible; MSIE 6.0; Windows NT 5.1; SV1)','','viewforum.php?f=7',1,0,0),('618008dfb7eb8567c5fa3f065c9d4b1c',1,0,1331891652,1331891652,1331891675,'222.67.170.166','Mozilla/4.0 (compatible; MSIE 6.0; Windows NT 5.1; MRA 4.6 (build 01425))','','ucp.php?mode=register',1,0,0),('18724b3f80d263cde3c3b587e427638b',1,0,1331891926,1331891926,1331891926,'117.27.138.41','Mozilla/4.0 (compatible; MSIE 6.0; Windows NT 5.1; SV1; FunWebProducts; MRA 4.6 (build 01425); .NET CLR 1.1.4322; .NET CLR 2.0.50727)','','ucp.php?mode=register',1,0,0),('d6968fae069466e6966a36099c5ac487',1,0,1331891948,1331891948,1331891950,'218.6.15.112','Mozilla/4.0 (compatible; MSIE 6.0; Windows NT 5.1; FREE; .NET CLR 1.1.4322)','','ucp.php?mode=login',1,0,0),('be5964953a21391812a97dcd8fc1e23b',1,0,1331892017,1331892017,1331892090,'69.162.120.58','Mozilla/4.0 (compatible; MSIE 5.5; Windows NT 4.0)','','index.php',1,0,0),('6d0c02c6470faab7c42c2ee0ea25f8ba',1,0,1331893468,1331893468,1331893468,'91.214.17.6','Mozilla/4.0 (compatible; MSIE 6.0; Windows 98; Win 9x 4.90)','','index.php',1,0,0),('a1389e126508ca382eb90c0a3089501a',1,7,1331893893,1331893893,1331893935,'94.181.252.66','Mozilla/4.0 (compatible; MSIE 6.0; Windows XP)','','posting.php?mode=reply&f=7&t=6',1,0,0),('ea140d5de258d8f362dd356df54204cc',1,0,1331894456,1331894456,1331894481,'126.114.209.108','Opera/8.00 (Windows NT 5.1; U; en)','','ucp.php?mode=register',1,0,0),('5a8812c75aa87782db0e936d25ebff3e',1,0,1331895410,1331895410,1331895423,'91.217.178.228','Mozilla/4.0 (compatible; MSIE 6.0; Windows NT 5.0)','','ucp.php?mode=register',1,0,0),('cc7a45f69d7f03312af32a807842e01b',1,7,1331895532,1331895532,1331895536,'91.121.210.100','Mozilla/4.0 (compatible; MSIE 6.0; MSIE 5.5; Windows NT 5.0) Opera 7.02 Bork-edition [en]','','posting.php?mode=reply&f=7&t=7',1,0,0),('1777d0c2fb7bed42dc184c8f2f28ecc2',1,0,1331895946,1331895946,1331895960,'91.217.178.230','Mozilla/4.0 (compatible; MSIE 6.0; Windows NT 5.1; SV1; InfoPath.1)','','ucp.php?mode=register',1,0,0),('57621ddbe72ff202caa338e98507375b',1,0,1331896088,1331896088,1331896102,'89.105.248.176','Mozilla/4.79 [en] (Windows NT 5.0; U)','','ucp.php?mode=register',1,0,0),('36912c05323ac48c6d8c397bbdac15e2',1,0,1331896254,1331896254,1331896295,'218.86.48.199','Mozilla/4.0 (compatible; MSIE 6.0; Windows NT 5.1; en) Opera 8.00','','index.php',1,0,0),('4e0e87422225f3e14f7a7e0b01bf77ac',1,0,1331896905,1331896905,1331896924,'91.217.178.233','Mozilla/4.0 (compatible; MSIE 7.0b; Windows NT 6.0 ; .NET CLR 2.0.50215; SL Commerce Client v1.0; Tablet PC 2.0','','ucp.php?mode=register',1,0,0),('242d3671e6a607ecf4f2cc89f7eb5815',1,0,1331897640,1331897640,1331897658,'117.26.119.170','Mozilla/5.0 (Windows NT 5.1; U; en) Opera 8.01','','ucp.php?mode=register',1,0,0),('2c8bcd85504b25dd50c92ba0dc96f4b2',1,0,1331898041,1331898041,1331898078,'58.22.132.99','Mozilla/4.0 (compatible; MSIE 6.0; Windows NT 5.1; .NET CLR 1.0.3705)','','ucp.php?mode=register',1,0,0),('6441dee3ef5f9601d298e887fe2b60cb',1,0,1331898352,1331898352,1331898402,'184.154.198.201','Mozilla/5.0 (Windows NT 5.1; U; en) Opera 8.00','','ucp.php?mode=register',1,0,0),('7863e5efb2ff91a0004a780c31dfd927',1,7,1331898362,1331898362,1331898422,'91.217.178.236','Mozilla/4.0 (compatible; MSIE 6.0; Windows NT 5.1; TheFreeDictionary.com; .NET CLR 1.1.4322; .NET CLR 1.0.3705; .NET CLR 2.0.50727)','','posting.php?mode=post&f=7',1,0,0),('a197c3643faae6ce35c44bc17e3ce627',1,0,1331898419,1331898419,1331898449,'117.26.117.243','Mozilla/4.0 (compatible; MSIE 6.0; Windows NT 5.2; Win64; AMD64)','','ucp.php?mode=register',1,0,0),('abd6a409f26ae62b47818919effd18a3',1,7,1331898434,1331898434,1331898622,'175.44.26.237','Mozilla/4.0 (compatible; MSIE 6.0; Windows NT 5.1; SV1; FunWebProducts; MRA 4.6 (build 01425); .NET CLR 1.1.4322; .NET CLR 2.0.50727)','','viewforum.php?f=7',1,0,0),('2ea31a7b8b20669da7863b37f6858ec6',1,7,1331898542,1331898542,1331898737,'112.111.190.214','Mozilla/4.0 (compatible; MSIE 6.0; Windows NT 5.1; TheFreeDictionary.com; .NET CLR 1.1.4322; .NET CLR 1.0.3705; .NET CLR 2.0.50727)','','posting.php?mode=reply&f=7&t=6',1,0,0),('c7e80c37ff1fd7f64d575621a06d3d99',1,0,1331898661,1331898661,1331898711,'27.159.230.43','Opera/7.54 (Windows NT 5.1; U)  [pl]','','ucp.php?mode=register',1,0,0),('6817cc69eb1811d922f4e7fad8243980',1,7,1331898673,1331898673,1331898710,'178.137.18.72','Mozilla/4.0 (compatible; MSIE 6.0; Windows NT 5.1; SV1; .NET CLR 1.1.4322) NS8/0.9.6','','posting.php?mode=reply&f=7&t=6',1,0,0),('068a851091b8f8cd218257ec0b53f476',1,0,1331898719,1331898719,1331898738,'117.26.119.78','Mozilla/4.0 (compatible; MSIE 5.5; Windows 95)','','ucp.php?mode=register',1,0,0),('ae627bf9b0d813d16a4902d882cbe945',1,7,1331899148,1331899148,1331899188,'200.75.135.62','Mozilla/4.7 (compatible; OffByOne; Windows 2000) Webster Pro V3.4','','viewforum.php?f=7',1,0,0),('effd5766e2197ab891e372263d52ecca',1,7,1331899520,1331899520,1331899525,'91.121.210.100','Mozilla/4.0 (compatible; MSIE 5.5; Windows NT 4.0; .NET CLR 1.0.2914)','','posting.php?mode=reply&f=7&t=248',1,0,0),('e36692e5e8a388550201da77ce39d077',1,0,1331899905,1331899905,1331899905,'91.214.17.6','Mozilla/4.0 (compatible; MSIE 6.0; Windows 98; Win 9x 4.90)','','index.php',1,0,0),('c6f34cf96bda28d282543ace842533b7',1,0,1331900718,1331900718,1331900736,'110.85.113.177','Mozilla/4.0 (compatible; MSIE 6.0; Windows NT 5.1)','','ucp.php?mode=register',1,0,0),('a2a020ebd9e6c2ece3993bfe90b37a71',1,7,1331900959,1331900959,1331900995,'187.115.52.40','Mozilla/0.91 Beta (Windows)','','posting.php?mode=reply&f=7&t=7',1,0,0),('86f5742102434e7a9dfb4678feb7c296',1,0,1331900985,1331900985,1331900985,'91.214.17.6','Mozilla/4.0 (compatible; MSIE 6.0; Windows 98; Win 9x 4.90)','','index.php',1,0,0),('4fb9a0c252f9a098bf92c6569237fa66',1,0,1331901259,1331901259,1331901275,'79.170.50.42','Mozilla/4.0 (compatible; MSIE 6.0; Windows NT 5.2; Win64; AMD64)','','index.php',1,0,0),('1d02edf41bed8cbf03618c676d742ccb',1,7,1331902216,1331902216,1331902261,'176.8.89.8','Mozilla/2.0 (compatible; MSIE 3.02; Windows CE; 240x320)','','posting.php?mode=reply&f=7&t=6',1,0,0),('68160e336d4366b35dc9cc94cb0f3603',1,0,1331903205,1331903205,1331903219,'91.217.178.233','Mozilla/4.0 (compatible; MSIE 6.0; Windows NT 5.0; APC; .NET CLR 1.0.3705; .NET CLR 1.1.4322; .NET CLR 2.0.50215; InfoPath.1)','','ucp.php?mode=register',1,0,0),('1b139561ea6216ac9265234ca2421495',1,0,1331903229,1331903229,1331903242,'188.65.69.244','Mozilla/4.0 (compatible; MSIE 6.0; Windows XP)','','ucp.php?mode=register',1,0,0),('62220c2bac3d287681c82547f9ac8569',1,0,1331903667,1331903667,1331903687,'109.230.244.133','Mozilla/4.0 (compatible; MSIE 6.0; Windows NT 5.0; Avant Browser [avantbrowser.com]; Hotbar 4.4.5.0)','','ucp.php?mode=register',1,0,0),('b491f0122b3b750a7c5cc4e425b3b882',1,0,1331903867,1331903867,1331903893,'46.17.96.204','Mozilla/4.0 (compatible; MSIE 6.0; Windows NT 5.1; MyIE2; Deepnet Explorer)','','ucp.php?mode=confirm&confirm_id=a2468ca59a9cdd63cbb315f9d1b5a1fc&type=1',1,0,0),('f14563a642a8dc39b6bb00bb31a66cd9',1,7,1331903938,1331903938,1331903960,'95.133.97.81','Mozilla/4.0 (compatible; MSIE 6.0; Windows NT 5.0)','','posting.php?mode=post&f=7',1,0,0),('4e175955ae2cbb25ca13cbef27eb0b8c',1,7,1331904353,1331904353,1331904432,'94.181.252.66','Mozilla/4.0 (compatible; MSIE 6.0; Windows NT 5.1; .NET CLR 1.0.3705)','','posting.php?mode=reply&f=7&t=7',1,0,0),('c9e225d062e8c1166234846864c3fe31',1,7,1331904977,1331904977,1331905149,'83.23.129.105','Mozilla/4.0 (compatible; MSIE 6.0; Windows NT 5.1; SV1)','','posting.php?mode=reply&f=7&t=94',1,0,0),('852ae3128615aeb46a4f6cc6541e61cf',1,7,1331905195,1331905195,1331905199,'94.181.218.149','Opera/8.00 (Windows NT 5.1; U; en)','','posting.php?mode=post&f=7',1,0,0),('e9ef23da090b87f42d2126cf69919cdf',1,0,1331905566,1331905566,1331905566,'46.17.96.200','Mozilla/4.0 (compatible; MSIE 6.0; Windows NT 5.1; SV1; FunWebProducts)','','ucp.php?mode=register',1,0,0),('fe7e5ad0bfb75754d28535b5e1b0fd2c',1,0,1331905673,1331905673,1331905696,'117.26.117.211','Mozilla/4.0 (compatible; MSIE 6.0; Windows NT 5.0; Avant Browser [avantbrowser.com]; Hotbar 4.4.5.0)','','ucp.php?mode=register',1,0,0),('6aaf2eb78858cf5284994635e468c993',1,7,1331905746,1331905746,1331905794,'117.26.107.22','Mozilla/4.0 (compatible; MSIE 6.0; MSIE 5.5; Windows NT 4.0) Opera 7.0 [en]','','posting.php?mode=reply&f=7&t=6',1,0,0),('e540f556311feda2684114550a11560f',1,0,1331907686,1331907686,1331907753,'69.162.120.58','Mozilla/4.0 (compatible; MSIE 5.5; Windows 95; BCD2000)','','index.php',1,0,0),('8ae41615f7297398c241572e6d5958b3',1,0,1331908118,1331908118,1331908118,'91.217.178.229','Mozilla/5.0 (Windows NT 5.1; U; en) Opera 8.01','','ucp.php?mode=register',1,0,0),('1be7667d0a936edfdf72912967ecbef8',1,0,1331909222,1331909222,1331909222,'91.217.178.229','Mozilla/4.0 (compatible; MSIE 6.0; Windows NT 5.1; SV1; .NET CLR 1.1.4322) NS8/0.9.6','','ucp.php?mode=register+%5BPLM=0%5D%5BR%5D+GET+http://everlook.eu/phpbb/ucp.php?mode=register+%5B0,12804,12275%5D+-%3E+%5BR%5D+POST+http://everlook.eu/phpbb/ucp.php?mode=register+%5B0,15179,14984%5D+-%',1,0,0),('5e2eb6ef6900e17cfdf18543a4107fca',1,7,1331909328,1331909328,1331909379,'59.60.126.33','Opera/7.11 (Windows NT 5.1; U) [en]','','posting.php?mode=reply&f=7&t=94',1,0,0),('993c58b5c26e486bab4625052028718d',1,0,1331909442,1331909442,1331909478,'77.65.48.239','Mozilla/4.0 (compatible; MSIE 6.0; MSIE 5.5; Windows NT 4.0) Opera 7.0 [en]','','index.php',1,0,0),('df6a73a358d320610e2b3f28ca81100f',1,0,1331909493,1331909493,1331909505,'178.137.166.135','Opera/9.00 (Windows NT 5.1; U; en)','','ucp.php?mode=register',1,0,0),('c3aca65f8d5cbb623b2e47c732b2876a',1,0,1331909618,1331909618,1331909659,'94.190.30.135','Mozilla/4.0 (compatible; MSIE 6.0; Windows NT 5.2; SV1; .NET CLR 1.1.4322; .NET CLR 2.0.50727)','','index.php',1,0,0),('be9808a743a6c09eab0d415c7537d28f',1,7,1331909720,1331909720,1331909722,'199.168.142.166','Mozilla/4.61 [en] (X11; U; ) - BrowseX (2.0.0 Windows)','','posting.php?mode=post&f=7',1,0,0),('ffc7de5eba5a4968a5c6528c736c75ce',1,7,1331910020,1331910020,1331910127,'58.22.142.198','Opera/7.60 (Windows NT 5.2; U)  [en] (IBM EVV/3.0/EAK01AG9/LE)','','posting.php?mode=reply&f=7&t=7',1,0,0),('47e33e8cff5db48a36ec996a2478af5b',1,0,1331910343,1331910343,1331910412,'69.162.120.58','Mozilla/4.0 (compatible; MSIE 6.0; Windows NT 5.1; SV1; .NET CLR 1.1.4322)','','index.php',1,0,0),('e22f4016e6ceff9a14c60d792d2a5f19',1,0,1331910789,1331910789,1331910840,'98.126.66.170','Mozilla/4.0 (compatible; MSIE 5.5; Windows NT 5.0)','','ucp.php?mode=register',1,0,0),('9214ffb302586b98e51d2c5212fc90b5',1,0,1331911321,1331911321,1331911321,'66.59.32.130','Mozilla/4.0 (compatible; MSIE 6.0; Update a; AOL 6.0; Windows 98)','','ucp.php?mode=register',1,0,0),('17356b0ad7f64a8feb74c74fb2e2a00b',1,0,1331911386,1331911386,1331911400,'176.100.67.7','Mozilla/4.0 (compatible; MSIE 6.0; Update a; AOL 6.0; Windows 98)','','index.php',1,0,0),('c6bc4337424ad0c77b1083b9078278b3',1,7,1331996593,1331996593,1331996616,'176.8.89.8','Mozilla/4.0 (compatible; MSIE 6.0; Windows NT 5.1; .NET CLR 1.1.4322)','','posting.php?mode=reply&f=7&t=7',1,0,0),('1158155cdc85a76f3f9cb49086e8066b',1,0,1331996277,1331996277,1331996288,'176.36.66.238','Mozilla/4.0 (compatible; MSIE 4.01; Digital AlphaServer 1000A 4/233; Windows NT; Powered By 64-Bit Alpha Processor)','','ucp.php?mode=register',1,0,0),('ccec9270e4263b8269f9fd27996d2a83',1,0,1331911716,1331911716,1331911716,'218.7.191.182','Mozilla/4.0 (compatible; MSIE 6.0; Windows NT 5.1; SV1)','','index.php',1,0,0),('35a83a637e0368fb2b63e7771ad5c4ed',1,0,1331911757,1331911757,1331911757,'193.29.16.99','Mozilla/4.0 (compatible; MSIE 6.0; Windows NT 5.1; en) Opera 8.00','','ucp.php?mode=login',1,0,0),('b3043a3934102b05e1b91bb7f868744d',1,0,1331912284,1331912284,1331912284,'91.217.178.229','Mozilla/4.0 (compatible; MSIE 5.0; Windows 2000) Opera 6.0 [en]','','ucp.php?mode=register',1,0,0),('78387af45b6e4475a5f48352094eb76f',1,0,1331912923,1331912923,1331912923,'91.217.178.229','Mozilla/4.0 (compatible; MSIE 5.5; Windows NT 5.0)','','ucp.php?mode=register+%5BPLM=0%5D%5BR%5D+GET+http://everlook.eu/phpbb/ucp.php?mode=register+%5B0,12805,12277%5D+-%3E+%5BR%5D+POST+http://everlook.eu/phpbb/ucp.php?mode=register+%5B0,15180,15000%5D+-%',1,0,0),('e266ac64948b1aa6b8ebe136581061f2',1,7,1331913658,1331913658,1331913786,'58.22.132.99','Mozilla/4.0 (compatible; MSIE 6.0; Windows XP)','','viewtopic.php?f=7&t=6',1,0,0),('715a0e076c51b971e0307feb18ee964c',1,0,1331913753,1331913753,1331913768,'109.162.59.101','Mozilla/4.0 (compatible; MSIE 6.0; Windows NT 5.1; MyIE2; Deepnet Explorer)','','ucp.php?mode=register',1,0,0),('36bf94c4fbe3b74bebdecdb5d19d78af',1,0,1331913769,1331913769,1331913769,'91.217.178.229','Mozilla/4.0 (compatible; MSIE 6.0; Windows NT 5.1; Q312461)','','ucp.php?mode=register+%5BPLM=0%5D%5BR%5D+GET+http://everlook.eu/phpbb/ucp.php?mode=register+%5B0,12804,12275%5D+-%3E+%5BR%5D+POST+http://everlook.eu/phpbb/ucp.php?mode=register+%5B0,15179,14984%5D+-%',1,0,0),('fe9cf5282d185861d139dc16ff01f316',1,0,1331913989,1331913989,1331914003,'188.165.85.227','Mozilla/4.0 (compatible; MSIE 6.0; Windows NT 5.2; Win64; x64; SV1; .NET CLR 2.0.50727)','','index.php',1,0,0),('1be0229a7b748f8a2bb11fa803c42a66',1,0,1331914697,1331914697,1331914876,'186.219.238.22','Mozilla/2.0 (compatible; MSIE 3.02; Windows CE; 240x320)','','index.php',1,0,0),('089271b99c3b9a57234d639beef24f99',1,7,1331914915,1331914915,1331914984,'94.181.252.66','Mozilla/0.91 Beta (Windows)','','posting.php?mode=reply&f=7&t=6',1,0,0),('8907b941647398a056cca33a7d8e019b',1,7,1331915571,1331915571,1331915576,'69.162.120.58','Opera/7.54 (Windows NT 5.1; U)  [pl]','','posting.php?mode=post&f=7',1,0,0),('9bd246ac0ef6ff622479ad0adb5a6dad',1,0,1331915928,1331915928,1331915964,'125.127.98.0','Mozilla/4.0 (compatible; MSIE 6.0; Windows NT 5.1; SV1; MRA 4.6 (build 01425); MRSPUTNIK 1, 5, 0, 19 SW)','','ucp.php?mode=register',1,0,0),('1462eda342a731b2d5c95a5ff559926a',1,0,1331916457,1331916457,1331916481,'27.47.32.40','Mozilla/6.0 (compatible; MSIE 7.0a1; Windows NT 5.2; SV1)','','ucp.php?mode=register',1,0,0),('2761393443016c080021689767953cdf',1,0,1331916538,1331916538,1331916563,'77.65.48.239','Mozilla/4.0 (compatible; MSIE 5.0; Windows 3.1)','','index.php',1,0,0),('1c745174253e81726ee2b27dd9deaf0b',1,7,1331916731,1331916731,1331916880,'175.44.26.237','Mozilla/4.0 (compatible; MSIE 6.0; AOL 9.0; Windows NT 5.1)','','posting.php?mode=reply&f=7&t=7',1,0,0),('649d6c4a4f5e48daa154ecce6e6ebe11',1,0,1331917018,1331917018,1331917038,'112.111.30.230','Mozilla/4.0 (compatible; MSIE 6.0; Windows NT 5.2; Win64; AMD64)','','ucp.php?mode=register',1,0,0),('2270bf3e1b2a5a8b0bf5dce5d9712fe8',1,0,1331917761,1331917761,1331917761,'91.217.178.229','Mozilla/4.0 (compatible; MSIE 6.0; Windows NT 5.0; APC; .NET CLR 1.0.3705; .NET CLR 1.1.4322; .NET CLR 2.0.50215; InfoPath.1)','','ucp.php?mode=register+%5BPLM=0%5D%5BR%5D+GET+http://everlook.eu/phpbb/ucp.php?mode=register+%5B0,12805,12277%5D+-%3E+%5BR%5D+POST+http://everlook.eu/phpbb/ucp.php?mode=register+%5B0,15180,15000%5D+-%',1,0,0),('0e94b398c68789a189b225543e8e9555',1,0,1331919593,1331919593,1331919678,'60.188.130.37','Mozilla/4.0 (compatible; MSIE 6.0; Windows NT 5.1; SV1; YPC 3.0.2; .NET CLR 1.1.4322; yplus 4.4.02b)','','ucp.php?mode=register',1,0,0),('6ccb56b2b68d6eaeedff903547f46e5b',1,7,1331919887,1331919887,1331919921,'176.8.89.8','Opera/8.00 (Windows NT 5.1; U; en)','','posting.php?mode=reply&f=7&t=94',1,0,0),('a624aa949f0d3c8aa41de02ea3cb5b62',1,0,1331920431,1331920431,1331920463,'125.70.254.66','Mozilla/4.0 (compatible; MSIE 6.0; Windows NT 5.1; .NET CLR 1.0.3705)','','ucp.php?mode=register',1,0,0),('d6d5cfef3b3844803c28cc487e273b0c',1,7,1331920468,1331920468,1331920549,'112.111.190.214','Mozilla/4.0 (compatible; MSIE 6.0; Windows NT 5.1; ru) Opera 8.50','','posting.php?mode=reply&f=7&t=94',1,0,0),('9bde0d412153536fa9b83180eb1ca26e',1,0,1331922026,1331922026,1331922038,'91.103.121.134','Mozilla/4.0 (compatible; MSIE 6.0; Windows NT 5.1; .NET CLR 1.1.4322)','','ucp.php?mode=register',1,0,0),('b4dcd86c9a09fd2562f27b59d4fe1b28',1,0,1331922440,1331922440,1331922459,'222.186.17.99','Mozilla/4.0 (compatible; MSIE 6.0; Windows ME) Opera 7.11  [en]','','ucp.php?mode=register',1,0,0),('c1e8a9e927118b77a245c74ee60b0c09',1,7,1331922472,1331922472,1331922555,'58.240.102.11','Mozilla/4.0 (compatible; MSIE 6.0; Windows NT 5.1; SV1; .NET CLR 1.1.4322) Babya Discoverer  8.0:','','posting.php?mode=reply&f=7&t=6',1,0,0),('1c35444fcb23a24fbec149fa0d3edabd',1,7,1331922551,1331922551,1331922556,'176.212.4.236','Opera/9.0 (Windows NT 5.1; U; en)','','posting.php?mode=post&f=7',1,0,0),('bae6b977b8540ae3ddc82f80f61b16a9',1,7,1331923094,1331923094,1331923101,'109.230.217.46','Mozilla/4.0 (compatible; MSIE 6.0; Windows NT 5.1; SV1; FunWebProducts; MRA 4.6 (build 01425); .NET CLR 1.1.4322; .NET CLR 2.0.50727)','','posting.php?mode=reply&f=7&t=7',1,0,0),('52a6469105ee3b7bcdbf29c285b1d602',1,7,1331923375,1331923375,1331923376,'178.127.249.39','Mozilla/4.0 (compatible; MSIE 6.0; Windows NT 5.2; Win64; AMD64)','','viewforum.php?f=7',1,0,0),('b734f4c2a8842b546a225afcb544eafc',1,7,1331923738,1331923738,1331924199,'220.250.42.129','Mozilla/4.76 [en] (Windows NT 5.0; U)','','posting.php?mode=reply&f=7&t=6',1,0,0),('bf270a238d56384763a864b03f2f1609',1,7,1331924163,1331924163,1331924228,'202.67.226.96','Mozilla/4.0 (compatible; MSIE 6.0; Windows NT 5.2; WOW64; SV1; .NET CLR 2.0.50727)','','posting.php?mode=reply&f=7&t=94',1,0,0),('af1a9e42cff74fb954c6d515711781e6',1,0,1331925006,1331925006,1331925023,'71.223.2.249','Mozilla/4.0 (compatible; MSIE 5.5; Windows NT 5.0; .NET CLR 1.1.4322)','','index.php',1,0,0),('94519e00d5835e54a631bd60b7e19424',1,0,1331925006,1331925006,1331925022,'109.230.220.61','Mozilla/0.91 Beta (Windows)','','index.php',1,0,0),('4afe6647cbe41bcdd3ca094f3970a864',1,0,1331925027,1331925027,1331925038,'59.125.82.23','Mozilla/4.0 (compatible; MSIE 6.0; MSIE 5.5; Windows NT 4.0) Opera 7.0 [en]','','ucp.php?mode=register',1,0,0),('7b83d7f8332dc2af735675441f133cea',1,7,1331925461,1331925461,1331925559,'94.181.252.66','Mozilla/4.0 (compatible; MSIE 6.0; Windows NT 5.1; Q312461)','','posting.php?mode=reply&f=7&t=94',1,0,0),('a9d41138be4bf07008ef2fdf58481b48',1,0,1331926093,1331926093,1331926343,'203.154.19.136','Mozilla/4.0 (compatible; MSIE 6.0; America Online Browser 1.1; rev1.2; Windows NT 5.1; SV1; .NET CLR 1.1.4322)','','ucp.php?mode=register',1,0,0),('3c30e3ef53f69378a1c1b839c2229045',1,0,1331926159,1331926159,1331926171,'178.210.211.254','Mozilla/4.0 (compatible; MSIE 6.0; Windows NT 5.1) Opera 7.54 [en]','','ucp.php?mode=register',1,0,0),('f412e1f4035554317cb8cd24cbd1b7e9',1,0,1331926345,1331926345,1331926356,'80.243.191.66','Mozilla/4.0 (compatible; MSIE 6.0; Windows NT 5.1; SV1; .NET CLR 1.1.4322; XMPP Tiscali Communicator v.10.0.2; .NET CLR 2.0.50727)','','ucp.php?mode=register',1,0,0),('aa62d5f1dbe4926547fba040aa09d98f',1,0,1331926432,1331926432,1331926432,'150.70.64.194','Mozilla/4.0 (compatible; MSIE 6.0; Windows NT 5.1)','','ucp.php?mode=register',1,0,0),('15f19dbb475746664cec7ec1d723ebe2',1,7,1331926477,1331926477,1331926477,'150.70.172.205','Mozilla/4.0 (compatible; MSIE 6.0; Windows NT 5.1)','','viewforum.php?f=7',1,0,0),('6708b0a715f0eb54cc866b794d53bbd8',1,0,1331927223,1331927223,1331927258,'222.186.17.99','Mozilla/4.0 (compatible; MSIE 6.0; Windows NT 5.1; SV1; Media Center PC','','ucp.php?mode=register',1,0,0),('8e17ee53da8cd91e4f357fa19a4b4200',1,0,1331927708,1331927708,1331927767,'58.22.132.99','Mozilla/4.0 (compatible; MSIE 6.0; Windows NT 5.1; KKman2.0)','','ucp.php?mode=register',1,0,0),('f8a05b8d871fbd029faf0da49258ae3f',1,7,1331928496,1331928496,1331928520,'188.143.232.39','Mozilla/4.0 (compatible; MSIE 5.5; Windows NT 4.0)','','posting.php?mode=reply&f=7&t=6',1,0,0),('46b5e3ac97aca98bd11d709833a52a83',1,0,1331929085,1331929085,1331929096,'188.163.108.94','Mozilla/4.0 (compatible; MSIE 6.0; Windows NT 5.1; MyIE2; Deepnet Explorer)','','ucp.php?mode=register',1,0,0),('d67ea7fc2bb63c1219723a18bd98efb1',1,7,1331930056,1331930056,1331930069,'109.230.245.43','Mozilla/4.0 (compatible; MSIE 6.0; Windows NT 5.0; Avant Browser [avantbrowser.com]; Hotbar 4.4.5.0)','','posting.php?mode=reply&f=7&t=6',1,0,0),('5f534c781a59c78d5b9f4c151e58d46d',1,7,1331930626,1331930626,1331930692,'92.39.50.49','Mozilla/4.0 (compatible; MSIE 6.0; Windows NT 5.0)','','posting.php?mode=reply&f=7&t=94',1,0,0),('d0fcecd80ca5f6e0c6dd3ae72b8c0fd5',1,0,1331931538,1331931538,1331931559,'71.223.2.249','Mozilla/6.0 (compatible; MSIE 7.0a1; Windows NT 5.2; SV1)','','ucp.php?mode=register',1,0,0),('562fccc81035a391e0990a18a0b1fb52',1,7,1331931779,1331931779,1331931853,'220.250.42.129','Mozilla/4.0 (compatible; MSIE 6.0; Windows NT 5.2; Win64; AMD64)','','posting.php?mode=reply&f=7&t=7',1,0,0),('5517ae337a677ade5c610d3a1261db1d',1,0,1331932758,1331932758,1331932775,'91.201.64.91','Mozilla/4.0 (compatible; MSIE 6.0; Windows NT 5.1; .NET CLR 1.0.3705)','','ucp.php?mode=register',1,0,0),('a5c285eab1fd327179e620b8aa0596cc',1,0,1331933366,1331933366,1331933394,'94.229.86.105','Mozilla/4.0 (compatible; MSIE 6.0; Windows NT 5.1; en) Opera 8.00','','ucp.php?mode=register',1,0,0),('1e7494a6aa77b77eebef365952a713fd',1,0,1331933907,1331933907,1331933926,'71.223.2.249','Opera/9.00 (Windows NT 4.0; U; en)','','ucp.php?mode=register',1,0,0),('270abf45754c569709f39f9e07e69412',1,0,1331933947,1331933947,1331933968,'126.114.209.108','Mozilla/1.22 (compatible; MSIE 2.0; Windows 95)','','ucp.php?mode=register',1,0,0),('28ddcf3d18bc436a2a52afd37f08a28a',1,0,1331934101,1331934101,1331934162,'91.217.178.228','Mozilla/4.0 (compatible; MSIE 6.0; Windows NT 5.1)','','ucp.php?mode=register',1,0,0),('4883300b22bc3cfa487c5f81a0845834',1,7,1331934338,1331934338,1331934345,'91.214.128.25','Mozilla/4.0 (compatible; MSIE 6.0; Windows NT 5.1; SV1; FunWebProducts; MRA 4.6 (build 01425); .NET CLR 1.1.4322; .NET CLR 2.0.50727)','','posting.php?mode=post&f=7',1,0,0),('5bfd331e07efd5dca61f83f291592f0e',1,0,1331935514,1331935514,1331935537,'94.153.70.248','Mozilla/4.0 (compatible; MSIE 5.5; Windows 95)','','ucp.php?mode=register',1,0,0),('4e3c2123425826b759221eed6cefa682',1,7,1331935861,1331935861,1331935909,'125.127.98.0','Mozilla/4.0 (compatible; MSIE 6.0; Windows NT 5.1; KKman2.0)','','posting.php?mode=reply&f=7&t=7',1,0,0),('d40bf9a788ac0f30f25c2341c01257ba',1,7,1331936412,1331936412,1331936493,'94.181.252.66','Mozilla/4.0 (compatible; MSIE 6.0; Windows NT 5.1; SV1; .NET CLR 1.1.4322) Babya Discoverer  8.0:','','posting.php?mode=reply&f=7&t=6',1,0,0),('a90de2887da38839017e2ab0524841c1',1,0,1331936504,1331936504,1331936566,'190.196.19.94','Opera/8.01 (Windows NT 5.1)','','ucp.php?mode=register',1,0,0),('01fe7a4d57b8ad4da18e6f4386607b72',1,7,1331936957,1331936957,1331937175,'91.217.178.230','Mozilla/4.7 (compatible; OffByOne; Windows 2000) Webster Pro V3.4','','posting.php?mode=reply&f=7&t=6',1,0,0),('3a1287905a39e5ed9bbb713c5c872d2d',1,0,1331937042,1331937042,1331937188,'203.123.33.8','Mozilla/0.91 Beta (Windows)','','ucp.php?mode=register',1,0,0),('8ddb03ea18101ad927e760de5d685381',1,0,1331937552,1331937552,1331937706,'98.235.118.70','Mozilla/4.0 (compatible; MSIE 6.0; Windows NT 5.1)','','ucp.php?mode=register',1,0,0),('7a59fa2b933e6743d053665c88205330',1,0,1331937683,1331937683,1331937711,'49.145.101.183','Mozilla/4.0 (compatible; MSIE 6.0; Windows NT 5.1)','','ucp.php?mode=register',1,0,0),('e5a3aa93206f66521fdcb1b04383649a',1,0,1331937683,1331937683,1331937720,'49.145.101.183','Mozilla/4.0 (compatible; MSIE 6.0; Windows NT 5.1; Deepnet Explorer 1.5.0; .NET CLR 1.0.3705)','','ucp.php?mode=register',1,0,0),('9c16c86b20ca35abeeb2a1f82e748681',1,0,1331937690,1331937690,1331937719,'49.145.101.183','Mozilla/4.0 (compatible; MSIE 5.5; Windows NT 4.0)','','ucp.php?mode=register',1,0,0),('f1f508b6fc0bee9b5081866ccf589dfe',1,0,1331937735,1331937735,1331937773,'219.122.38.109','Mozilla/4.0 (compatible; MSIE 6.0; Windows NT 5.1)','','index.php',1,0,0),('6caecef747f74d747dd791d91401372f',1,0,1331937954,1331937954,1331937976,'31.178.7.2','Mozilla/4.0 (compatible; MSIE 6.0; Windows NT 5.1; MRA 4.6 (build 01425))','','ucp.php?mode=register',1,0,0),('1654452ab3372b6a1632a564ae861924',1,7,1331938321,1331938321,1331938392,'91.217.178.228','Mozilla/4.0 (compatible; MSIE 7.0b; Windows NT 6.0 ; .NET CLR 2.0.50215; SL Commerce Client v1.0; Tablet PC 2.0','','posting.php?mode=post&f=7',1,0,0),('634f6b651eb7c3556fd292a9c9869a0c',1,0,1331938672,1331938672,1331938710,'109.230.220.230','Mozilla/4.0 (compatible; MSIE 6.0; Windows NT 5.1)','','ucp.php?mode=register',1,0,0),('fedad868e9e14b5383177edf8fbbeb2f',1,7,1331938701,1331938701,1331938731,'176.8.89.8','Mozilla/4.0 (compatible; MSIE 5.0; Windows NT; DigExt)','','posting.php?mode=reply&f=7&t=94',1,0,0),('f9345af282afc2c3d54986c3d28849e8',1,7,1331938815,1331938815,1331938845,'110.39.10.247','Opera/7.54 (Windows NT 5.1; U)  [pl]','','posting.php?mode=reply&f=7&t=6',1,0,0),('e93e4e7f02bbf99f3f97c956c9b8ad6c',1,0,1331939098,1331939098,1331939116,'110.34.134.108','Opera/7.11 (Windows NT 5.1; U) [en]','','index.php',1,0,0),('227c9a1288d775080c7b60817253e1ce',1,0,1331939200,1331939200,1331939227,'189.110.236.97','Mozilla/4.0 (compatible; MSIE 4.01; Digital AlphaServer 1000A 4/233; Windows NT; Powered By 64-Bit Alpha Processor)','','ucp.php?mode=register',1,0,0),('6425b388e0aaf232141aeeb120dc78ba',1,7,1331940043,1331940043,1331940064,'76.164.222.35','Mozilla/4.0 (compatible; MSIE 6.0; Windows NT 5.1; MyIE2; Deepnet Explorer)','','posting.php?mode=post&f=7',1,0,0),('89895dace2d389bda384c9474d559afb',1,0,1331940219,1331940219,1331940233,'46.160.125.41','Mozilla/0.91 Beta (Windows)','','ucp.php?mode=register',1,0,0),('d51dd1ff6bd6bec7b228a95376b6f836',1,7,1331940497,1331940497,1331940506,'176.212.4.236','Mozilla/4.0 (compatible; MSIE 6.0; Windows NT 5.1; ru) Opera 8.01','','posting.php?mode=post&f=7',1,0,0),('905beced98dbc1dc4b71f50a9825d5e8',1,0,1331940616,1331940616,1331940663,'93.182.180.22','Mozilla/4.0 (compatible; MSIE 6.0; Windows NT 5.1; SV1; .NET CLR 1.1.4322) Babya Discoverer  8.0:','','ucp.php?mode=register',1,0,0),('27ecdcafe160783c41ead032d454c6c0',1,0,1331941357,1331941357,1331941384,'222.187.223.112','Mozilla/4.0 (compatible; MSIE 6.0; Windows NT 5.1; SV1; .NET CLR 1.1.4322) Babya Discoverer  8.0:','','ucp.php?mode=register',1,0,0),('658b048daaeb5e6c3240aa957d15fb03',1,7,1331941863,1331941863,1331942093,'91.217.178.235','Mozilla/4.0 (compatible; MSIE 6.0; Windows NT 5.1; FREE; .NET CLR 1.1.4322)','','posting.php?mode=reply&f=7&t=248',1,0,0),('eac6769019620d91cb059a8e1dfa0d08',1,0,1331943069,1331943069,1331943106,'91.217.178.223','Mozilla/4.0 (compatible; MSIE 6.0; Windows NT 5.1; SV1; FunWebProducts; MRA 4.6 (build 01425); .NET CLR 1.1.4322; .NET CLR 2.0.50727)','','index.php',1,0,0),('cee920cc6cf5ea9320b2bd61a12a8f07',1,0,1331943110,1331943110,1331943160,'178.204.228.155','Mozilla/4.0 (compatible; MSIE 6.0; America Online Browser 1.1; rev1.2; Windows NT 5.1; SV1; .NET CLR 1.1.4322)','','ucp.php?mode=register',1,0,0),('03a22c0b6ea0886c84c4cf1a55eef749',1,0,1331943394,1331943394,1331943419,'222.186.17.99','Mozilla/4.0 (compatible; MSIE 5.5; Windows NT 4.0; .NET CLR 1.0.2914)','','ucp.php?mode=register',1,0,0),('d8489b820c7f7424faace6877ca740b2',1,0,1331943477,1331943477,1331943487,'109.230.246.41','Mozilla/4.0 (compatible; MSIE 6.0; Windows NT 5.2; Win64; AMD64)','','ucp.php?mode=register',1,0,0),('3dfa50af98835f28673b7014a3aef96e',1,0,1331944307,1331944307,1331944319,'178.33.146.254','Mozilla/4.0 (compatible; MSIE 6.0; Windows NT 5.2; Win64; AMD64)','','ucp.php?mode=register',1,0,0),('8854b2cddffe85be4efe3b85f3e35406',1,0,1331944613,1331944613,1331944712,'46.17.98.222','Mozilla/4.0 (compatible; MSIE 6.0; Windows NT 5.1) Opera 7.54 [en]','','ucp.php?mode=register',1,0,0),('b1a488d6b8104504b0404e4348798219',1,7,1331945032,1331945032,1331945087,'91.217.178.230','Mozilla/4.0 (compatible; MSIE 6.0; Windows NT 5.0; APC; .NET CLR 1.0.3705; .NET CLR 1.1.4322; .NET CLR 2.0.50215; InfoPath.1)','','posting.php?mode=post&f=7',1,0,0),('64c9bda20bfb0e2c755069cd9218ad07',1,7,1331945043,1331945043,1331945223,'91.217.178.230','Mozilla/4.0 (compatible; MSIE 6.0; Windows NT 5.1; TheFreeDictionary.com; .NET CLR 1.1.4322; .NET CLR 1.0.3705; .NET CLR 2.0.50727)','','posting.php?mode=reply&f=7&t=6',1,0,0),('9d9cd9b73c08af476ee9ef79a7667a31',1,7,1331945094,1331945094,1331945281,'91.217.178.230','Mozilla/0.91 Beta (Windows)','','posting.php?mode=reply&f=7&t=7',1,0,0),('300d5f107beb0102049948a0dec53b77',1,7,1331945097,1331945097,1331945153,'91.217.178.230','Mozilla/4.0 (compatible; MSIE 6.0; Windows NT 5.2; Win64; x64; SV1; .NET CLR 2.0.50727)','','posting.php?mode=post&f=7',1,0,0),('5ca6cbea58013ce7da7d49c88cb5d924',1,0,1331945364,1331945364,1331945376,'188.244.40.2','Mozilla/4.0 (compatible; MSIE 6.0; Windows 98; Win 9x 4.90; Creative)','','ucp.php?mode=register',1,0,0),('332d43817c9ed0d57bdc9a9052bda290',1,7,1331945571,1331945571,1331945577,'109.73.76.39','Mozilla/4.0 (compatible; MSIE 6.0; Windows NT 5.2; Win64; AMD64)','','posting.php?mode=reply&f=7&t=7',1,0,0),('45ee2dfd92b661b2c01c3d5e6cbe57f4',1,7,1331946054,1331946054,1331946100,'94.181.252.66','Mozilla/4.0 (compatible; MSIE 6.0; Update a; AOL 6.0; Windows 98)','','posting.php?mode=reply&f=7&t=248',1,0,0),('10e46b849edeaf7dc9c02b03fdf67113',1,0,1331946164,1331946164,1331946193,'109.230.213.44','Mozilla/4.0 (compatible; MSIE 6.0; Update a; AOL 6.0; Windows 98)','','index.php',1,0,0),('3b4ccc5efa53fd7f6a4f626fe1b69e5a',1,0,1331946287,1331946287,1331946317,'222.67.170.166','Mozilla/6.0 (compatible; MSIE 7.0a1; Windows NT 5.2; SV1)','','index.php',1,0,0),('0371de3f4ae3ee1ac7c4d11bca0223f5',1,7,1331946437,1331946437,1331946515,'91.217.178.228','Mozilla/4.0 (compatible; MSIE 6.0; Update a; AOL 6.0; Windows 98)','','posting.php?mode=reply&f=7&t=94',1,0,0),('7996fa3174a8362418cc78930bfaf240',1,0,1331946463,1331946463,1331946475,'176.8.91.36','Mozilla/4.0 (compatible; MSIE 6.0; Windows NT 5.1; Q312461)','','index.php',1,0,0),('0a8b887035b6c1024b0826b152a6154d',1,7,1331947439,1331947439,1331947485,'193.105.210.98','Mozilla/4.0 (compatible; MSIE 5.5; Windows NT 4.0; .NET CLR 1.0.2914)','','posting.php?mode=reply&f=7&t=94',1,0,0),('91c40b632596ec49ed598ce56f79a861',1,7,1331947661,1331947661,1331947753,'175.44.1.150','Mozilla/4.0 (compatible; MSIE 7.0; Windows NT 5.1; SV1; .NET CLR 2.0.50727)','','posting.php?mode=reply&f=7&t=6',1,0,0),('60243ea39142bc5f60e20394e243011f',1,7,1331948229,1331948229,1331948266,'91.217.178.228','Mozilla/4.0 (compatible; MSIE 6.0; Windows NT 5.2; Win64; x64; SV1; .NET CLR 2.0.50727)','','posting.php?mode=reply&f=7&t=6',1,0,0),('e58618fc58e4a896b2a892daeedea8c7',1,0,1331948434,1331948434,1331948434,'112.111.168.224','Mozilla/4.0 (compatible; MSIE 6.0; Windows NT 5.1; SV1; YPC 3.0.2; .NET CLR 1.1.4322; yplus 4.4.02b)','','index.php',1,0,0),('f3719f7970f3276dd271a10b52dc6485',1,7,1331948646,1331948646,1331948817,'112.111.191.195','Mozilla/4.0 (compatible; MSIE 4.01; Digital AlphaServer 1000A 4/233; Windows NT; Powered By 64-Bit Alpha Processor)','','posting.php?mode=reply&f=7&t=6',1,0,0),('74b86ed46aa129e34b665390ddfcef86',1,7,1331948924,1331948924,1331949062,'175.44.0.88','Mozilla/4.0 (compatible; MSIE 6.0; Windows NT 5.1; FREE; .NET CLR 1.1.4322)','','posting.php?mode=reply&f=7&t=7',1,0,0),('7ad1ea2013e4a5e7be8c309bd37c8f19',1,0,1331949585,1331949585,1331949598,'205.213.195.70','Mozilla/4.0 (compatible; MSIE 5.0; Windows 3.1)','','ucp.php?mode=register',1,0,0),('e806d3cae903b97f2b019fd2c160db87',1,7,1331949855,1331949855,1331949950,'117.26.203.105','Mozilla/4.0 (compatible; MSIE 6.0; Windows NT 5.1; Q312461)','','posting.php?mode=reply&f=7&t=7',1,0,0),('990bc82c37304c19a5931455b3283825',1,0,1331950015,1331950015,1331950029,'31.178.7.2','Mozilla/4.0 (compatible; MSIE 6.0; Windows XP)','','index.php',1,0,0),('220f655295b58dcc27de82305b4cd22d',1,7,1331950343,1331950343,1331950369,'58.221.42.119','Mozilla/4.0 (compatible; MSIE 5.5; Windows NT 4.0)','','viewtopic.php?f=7&t=7&view=previous',1,0,0),('58c5af0724f6f059082562d3142ddc7e',1,7,1331950471,1331950471,1331950617,'209.163.228.245','Mozilla/4.0 (compatible; MSIE 5.5; Windows NT 4.0)','','posting.php?mode=reply&f=7&t=6',1,0,0),('9ca8a898f24ba17db43f1e2dea37f9c1',1,7,1331950557,1331950557,1331950561,'199.168.142.166','Mozilla/4.0 (compatible; MSIE 6.0; Windows NT 5.1; Deepnet Explorer 1.5.0; .NET CLR 1.0.3705)','','posting.php?mode=post&f=7',1,0,0),('1d7bde1aeea4fa65054ddbdf919de359',1,0,1331950730,1331950730,1331950730,'49.212.13.55','Mozilla/4.0 (compatible; MSIE 6.0; Windows NT 5.1; SV1; .NET CLR 1.1.4322; XMPP Tiscali Communicator v.10.0.2; .NET CLR 2.0.50727)','','ucp.php?mode=register',1,0,0),('db3d81c94d920c90b445ddee8ca275f2',1,7,1331951007,1331951007,1331951135,'91.217.178.230','Mozilla/2.0 (compatible; MSIE 3.02; Windows CE; 240x320)','','posting.php?mode=reply&f=7&t=248',1,0,0),('d9f0456499e021a5b99d727630950832',1,0,1331951263,1331951263,1331951280,'188.227.181.210','Mozilla/4.0 (compatible; MSIE 6.0; Windows NT 5.1; en) Opera 8.00','','ucp.php?mode=register',1,0,0),('23e0d5ba3d37183753895ff929061b6f',1,0,1331951746,1331951746,1331951768,'188.165.194.123','Mozilla/4.7 (compatible; OffByOne; Windows 2000) Webster Pro V3.4','','ucp.php?mode=register',1,0,0),('590c113e26948d3792c878d79fba8c16',1,7,1331952305,1331952305,1331952602,'58.22.150.86','Mozilla/4.0 (compatible; MSIE 6.0; Windows NT 5.1; SV1; .NET CLR 1.1.4322; .NET CLR 2.0.50727)','','posting.php?mode=reply&f=7&t=94',1,0,0),('c453809fcb00376bcab76960aed74b2f',1,0,1331952379,1331952379,1331952402,'91.217.178.234','Mozilla/0.91 Beta (Windows)','','ucp.php?mode=register',1,0,0),('88cb16f813d1c1cec52c7510ef145b53',1,0,1331953205,1331953205,1331953232,'218.6.15.112','Mozilla/4.0 (compatible; MSIE 6.0; Windows NT 5.1; SV1; .NET CLR 1.1.4322) Babya Discoverer  8.0:','','index.php',1,0,0),('3fabecf980c86d80fb9fc0a45e3e98ac',1,0,1331954575,1331954575,1331954595,'176.40.252.61','Mozilla/4.0 (compatible; MSIE 6.0; Windows NT 5.1; TheFreeDictionary.com; .NET CLR 1.1.4322; .NET CLR 1.0.3705; .NET CLR 2.0.50727)','','ucp.php?mode=register',1,0,0),('22e88e6d617484ea21b48e1ffbb35ad9',1,0,1331955672,1331955672,1331955683,'109.230.220.236','Opera/9.01 (Windows NT 5.1; U; en)','','ucp.php?mode=register',1,0,0),('f5b9d5af2520b8533ae84bbc45e95034',1,7,1331955713,1331955713,1331955781,'94.181.252.66','Mozilla/4.0 (compatible; MSIE 6.0; Windows NT 5.0; Avant Browser [avantbrowser.com]; Hotbar 4.4.5.0)','','posting.php?mode=reply&f=7&t=7',1,0,0),('afe13c2261e6c15654daec1b3fafd3f2',1,0,1331955907,1331955907,1331955918,'46.17.96.204','Mozilla/4.0 (compatible; MSIE 6.0; Windows NT 5.1; Maxthon; .NET CLR 1.1.4322)','','ucp.php?mode=confirm&confirm_id=aec2a2b53ddf17f530b92b237717481d&type=1',1,0,0),('2fdc9300cf51af4c23360c71fb1f3ea9',1,7,1331956538,1331956538,1331956581,'60.188.130.37','Mozilla/4.0 (compatible; MSIE 6.0; Windows NT 5.0)','','posting.php?mode=reply&f=7&t=6',1,0,0),('a42f99dddcb19b5d1caf439161d35aaa',1,0,1331957228,1331957228,1331957346,'93.85.149.102','Mozilla/5.0 (Windows NT 5.1; U; en) Opera 8.00','','ucp.php?mode=register',1,0,0),('2fdc94007f6ad61b9468d4f4c032ba75',1,0,1331957411,1331957411,1331957440,'109.230.245.40','Opera/9.01 (Windows NT 5.1; U; en)','','ucp.php?mode=register',1,0,0),('2b33945cd8b37af664a2db6ffac605da',1,0,1331957960,1331957960,1331957977,'91.206.252.226','Mozilla/4.0 (compatible; MSIE 6.0; Windows NT 5.1)','','ucp.php?mode=register',1,0,0),('fc72d04b4302eb93cbcff28f28b4772c',1,7,1331958348,1331958348,1331958364,'88.169.192.170','Mozilla/4.0 (compatible; MSIE 7.0b; Windows NT 6.0)','','posting.php?mode=reply&f=7&t=7',1,0,0),('7670151e13886e7607edbeb13dc77cea',1,7,1331958479,1331958479,1331958594,'175.44.1.150','Mozilla/5.0 (Windows NT 5.1; U; en) Opera 8.01','','posting.php?mode=reply&f=7&t=94',1,0,0),('d976f7d98ed4a167aa9b4043a7b24d3d',1,7,1331958485,1331958485,1331958514,'176.8.89.8','Mozilla/4.0 (compatible; MSIE 5.5; Windows NT 5.0)','','posting.php?mode=reply&f=7&t=248',1,0,0),('9aad62dc1ab602bba5cad0c55a33e750',1,7,1331958542,1331958542,1331958561,'95.65.75.160','Mozilla/4.0 (compatible; MSIE 5.5; Windows 95; BCD2000)','','posting.php?mode=reply&f=7&t=6',1,0,0),('bb956048f86eac40e2f818978e9d14b2',1,7,1331958741,1331958741,1331958745,'176.212.4.236','Mozilla/4.0 (compatible; MSIE 6.0; Windows NT 5.1; SV1; .NET CLR 1.1.4322)','','posting.php?mode=post&f=7',1,0,0),('5cff18407b69dc70199c34d6135dc2e2',1,0,1331959413,1331959413,1331959430,'71.223.2.249','Mozilla/1.22 (compatible; MSIE 2.0; Windows 95)','','ucp.php?mode=register',1,0,0),('7bb0d547fe620b10b13724c7ca7cf9e0',1,7,1331959521,1331959521,1331959537,'220.161.150.114','Mozilla/4.0 (compatible; MSIE 6.0; Windows NT 5.1; Q312461)','','posting.php?mode=reply&f=7&t=7',1,0,0),('28d91d82c46f394bb02a7672eba0b586',1,0,1331960798,1331960798,1331960798,'24.154.41.67','','','index.php',1,0,0),('ed59ce33d99e7c02ad3d34fd05019478',1,0,1331960853,1331960853,1331960926,'112.111.168.224','Mozilla/4.79 [en] (Windows NT 5.0; U)','','ucp.php?mode=register',1,0,0),('599b4f6474a0b684ae32c5e47e4dc2f2',1,0,1331961345,1331961345,1331961358,'46.0.30.30','Mozilla/4.0 (compatible; MSIE 6.0; Windows NT 5.1; SV1; .NET CLR 1.1.4322) Babya Discoverer  8.0:','','ucp.php?mode=register',1,0,0),('63fb5ee973bc564dfc61cd18c546cfb1',1,7,1331961551,1331961551,1331961719,'112.111.191.195','Mozilla/4.0 (compatible; MSIE 6.0; Windows NT 5.1; SV1; .NET CLR 1.1.4322; XMPP Tiscali Communicator v.10.0.2; .NET CLR 2.0.50727)','','posting.php?mode=reply&f=7&t=6',1,0,0),('9df9d94a8d9d1bdfc37fdbd6f5b5be40',1,7,1331962229,1331962229,1331962404,'175.44.0.88','Mozilla/4.0 (compatible; MSIE 6.0; Windows NT 5.0; .NET CLR 1.0.3705; .NET CLR 1.1.4322)','','posting.php?mode=reply&f=7&t=7',1,0,0),('db2b487f46bfc2d3b6ed1a2a12a39da1',1,0,1331963623,1331963623,1331963659,'58.213.46.202','Mozilla/4.0 (compatible; MSIE 6.0; Windows NT 5.1; SV1; MRA 4.6 (build 01425); MRSPUTNIK 1, 5, 0, 19 SW)','','ucp.php?mode=register',1,0,0),('93e1d8bf21f92667ceafe24867958e96',1,7,1331965386,1331965386,1331965476,'112.111.188.36','Mozilla/4.0 (compatible; MSIE 6.0; Windows NT 5.0)','','posting.php?mode=reply&f=7&t=7',1,0,0),('6341ea25bcb1a2fa28c8fe80c4d5f6b5',1,7,1331965401,1331965401,1331965501,'120.40.149.84','Mozilla/0.6 Beta (Windows)','','posting.php?mode=reply&f=7&t=6',1,0,0),('60c7c1ca0e2ca9d5947a2b5fcd76df39',1,0,1331996094,1331996094,1331996323,'175.44.1.61','Mozilla/4.0 (compatible; MSIE 5.5; Windows 95; BCD2000)','','ucp.php?mode=register',1,0,0),('dc3c3434fb06a450388a1da390e85a8b',1,7,1331965419,1331965419,1331965490,'94.181.252.66','Mozilla/4.0 (compatible; MSIE 5.0; Windows 3.1)','','posting.php?mode=reply&f=7&t=7',1,0,0),('6d92205d9a9e5ba1ddd620af60137ee2',1,7,1331965611,1331965611,1331965771,'175.42.90.212','Opera/7.54 (Windows NT 5.1; U)  [pl]','','posting.php?mode=reply&f=7&t=6',1,0,0),('4ef0b7682d264668e027ee359168c55d',1,0,1331965750,1331965750,1331965776,'182.40.77.72','Mozilla/4.0 (compatible; MSIE 6.0; Windows NT 5.0)','','index.php',1,0,0),('9c92c2af3623393887b55896064874db',1,18,1331965903,1331965903,1331966023,'175.44.24.85','Mozilla/4.0 (compatible; MSIE 5.5; Windows NT 4.0)','','viewforum.php?f=18',1,0,0),('8bab47e83d72e4159cc2bf36ee5b0e8c',1,7,1331965956,1331965956,1331966074,'175.44.24.255','Mozilla/4.0 (compatible; MSIE 6.0; Windows NT 5.1; SV1; FunWebProducts; MRA 4.6 (build 01425); .NET CLR 1.1.4322; .NET CLR 2.0.50727)','','posting.php?mode=reply&f=7&t=94',1,0,0),('8e64ab00fb51abc5ecb2400c5b7178d6',1,0,1331966482,1331966482,1331966513,'178.250.47.252','Mozilla/1.22 (compatible; MSIE 2.0d; Windows NT)','','index.php',1,0,0),('13ff784f573376f1033126abe38a5bc7',1,0,1331966914,1331966914,1331966932,'178.32.96.179','Mozilla/4.0 (compatible; MSIE 5.0; Windows NT; DigExt)','','ucp.php?mode=register',1,0,0),('4708103b73112f297447c9409a297df4',1,0,1331967114,1331967114,1331967127,'205.213.195.70','Mozilla/4.0 (compatible; MSIE 6.0; Windows NT 5.1; en) Opera 8.00','','ucp.php?mode=register',1,0,0),('5db09e6d45cb7a626cad3b74e7378972',1,0,1331969319,1331969319,1331969379,'92.39.50.44','Mozilla/4.0 (compatible; MSIE 5.5; Windows NT 4.0; .NET CLR 1.0.2914)','','index.php',1,0,0),('e44f36ea40df9aabdaf5dbf016f2a7e7',1,7,1331969492,1331969492,1331969495,'195.54.209.132','Mozilla/4.0 (compatible; MSIE 6.0; Windows NT 5.1; SV1; InfoPath.1','','posting.php?mode=reply&f=7&t=248',1,0,0),('7e2d4209c3af9109e4d4b201f8d6b505',1,7,1331969864,1331969864,1331970052,'58.22.150.86','Mozilla/4.0 (compatible; MSIE 6.0; Windows NT 5.1)','','viewforum.php?f=7',1,0,0),('ab4733e932b53af6834a5702870ba229',1,0,1331971425,1331971425,1331971439,'178.137.161.71','Mozilla/0.6 Beta (Windows)','','index.php',1,0,0),('6568ea78a8c1ac288964c1f707338f2c',1,7,1331971955,1331971955,1331971996,'220.161.150.114','Mozilla/4.0 (compatible; MSIE 6.0; Windows NT 5.0; Avant Browser [avantbrowser.com]; Hotbar 4.4.5.0)','','posting.php?mode=reply&f=7&t=6',1,0,0),('4e6c67462ad2948dc008740603854f83',1,7,1331972597,1331972597,1331972619,'77.31.63.191','Mozilla/0.6 Beta (Windows)','','posting.php?mode=reply&f=7&t=7',1,0,0),('183bf432421538134918f0cf5c33c632',1,0,1331972607,1331972607,1331972654,'218.186.15.236','Mozilla/4.0 (compatible; MSIE 6.0; Windows NT 5.1; MRA 4.3 (build 01218); .NET CLR 1.1.4322)','','index.php',1,0,0),('615e8cf4f0215155c2a14c1fd967b817',1,7,1331972747,1331972747,1331972807,'91.217.178.228','Mozilla/2.0 (compatible; MSIE 3.02; Windows CE; 240x320)','','posting.php?mode=post&f=7',1,0,0),('1fd551871e3f8daa33231d47b0985b44',1,7,1331972839,1331972839,1331972854,'109.230.217.187','Mozilla/4.0 (compatible; MSIE 6.0; Windows NT) ::ELNSB50::000061100320025802a00111000000000507000900000000','','posting.php?mode=reply&f=7&t=94',1,0,0),('3db9ad692c61e698c3194f3f3a4854e4',1,7,1331973238,1331973238,1331973460,'175.44.1.101','Mozilla/4.0 (compatible; MSIE 5.0; Windows NT; DigExt)','','posting.php?mode=reply&f=7&t=94',1,0,0),('3cf9a7af82a14ce423523acc80372a3c',1,0,1331973263,1331973263,1331973263,'41.190.16.17','Mozilla/4.0 (compatible; MSIE 6.0; Windows NT 5.1; .NET CLR 1.1.4322; FDM)','','index.php',1,0,0),('27a0c095a65fb214ffe0974944203e9a',1,0,1331973266,1331973266,1331973300,'116.112.66.102','Mozilla/4.0 (compatible; MSIE 6.0; Windows NT 5.1; .NET CLR 1.1.4322; FDM)','','ucp.php?mode=register',1,0,0),('a9f8e9fe18c181223949d7af3b738b2d',1,0,1331973345,1331973345,1331973387,'220.250.42.129','Mozilla/4.0 (compatible; MSIE 6.0; Update a; AOL 6.0; Windows 98)','','index.php',1,0,0),('6060f6650470f56688a3c424834d1a5b',1,0,1331973823,1331973823,1331973823,'175.44.12.102','Mozilla/4.0 (compatible; MSIE 5.0; Windows 95) Opera 6.01  [en]','','ucp.php?mode=register',1,0,0),('b9be74bec064097c477d353cf4ff221e',1,0,1331973914,1331973914,1331973943,'91.217.178.230','Mozilla/4.0 (compatible; MSIE 6.0; Windows NT 5.2; SV1; .NET CLR 1.1.4322; .NET CLR 2.0.50727)','','ucp.php?mode=register',1,0,0),('819667f9e1ccba716919f8ae2947858e',1,0,1331974374,1331974374,1331974385,'88.190.33.224','Mozilla/4.0 (compatible; MSIE 6.0; Windows NT 5.1; MRA 4.6 (build 01425))','','ucp.php?mode=register',1,0,0),('f7f276d46f702c97beed6ba3278a945e',1,0,1331974975,1331974975,1331974992,'178.250.47.252','Mozilla/4.0 (compatible; MSIE 6.0; Windows NT 5.1; KKman2.0)','','index.php',1,0,0),('12d87e479c08cfb01bb201488dbe0d61',1,7,1331975121,1331975121,1331975153,'173.208.214.58','Mozilla/4.0 (compatible; MSIE 7.0; Windows NT 5.1; SV1; .NET CLR 2.0.50727)','','posting.php?mode=reply&f=7&t=6',1,0,0),('32d3287f385a205977a9a02d9a1d51a6',1,0,1331975175,1331975175,1331975175,'124.73.7.114','Mozilla/5.0 (Windows NT 5.1; U; en) Opera 8.01','','index.php',1,0,0),('c7f33159849abab7e403c8be4e2af48e',1,0,1331975274,1331975274,1331975286,'188.163.65.200','Mozilla/4.0 (compatible; MSIE 5.5; Windows 95)','','ucp.php?mode=register',1,0,0),('fab3e34f35989ea7032184b1e7c2f8d2',1,0,1331975431,1331975431,1331975443,'188.138.149.40','Mozilla/4.0 (compatible; MSIE 5.0; Windows 2000) Opera 6.0 [en]','','ucp.php?mode=register',1,0,0),('9f66dc9ab64b33718713117e3293e2a9',1,7,1331975449,1331975449,1331975519,'220.161.150.70','Mozilla/4.0 (compatible; MSIE 6.0; Windows NT 5.1; .NET CLR 1.1.4322)','','posting.php?mode=reply&f=7&t=6',1,0,0),('4492cc9665ea7e1edd277dd72f8c4a4d',1,0,1331975496,1331975496,1331975515,'109.225.208.156','Mozilla/4.0 (compatible; MSIE 6.0; Windows NT 5.2; Win64; AMD64)','','ucp.php?mode=register',1,0,0),('9f033531e0165d369787b123c3830428',1,0,1331975700,1331975700,1331975723,'222.186.17.99','Mozilla/4.0 (compatible; MSIE 6.0; Windows NT 5.1; SV1; .NET CLR 1.1.4322) NS8/0.9.6','','ucp.php?mode=register',1,0,0),('2625d75187957bbe44ff5ce2f13d9b22',1,0,1331977432,1331977432,1331977464,'178.137.195.10','Mozilla/4.0 (compatible; Powermarks/3.5; Windows 95/98/2000/NT)','','index.php',1,0,0),('7f84aa048f4f23d88885be232f48e86e',1,7,1331977821,1331977821,1331977844,'109.87.181.220','Mozilla/4.0 (compatible; MSIE 6.0; Windows NT 5.0; Avant Browser [avantbrowser.com]; Hotbar 4.4.5.0)','','posting.php?mode=reply&f=7&t=248',1,0,0),('8cf58066b0ec51ebaf15384911a93d16',1,7,1331977905,1331977905,1331978030,'112.111.188.36','Mozilla/4.0 (compatible; MSIE 6.0; AOL 9.0; Windows NT 5.1)','','posting.php?mode=reply&f=7&t=6',1,0,0),('8e565df91d5e53a65037ba21909ff8fd',1,0,1331977906,1331977906,1331977966,'58.22.142.37','Mozilla/2.0 (compatible; MSIE 3.02; Windows CE; 240x320)','','ucp.php?mode=register',1,0,0),('5a93875386c0ac201c06a04212c116a7',1,0,1331977968,1331977968,1331977994,'46.246.21.218','Mozilla/4.0 (compatible; MSIE 7.0b; Windows NT 6.0)','','ucp.php?mode=register',1,0,0),('213d4a676e25fbabd6ac00e41a7ef50b',1,7,1331978229,1331978229,1331978281,'220.161.150.114','Mozilla/4.0 (compatible; Powermarks/3.5; Windows 95/98/2000/NT)','','posting.php?mode=reply&f=7&t=248',1,0,0),('ff7b897312528baa88a0558faf81dbf2',1,7,1331978279,1331978279,1331978370,'175.42.90.212','Mozilla/4.0 (compatible; MSIE 6.0; Windows NT 5.1; SV1; FunWebProducts; MRA 4.6 (build 01425); .NET CLR 1.1.4322; .NET CLR 2.0.50727)','','posting.php?mode=reply&f=7&t=7',1,0,0),('4ba58b5c46aa57ebba8112b32587fa43',1,0,1331996002,1331996002,1331996028,'117.26.200.235','Mozilla/4.0 (compatible; MSIE 6.0; Windows NT 5.1; SV1)','','index.php',1,0,0),('56bc33c3caea0a40b743e46bdbb34cff',1,0,1331978307,1331978307,1331978329,'208.66.72.114','Mozilla/4.0 (compatible; MSIE 6.0; Windows NT 5.1; SV1; YPC 3.0.2; .NET CLR 1.1.4322; yplus 4.4.02b)','','ucp.php?mode=register',1,0,0),('c1e4fd4708a36b53d9761794b3787ea9',1,7,1331978585,1331978585,1331978648,'175.44.24.85','Opera/8.00 (Windows NT 5.1; U; en)','','posting.php?mode=reply&f=7&t=248',1,0,0),('42e627ba11461b04cb7c4ad72f5cc412',1,7,1331978691,1331978691,1331978714,'176.8.89.8','Mozilla/4.0 (compatible; MSIE 7.0; Windows NT 5.1; SV1; .NET CLR 2.0.50727)','','posting.php?mode=reply&f=7&t=248',1,0,0),('8f6c2b9dd7dcae32c12dcf899ac55ddf',1,7,1331978711,1331978711,1331978851,'175.44.24.255','Mozilla/4.0 (compatible; MSIE 6.0; Windows NT 5.0; APC; .NET CLR 1.0.3705; .NET CLR 1.1.4322; .NET CLR 2.0.50215; InfoPath.1)','','posting.php?mode=reply&f=7&t=7',1,0,0),('e5112685d40523efd8f7e3b7d93a26ae',1,0,1331979341,1331979341,1331979387,'112.111.30.230','Mozilla/4.0 (compatible; MSIE 4.01; Digital AlphaServer 1000A 4/233; Windows NT; Powered By 64-Bit Alpha Processor)','','index.php',1,0,0),('f895ae7f4f4e599c0b8459f768308a8c',1,7,1331979846,1331979846,1331979872,'176.212.2.159','Mozilla/4.0 (compatible; MSIE 5.5; Windows NT 5.0)','','posting.php?mode=reply&f=7&t=94',1,0,0),('beb2c8709bd76cfc412f82561afa9222',1,18,1331980177,1331980177,1331980193,'117.239.30.104','Mozilla/4.0 (compatible; MSIE 6.0; Windows NT 5.1; Deepnet Explorer 1.5.0; .NET CLR 1.0.3705)','','viewforum.php?f=18',1,0,0),('4a95c0435d2556d1a3719ab15022a476',1,7,1331980296,1331980296,1331980321,'178.137.18.72','Mozilla/4.0 (compatible; MSIE 6.0; Windows NT 5.1; ru) Opera 8.01','','posting.php?mode=reply&f=7&t=94',1,0,0),('a45ce8e0047417fc6106aea5007448db',1,0,1331980499,1331980499,1331980524,'222.67.170.166','Mozilla/4.0 (compatible; MSIE 6.0; Windows NT 5.1; Q312461)','','index.php',1,0,0),('d283f1a5992a5ddad083b00d182d21b7',1,7,1331980796,1331980796,1331980880,'91.217.178.228','Mozilla/4.0 (compatible; MSIE 6.0; Windows NT 5.1; FREE; .NET CLR 1.1.4322)','','posting.php?mode=post&f=7',1,0,0),('f59f3b89eae80d4d4411f2e3ac42bf2f',1,7,1331980844,1331980844,1331980866,'46.246.73.218','Mozilla/4.0 (compatible; MSIE 6.0; Windows NT 5.1; Deepnet Explorer 1.5.0; .NET CLR 1.0.3705)','','viewforum.php?f=7',1,0,0),('42f46f13d4193e01afd7a63904cd4813',1,7,1331980893,1331980893,1331981007,'91.217.178.228','Mozilla/4.0 (compatible; MSIE 5.0; Windows 2000) Opera 6.0 [en]','','posting.php?mode=reply&f=7&t=248',1,0,0),('40b049fc738b96fcd24ad41438b16774',1,7,1331981347,1331981347,1331981390,'208.66.75.162','Mozilla/4.0 (compatible; MSIE 7.0b; Windows NT 6.0)','','posting.php?mode=reply&f=7&t=94',1,0,0),('f7802eb7b9dbce0e2e2eb618d07b1457',1,0,1331981454,1331981454,1331981511,'91.217.178.235','Mozilla/4.0 (compatible; MSIE 5.5; Windows NT 5.0; .NET CLR 1.1.4322)','','ucp.php?mode=register',1,0,0),('a1ea85496b86ef7128feb7146a460972',1,0,1331981941,1331981941,1331981976,'61.190.28.166','Mozilla/1.22 (compatible; MSIE 2.0d; Windows NT)','','index.php',1,0,0),('702887f5c1934e39f0128836d18cdc5d',1,7,1331982021,1331982021,1331982094,'91.217.178.230','Mozilla/4.0 (compatible; MSIE 6.0; Windows NT 5.0; APC; .NET CLR 1.0.3705; .NET CLR 1.1.4322; .NET CLR 2.0.50215; InfoPath.1)','','posting.php?mode=reply&f=7&t=6',1,0,0),('2b665324d4d1caf23c9a8d8db29d7906',1,7,1331982086,1331982086,1331982221,'91.217.178.230','Mozilla/4.79 [en] (Windows NT 5.0; U)','','posting.php?mode=reply&f=7&t=7',1,0,0),('ca3306ade9702430c556a05e75b6225b',1,0,1331982144,1331982144,1331982160,'37.55.145.113','Mozilla/4.0 (compatible; MSIE 6.0; Windows NT 5.1; Q312461)','','ucp.php?mode=register',1,0,0),('90b7498b56fcf922bb8340f648c9551a',1,0,1331982151,1331982151,1331982164,'195.190.13.26','Mozilla/4.0 (compatible; MSIE 5.5; Windows NT 4.0; .NET CLR 1.0.2914)','','ucp.php?mode=register',1,0,0),('6fdd2d44a78264c52239df83a8080da8',1,18,1331983426,1331983426,1331983712,'200.98.132.11','Mozilla/4.0 (compatible; MSIE 6.0; Windows NT 5.2; SV1; .NET CLR 1.1.4322; .NET CLR 2.0.50727)','','viewforum.php?f=18',1,0,0),('741f8c2253b72e5224c1dbe4e35c07d5',1,7,1331983443,1331983443,1331983567,'209.163.228.245','Mozilla/4.0 (compatible; MSIE 6.0; Windows NT 5.1; SV1; .NET CLR 1.1.4322) NS8/0.9.6','','posting.php?mode=reply&f=7&t=6',1,0,0),('d2b7481595b20ff26a1d5c0f18b1669f',1,0,1331985144,1331985144,1331985160,'70.38.90.214','Mozilla/4.0 (compatible; MSIE 6.0; Windows NT 5.1; SV1; FunWebProducts)','','ucp.php?mode=register',1,0,0),('e9e421f981821d4296679c47ba858ecc',1,0,1331986601,1331986601,1331986628,'117.26.200.122','Mozilla/4.0 (compatible; MSIE 6.0; Windows NT 5.1; TheFreeDictionary.com; .NET CLR 1.1.4322; .NET CLR 1.0.3705; .NET CLR 2.0.50727)','','index.php',1,0,0),('cd4d82bdba908286d9eea91f4e04c8fb',1,7,1331986647,1331986647,1331986839,'201.30.25.23','Opera/7.60 (Windows NT 5.2; U)  [en] (IBM EVV/3.0/EAK01AG9/LE)','','posting.php?mode=reply&f=7&t=248',1,0,0),('a88fe87f1de4cc3650424765ea59792d',1,7,1331986869,1331986869,1331986890,'91.217.178.228','Mozilla/4.0 (compatible; MSIE 6.0; Windows NT 5.2; SV1; .NET CLR 1.1.4322; .NET CLR 2.0.50727)','','posting.php?mode=reply&f=7&t=94',1,0,0),('ab8d9e541e8a135cb7b27fa9e69a796d',1,0,1331987536,1331987536,1331987537,'188.165.194.123','Mozilla/4.0 (compatible; MSIE 5.0; Windows 2000) Opera 6.0 [en]','','index.php',1,0,0),('ad3a77a8d7b89c1949564e6c4a29b3fe',1,0,1331987632,1331987632,1331987650,'72.46.128.10','Mozilla/4.0 (compatible; MSIE 6.0; Windows 98; Win 9x 4.90; Creative)','','ucp.php?mode=register',1,0,0),('f948b49574d02f62a95e97d88c71643c',1,7,1331988034,1331988034,1331988068,'91.217.178.230','Mozilla/4.0 (compatible; MSIE 5.5; Windows NT 5.0)','','posting.php?mode=reply&f=7&t=7',1,0,0),('f0c85da799943389675721eccec3128f',1,0,1331988495,1331988495,1331988507,'195.62.25.209','Mozilla/4.0 (compatible; MSIE 6.0; Windows NT 5.1; .NET CLR 1.1.4322)','','ucp.php?mode=register',1,0,0),('3913de2a9c74fe04141c4531a4252982',1,0,1331989095,1331989095,1331989107,'195.62.25.253','Mozilla/4.0 (compatible; MSIE 6.0; Windows NT 5.1; SV1; .NET CLR 1.1.4322; XMPP Tiscali Communicator v.10.0.2; .NET CLR 2.0.50727)','','ucp.php?mode=register',1,0,0),('3a62b576f23f0062c9af025e7bdadf23',1,0,1331989392,1331989392,1331989404,'91.76.50.102','Mozilla/4.0 (compatible; MSIE 6.0; MSIE 5.5; Windows NT 5.0) Opera 7.02 Bork-edition [en]','','ucp.php?mode=register',1,0,0),('a2edf4c490ea99feb49ca9f27acc4868',1,7,1331989483,1331989483,1331989509,'178.137.18.72','Mozilla/4.0 (compatible; MSIE 5.0; Windows 2000) Opera 6.0 [en]','','posting.php?mode=reply&f=7&t=7',1,0,0),('1614358c4046b5bf9c98aa56d30dae40',1,7,1331989990,1331989990,1331990228,'112.111.179.17','Mozilla/4.0 (compatible; MSIE 6.0; Windows NT 5.1; .NET CLR 1.0.3705)','','posting.php?mode=reply&f=7&t=6',1,0,0),('157cf0ca0fd6c6c2a3a3439093ff8a05',1,0,1331990703,1331990703,1331990703,'213.111.224.224','Mozilla/4.0 (compatible; MSIE 6.0; Windows 98; Win 9x 4.90)','','index.php',1,0,0),('8af407ace836a6bcfe4299ac7ee1bc6f',1,7,1331990976,1331990976,1331991152,'112.111.181.46','Mozilla/4.0 (compatible; MSIE 6.0; Windows NT 5.1; KKman2.0)','','posting.php?mode=reply&f=7&t=6',1,0,0),('df80608e1c3f3e27a0055d28dd488481',1,7,1331991242,1331991242,1331991364,'58.22.75.68','Mozilla/4.0 (compatible; Powermarks/3.5; Windows 95/98/2000/NT)','','posting.php?mode=reply&f=7&t=7',1,0,0),('346cdf82c2e586b8b63e8741d9a61985',1,7,1331992080,1331992080,1331992109,'176.212.2.159','Mozilla/4.0 (compatible; MSIE 6.0; Windows NT 5.1; SV1; InfoPath.1','','posting.php?mode=reply&f=7&t=6',1,0,0),('a3b81a683d83d376b817ec7668318a0f',1,7,1331992349,1331992349,1331992521,'175.44.1.137','Mozilla/4.0 (compatible; MSIE 6.0; Windows NT 5.1; SV1; FunWebProducts; MRA 4.6 (build 01425); .NET CLR 1.1.4322; .NET CLR 2.0.50727)','','posting.php?mode=reply&f=7&t=6',1,0,0),('103b244973a25dc3783881c853c26877',1,7,1331992377,1331992377,1331992684,'58.22.142.37','Mozilla/4.0 (compatible; MSIE 6.0; Windows NT 5.2; SV1; .NET CLR 1.1.4322; .NET CLR 2.0.50727)','','posting.php?mode=reply&f=7&t=6',1,0,0),('5793902376df7613e6aeb6f83bbbc096',1,0,1331993705,1331993705,1331993732,'85.26.234.112','Opera/8.00 (Windows NT 5.1; U; en)','','ucp.php?mode=register',1,0,0),('16c370ce41f80e283da756953f3548dc',1,0,1331992456,1331992456,1331992501,'31.192.105.2','Mozilla/4.0 (compatible; MSIE 6.0; Windows NT 5.1) Opera 7.54 [en]','','ucp.php?mode=register',1,0,0),('a725db4b4fab2755145218fc3847e930',1,0,1331993847,1331993847,1331993860,'31.184.238.145','Mozilla/4.0 (compatible; MSIE 5.5; Windows 95; BCD2000)','','ucp.php?mode=register',1,0,0),('3e7f97c92da4ce1db36ed9c4a09f7062',1,0,1331995186,1331995186,1331995203,'108.62.211.119','Mozilla/4.0 (compatible; MSIE 6.0; Windows NT 5.0; .NET CLR 1.0.3705; .NET CLR 1.1.4322)','','index.php',1,0,0),('08911e234f7c31fad96962a019322c62',1,7,1331995445,1331995445,1331995482,'188.143.233.250','Mozilla/4.0 (compatible; MSIE 6.0; Windows NT 5.1; SV1; FunWebProducts)','','posting.php?mode=reply&f=7&t=248',1,0,0),('cc120db387cb7b7c4a453a347df225a1',1,0,1331995851,1331995851,1331995864,'195.162.68.149','Mozilla/4.0 (compatible; MSIE 6.0; Windows NT 5.0; KTXN)','','index.php',1,0,0),('a9e6a58cc9a79f3a44ee9d4992c932e6',1,0,1331736923,1331736923,1331736941,'178.210.211.254','Mozilla/4.0 (compatible; MSIE 6.0; AOL 9.0; Windows NT 5.1)','','ucp.php?mode=register',1,0,0),('b79f84c96dd744f4cbb9bf17d70247ca',1,7,1331736982,1331736982,1331737009,'178.137.18.72','Mozilla/4.0 (compatible; MSIE 6.0; Update a; AOL 6.0; Windows 98)','','posting.php?mode=reply&f=7&t=7',1,0,0),('1f44cf641e67d97a0b43a73cb38c398d',1,7,1331737036,1331737036,1331737036,'193.105.210.152','Mozilla/2.0 (compatible; MSIE 3.02; Windows CE; 240x320)','','viewforum.php?f=7',1,0,0),('e18468811f66195312d337c6ea57e130',1,7,1331737722,1331737722,1331737737,'146.0.74.245','Mozilla/4.0 (compatible; MSIE 6.0; Windows NT 5.2; WOW64; SV1; .NET CLR 2.0.50727)','','posting.php?mode=reply&f=7&t=248',1,0,0),('4fd757e8f7cf7e9aa898d7a89e0ca961',1,7,1331738331,1331738331,1331738349,'91.217.178.228','Mozilla/4.0 (compatible; MSIE 6.0; Windows NT 5.1; SV1; InfoPath.1','','posting.php?mode=reply&f=7&t=248',1,0,0),('2970579d599bc75f9c10469461f973b0',1,7,1331738510,1331738510,1331738526,'91.217.178.233','Mozilla/4.0 (compatible; MSIE 6.0; Windows NT 5.1; SV1; FunWebProducts; .NET CLR 1.1.4322; PeoplePal 6.2)','','posting.php?mode=reply&f=7&t=7',1,0,0),('635af8c110a8bead68856d2ac1b31d2d',1,7,1331738696,1331738696,1331738717,'91.217.178.230','Mozilla/4.0 (compatible; MSIE 6.0; Windows NT 5.1; Deepnet Explorer 1.5.0; .NET CLR 1.0.3705)','','posting.php?mode=reply&f=7&t=6',1,0,0),('d91fae9bed3425be0b8821fddb829343',1,0,1331739745,1331739745,1331739762,'176.213.96.178','Mozilla/4.0 (compatible; MSIE 6.0; America Online Browser 1.1; rev1.2; Windows NT 5.1; SV1; .NET CLR 1.1.4322)','','ucp.php?mode=register',1,0,0),('b4a9dafad326374ee70c1d376703ea0c',1,0,1331740881,1331740881,1331740918,'89.252.58.37','Mozilla/4.0 (compatible; MSIE 6.0; MSIE 5.5; Windows NT 5.0) Opera 7.02 Bork-edition [en]','','ucp.php?mode=register',1,0,0),('d25d17e784367cd38746b9af6995ef52',1,0,1331741842,1331741842,1331741854,'193.105.210.89','Mozilla/4.0 (compatible; MSIE 6.0; Windows NT 5.1; KKman2.0)','','ucp.php?mode=register',1,0,0),('f63ec6fd5138a6083ee3e9735b6c131c',1,7,1331742336,1331742336,1331742339,'94.181.218.149','Mozilla/4.0 (compatible; MSIE 6.0; Windows NT 5.1; SV1; InfoPath.1)','','posting.php?mode=post&f=7',1,0,0),('f5784caa3eb25662c73e37cec270744a',1,0,1331742719,1331742719,1331742719,'173.212.197.162','Mozilla/5.2 (Windows; U; Windows NT 5.2; en-EN) Gecko/20090918 Firefox/3.5.6','','index.php?dgd=1',1,0,0),('b046bfb40cf871cbf0ea20f5a8d442fd',1,0,1331744153,1331744153,1331744164,'189.1.162.45','Mozilla/4.0 (compatible; MSIE 7.0b; Windows NT 6.0 ; .NET CLR 2.0.50215; SL Commerce Client v1.0; Tablet PC 2.0','','ucp.php?mode=register',1,0,0),('f64798a67f3f695bb6ea194fc9d9ed77',1,0,1331746046,1331746046,1331746635,'217.28.177.57','Mozilla/4.76 [en] (Windows NT 5.0; U)','','ucp.php?mode=login',1,0,0),('a6ad6353e696866e7d086b5f532d0fca',1,0,1331746222,1331746222,1331746222,'109.122.5.54','Mozilla/4.0 (compatible; MSIE 6.0; Windows 98; Win 9x 4.90)','','index.php',1,0,0),('a5b9483e378b2752759b308247028c86',1,0,1331746222,1331746222,1331746222,'109.122.5.54','Mozilla/4.0 (compatible; MSIE 6.0; Windows 98; Win 9x 4.90)','','index.php',1,0,0),('f8e7d4e4c1b000784b72d9637175fec6',1,7,1331746459,1331746459,1331746480,'91.217.178.228','Mozilla/4.0 (compatible; MSIE 6.0; Windows NT 5.0)','','posting.php?mode=reply&f=7&t=248',1,0,0),('279ca9ec6317fb714602d67dfca79689',1,7,1331746404,1331746404,1331746420,'91.217.178.228','Mozilla/4.0 (compatible; MSIE 6.0; Windows NT 5.1; SV1)','','posting.php?mode=reply&f=7&t=7',1,0,0),('8fdf90be1b8fe9d766815f5ad833560f',1,7,1331746584,1331746584,1331746600,'91.217.178.233','Opera/8.01 (Windows NT 5.1)','','posting.php?mode=reply&f=7&t=94',1,0,0),('8eaa157c2d032de694835da02f716335',1,7,1331746645,1331746645,1331746665,'91.217.178.233','Opera/7.11 (Windows NT 5.1; U) [en]','','posting.php?mode=reply&f=7&t=248',1,0,0),('4a56c790ac8b53a3e883e209abea06ce',1,7,1331746753,1331746753,1331746787,'94.181.203.133','Mozilla/4.0 (compatible; MSIE 6.0; Windows NT 5.1; SV1; .NET CLR 1.1.4322; .NET CLR 2.0.50727)','','posting.php?mode=reply&f=7&t=94',1,0,0),('5cb3f3614b991aa899455732f6fa499a',1,7,1331746811,1331746811,1331746832,'91.217.178.230','Mozilla/4.0 (compatible; MSIE 6.0; AOL 9.0; Windows NT 5.1)','','posting.php?mode=reply&f=7&t=6',1,0,0),('d080a0f7e58f9449c3c1ecd259e0b8d1',1,7,1331746870,1331746870,1331746901,'178.137.18.72','Mozilla/4.0 (compatible; MSIE 5.5; Windows 95; BCD2000)','','posting.php?mode=reply&f=7&t=6',1,0,0),('80b9f6b4180c2e4c8f52ea708413a6f6',443,0,1332048313,1332008045,1332048313,'66.249.71.138','Mozilla/5.0 (compatible; Googlebot/2.1; +http://www.google.com/bot.html)','','viewtopic.php?t=6',1,0,0),('4edc112358d2687ceead4a70e19cd003',1,0,1331747764,1331747764,1331747895,'117.27.138.68','Mozilla/4.0 (compatible; MSIE 6.0; Windows NT 5.1; SV1; .NET CLR 1.1.4322)','','ucp.php?mode=register',1,0,0),('c61c7b7d1b07ccfa1e365b2132c389cb',1,7,1331747765,1331747765,1331747788,'176.8.89.8','Opera/8.00 (Windows NT 5.1; U; en)','','posting.php?mode=reply&f=7&t=7',1,0,0),('5427f23b031f4edbe99a069588ce79bc',1,0,1331748091,1331748091,1331748107,'27.159.225.87','Mozilla/4.0 (compatible; MSIE 6.0; Windows NT 5.1; SV1; InfoPath.1','','ucp.php?mode=register',1,0,0),('a17910e64ef92a4a3decfa8379b65225',1,0,1331748246,1331748246,1331748341,'46.17.100.243','Mozilla/4.0 (compatible; MSIE 6.0; Windows NT 5.1) Opera 7.54 [en]','','index.php',1,0,0),('b6fc4cd6a425b9481d8237c46d605872',1,0,1331749150,1331749150,1331749191,'188.163.106.180','Mozilla/4.0 (compatible; MSIE 6.0; Windows NT 5.0)','','ucp.php?mode=register',1,0,0),('e8ca88c161a33ebe0e61300ad1e59e17',1,0,1331749336,1331749336,1331749348,'193.111.114.21','Mozilla/4.0 (compatible; MSIE 4.01; Digital AlphaServer 1000A 4/233; Windows NT; Powered By 64-Bit Alpha Processor)','','ucp.php?mode=register',1,0,0),('674e4f631408112f5531404d5299a2b8',1,0,1331750401,1331750401,1331750416,'110.34.171.18','Mozilla/5.0 (Windows NT 5.1; U; en) Opera 8.00','','ucp.php?mode=register',1,0,0),('ab668610c2e55da93bcbeb040e7289de',1,7,1331750741,1331750741,1331750795,'223.4.118.227','Mozilla/4.0 (compatible; MSIE 6.0; Windows NT 5.1; KKman2.0)','','posting.php?mode=reply&f=7&t=7',1,0,0),('18d1bf913e7b5a3dc7f6c4fac3d13acf',1,0,1331750948,1331750948,1331750948,'221.130.23.152','Mozilla/4.0 (compatible; MSIE 6.0; Windows NT 5.1; FREE; .NET CLR 1.1.4322)','','index.php',1,0,0),('d337137cbadbf8a88c40d4549548a24f',1,7,1331750997,1331750997,1331750997,'31.214.169.119','Mozilla/4.0 (compatible; MSIE 5.5; Windows NT 5.0)','','posting.php?mode=post&f=7',1,0,0),('ac6a7e559eabeaababfd63d87015e278',1,0,1331751240,1331751240,1331751259,'95.133.21.214','Mozilla/4.0 (compatible; MSIE 5.5; Windows NT 4.0; .NET CLR 1.0.2914)','','ucp.php?mode=register',1,0,0),('32d73c3ee7f13b9b1f2f15a9f7a0c44c',1,0,1331752042,1331752042,1331752042,'84.130.177.188','Mozilla/5.0 (compatible; MSIE 9.0; Windows NT 6.1; WOW64; Trident/5.0)','','index.php',1,0,0),('0e0cfaa9fb4485a68e81f45d95269e8b',1,7,1331752916,1331752916,1331752933,'91.217.178.228','Mozilla/1.22 (compatible; MSIE 2.0d; Windows NT)','','posting.php?mode=reply&f=7&t=6',1,0,0),('27469c43b99515b8cd7b4251e1aebd0c',1,0,1331753887,1331753887,1331753887,'46.182.26.49','xpymep.exe','','index.php',1,0,0),('9bfae319739854a04127fafa62c91412',1,0,1331754392,1331754392,1331754405,'31.3.225.169','Mozilla/4.0 (compatible; MSIE 6.0; Windows ME) Opera 7.11  [en]','','ucp.php?mode=register',1,0,0),('2456a1fec7dbc2cd8cd5c2d7859420e5',1,0,1331755337,1331755337,1331755365,'70.90.169.13','Mozilla/4.0 (compatible; MSIE 6.0; Windows NT 5.1; SV1; InfoPath.1)','','ucp.php?mode=register',1,0,0),('17cda182ddf4a8893739c3fda98c396f',1,7,1331756549,1331756549,1331756576,'178.137.18.72','Mozilla/4.0 (compatible; MSIE 6.0; Windows NT 5.1; MRA 4.3 (build 01218); .NET CLR 1.1.4322)','','posting.php?mode=reply&f=7&t=6',1,0,0),('ea2998da8b245c7952d057b213d55f4f',1,0,1331757016,1331757016,1331757097,'31.192.105.2','Mozilla/4.0 (compatible; MSIE 6.0; Windows NT 5.2; Win64; x64; SV1; .NET CLR 2.0.50727)','','ucp.php?mode=register',1,0,0),('75df5f4032fe1bca327b92b9174207ab',1,0,1331758129,1331758129,1331758476,'58.22.151.6','Mozilla/4.0 (compatible; MSIE 6.0; Windows NT 5.0; T312461)','','index.php',1,0,0),('b15e314ebf489ae2a2ae0a3cb6126938',1,7,1331759146,1331759146,1331759180,'94.181.203.133','Mozilla/4.0 (compatible; MSIE 5.5; Windows NT 4.0; .NET CLR 1.0.2914)','','posting.php?mode=reply&f=7&t=7',1,0,0),('76c88fced11a053da8056be5876b8cc4',1,7,1331681390,1331681390,1331681441,'39.48.193.127','Opera/8.00 (Windows NT 5.1; U; en)','','posting.php?mode=reply&f=7&t=7',1,0,0),('45c09ab9b56d80c54a8c45b44b021d2b',1,0,1331682935,1331682935,1331682938,'60.191.239.241','Mozilla/4.0 (compatible; MSIE 6.0; Windows NT 5.1; SV1; .NET CLR 1.1.4322; .NET CLR 2.0.50727)','','index.php',1,0,0),('f0f89cdaf24394be18b50b7a996c6ea7',1,0,1331683151,1331683151,1331683186,'59.58.152.94','Opera/7.60 (Windows NT 5.2; U)  [en] (IBM EVV/3.0/EAK01AG9/LE)','','ucp.php?mode=confirm&confirm_id=0243ca47050fa478b0cea328a794e806&type=1',1,0,0),('d1e25c57b8b4906982222443c27f24cc',1,0,1331683336,1331683336,1331683363,'205.164.7.144','Mozilla/4.0 (compatible; MSIE 4.01; Digital AlphaServer 1000A 4/233; Windows NT; Powered By 64-Bit Alpha Processor)','','ucp.php?mode=register',1,0,0),('0148e1f4a916a92115ac7d98af866aa8',1,7,1331685901,1331685901,1331685934,'94.181.203.133','Opera/9.01 (Windows NT 5.1; U; en)','','posting.php?mode=reply&f=7&t=94',1,0,0),('9427f18a39466caf196b3df749ab3290',1,0,1331686496,1331686496,1331686503,'76.164.222.35','Mozilla/4.0 (compatible; MSIE 6.0; MSIE 5.5; Windows NT 5.0) Opera 7.02 Bork-edition [en]','','ucp.php?mode=confirm&confirm_id=a29b8911b7a32e6633fec7bace9e43df&type=1',1,0,0),('0fae2a4f06ad818c9607ec81f7dce47f',1,0,1331687188,1331687188,1331687208,'222.186.17.99','Mozilla/4.0 (compatible; MSIE 4.01; Digital AlphaServer 1000A 4/233; Windows NT; Powered By 64-Bit Alpha Processor)','','ucp.php?mode=register',1,0,0),('4e71263fb337cba6e0be76f394bd09be',1,7,1331688501,1331688501,1331688565,'112.111.188.203','Mozilla/4.0 (compatible; MSIE 5.5; Windows NT 5.0)','','posting.php?mode=post&f=7',1,0,0),('cfa72bcff6fed4f6a75addf0d29fc315',1,7,1331688765,1331688765,1331688793,'176.8.89.8','Opera/8.00 (Windows NT 5.1; U; en)','','posting.php?mode=reply&f=7&t=7',1,0,0),('19108eafdb4fd2121e73ec331a891211',1,7,1331688886,1331688886,1331689009,'46.17.100.243','Mozilla/4.0 (compatible; MSIE 6.0; Windows NT 5.2; Win64; AMD64)','','posting.php?mode=reply&f=7&t=6',1,0,0),('e1e047f772abd7fb9c54e9a65fa22a05',1,0,1331688938,1331688938,1331688993,'76.164.196.154','Mozilla/4.0 (compatible; MSIE 7.0; Windows NT 5.1; SV1; .NET CLR 2.0.50727)','','index.php',1,0,0),('6583da43659308459a58677ad4e0f60b',1,7,1331689499,1331689499,1331689597,'175.44.26.94','Opera/9.00 (Windows NT 5.1; U; en)','','posting.php?mode=post&f=7',1,0,0),('15fb8b14a0a869f53efb747c4026647e',434,0,1331874424,1331874424,1331874424,'207.46.199.52','Mozilla/5.0 (compatible; bingbot/2.0; +http://www.bing.com/bingbot.htm)','','search.php',1,0,0),('2240148920745b9bdd24714a8d060287',1,0,1331689832,1331689832,1331689848,'82.210.155.21','Mozilla/4.0 (compatible; MSIE 7.0; Windows NT 5.1; SV1; .NET CLR 2.0.50727)','','ucp.php?mode=register',1,0,0),('4c5f102df2170685b2aa85e21f291be0',1,0,1331689929,1331689929,1331689948,'82.193.109.52','Mozilla/5.0 (Windows NT 5.1; U; en) Opera 8.00','','ucp.php?mode=register',1,0,0),('7b29ec7dc022341a98914468bd7e35af',1,7,1331691026,1331691026,1331691316,'112.111.190.214','Mozilla/4.0 (compatible; MSIE 6.0; Windows NT 5.1) Netscape/8.0.4','','posting.php?mode=reply&f=7&t=6',1,0,0),('f5318684a14983bebd62f58877f714af',1,7,1331691641,1331691641,1331691820,'112.111.179.60','Mozilla/4.0 (compatible; MSIE 6.0; AOL 9.0; Windows NT 5.1)','','posting.php?mode=reply&f=7&t=6',1,0,0),('cc07d252433ff78c798836b487ec2431',1,0,1331692100,1331692100,1331692119,'27.154.56.238','Mozilla/4.0 (compatible; MSIE 6.0; Windows NT 5.0; T312461)','','ucp.php?mode=register',1,0,0),('a852220badd5c595879d1e1f89b21fc3',1,7,1331694151,1331694151,1331694175,'109.230.217.46','Mozilla/4.0 (compatible; MSIE 6.0; Windows NT 5.1) Opera 7.54 [en]','','posting.php?mode=reply&f=7&t=94',1,0,0),('413e7d254b224450d04a3c3090706581',1,0,1331694839,1331694839,1331694864,'113.57.230.3','Mozilla/4.0 (compatible; MSIE 6.0; Windows NT 5.1; FREE; .NET CLR 1.1.4322)','','ucp.php?mode=register',1,0,0),('1801e2f040bccac2d0b051fa688fe3aa',1,0,1331695562,1331695562,1331695674,'69.162.120.58','Mozilla/4.79 [en] (Windows NT 5.0; U)','','index.php',1,0,0),('f51825285be4d8a0fee534a094f7c7ff',1,0,1331696047,1331696047,1331696048,'218.6.15.112','Mozilla/4.0 (compatible; MSIE 5.0; Windows 95) Opera 6.01  [en]','','ucp.php?mode=login',1,0,0),('786cc3f87f722560a2a21f01e11d2ab5',1,0,1331696655,1331696655,1331696667,'188.65.69.244','Mozilla/4.0 (compatible; MSIE 6.0; Windows ME) Opera 7.11  [en]','','ucp.php?mode=register',1,0,0),('095f29da8aa4ed330081bd9e945a7df9',1,0,1331696823,1331696823,1331696823,'190.121.135.178','Mozilla/5.0 (Windows; U; Windows NT 5.1; en-US; rv:1.9.0.14) Gecko/2009082707 Firefox/3.0.14 (.NET CLR 3.5.30729)','','index.php',1,0,0),('1eb4bed51b925f1365cacabeb0ad9516',1,0,1331697370,1331697370,1331697425,'213.215.46.62','Mozilla/4.0 (compatible; MSIE 6.0; Windows NT 5.1; SV1; YPC 3.0.2; .NET CLR 1.1.4322; yplus 4.4.02b)','','ucp.php?mode=register',1,0,0),('e5978492d255e9b3194b2cb21141f4c7',1,0,1331697375,1331697375,1331697387,'91.103.121.134','Mozilla/4.0 (compatible; MSIE 6.0; Windows NT 5.1; SV1; FunWebProducts; MRA 4.6 (build 01425); .NET CLR 1.1.4322; .NET CLR 2.0.50727)','','ucp.php?mode=register',1,0,0),('b3c304f003ba5ed7efec08f4059a1b64',1,7,1331697386,1331697386,1331697413,'94.181.203.133','Opera/8.00 (Windows NT 5.1; U; en)','','posting.php?mode=reply&f=7&t=6',1,0,0),('ebea09ecb90985bbf2aae8af7da28ccb',1,0,1331697439,1331697439,1331697479,'222.45.72.124','Mozilla/4.0 (compatible; MSIE 6.0; Windows 98; Win 9x 4.90; Creative)','','ucp.php?mode=register',1,0,0),('420d80e80baa207961f499f87d4c0013',1,7,1331697613,1331697613,1331697773,'58.22.150.162','Mozilla/4.0 (compatible; MSIE 5.0; Windows 95) Opera 6.01  [en]','','viewtopic.php?f=7&t=94&p=447',1,0,0),('4a43a570c20ad8728d5108c42768493f',1,0,1331697793,1331697793,1331697803,'109.230.251.7','Mozilla/0.91 Beta (Windows)','','ucp.php?mode=register',1,0,0),('72740b2cf272fbbd92eb1d195448e21f',1,7,1331698135,1331698135,1331698152,'146.0.74.245','Mozilla/4.0 (compatible; MSIE 6.0; Windows NT 5.2; Win64; AMD64)','','posting.php?mode=reply&f=7&t=94',1,0,0),('f9feb92666feca95455d61f6ad057cbe',1,0,1331698298,1331698298,1331698322,'71.223.2.249','Mozilla/4.0 (compatible; MSIE 6.0; Windows NT 5.1; SV1; Media Center PC','','ucp.php?mode=register',1,0,0),('bb069960f736400f1dbd1f6ff7aa4d9e',1,7,1331698386,1331698386,1331698433,'176.31.106.146','Mozilla/4.0 (compatible; MSIE 6.0; Windows NT 5.1; SV1; InfoPath.1)','','viewforum.php?f=7',1,0,0),('20cd75f9699a5e519e4e5a48953f2a4b',1,7,1331698442,1331698442,1331698457,'146.0.74.244','Mozilla/4.0 (compatible; MSIE 6.0; Windows NT 5.2; SV1; .NET CLR 1.1.4322; .NET CLR 2.0.50727)','','posting.php?mode=reply&f=7&t=248',1,0,0),('7821e283b20f73490438b87b7784791e',1,0,1331698778,1331698778,1331698806,'195.190.13.26','Opera/9.00 (Windows NT 5.1; U; en)','','ucp.php?mode=register',1,0,0),('2cd15bbf1fa00c9f6dfd4d32e8c65161',1,0,1331699904,1331699904,1331699925,'193.105.210.164','Mozilla/4.0 (compatible; MSIE 6.0; Windows NT 5.0; .NET CLR 1.0.3705; .NET CLR 1.1.4322)','','index.php',1,0,0),('0084afa02b4ee50184a9a4a8e3978edb',1,0,1331700696,1331700696,1331700715,'58.246.200.114','Mozilla/4.0 (compatible; MSIE 5.5; Windows NT 5.0; T312461)','','index.php',1,0,0),('939d1fb0265c87f674c04b649d2d7378',1,7,1331700855,1331700855,1331700869,'81.17.23.130','Mozilla/4.0 (compatible; MSIE 6.0; Windows NT 5.1; en) Opera 9.0','','posting.php?mode=reply&f=7&t=94',1,0,0),('6767846d6404d09dd6ddc0e50e05c998',1,0,1331701428,1331701428,1331701428,'61.177.248.202','Mozilla/4.0 (compatible; MSIE 7.0b; Windows NT 6.0)','','ucp.php?mode=register',1,0,0),('967f62f853407a75072e1c30d3a2a0f0',1,0,1331701609,1331701609,1331701660,'174.139.85.122','Mozilla/4.0 (compatible; MSIE 7.0b; Windows NT 6.0)','','ucp.php?mode=register',1,0,0),('8106bf984e63b65f098579c2e64e3cca',1,0,1331701688,1331701688,1331701688,'221.130.23.152','Mozilla/4.0 (compatible; MSIE 6.0; Windows NT 5.1; SV1; InfoPath.1','','index.php',1,0,0),('f7e0a354337988c29bfd8fce7a8ecfb2',1,0,1331701761,1331701761,1331701776,'95.78.162.19','Mozilla/4.0 (compatible; MSIE 6.0; Windows NT 5.1; SV1; .NET CLR 1.1.4322; XMPP Tiscali Communicator v.10.0.2; .NET CLR 2.0.50727)','','ucp.php?mode=register',1,0,0),('717f5bef9eccb474d7dc0216fc252b99',1,0,1331702465,1331702465,1331702564,'188.143.232.110','Mozilla/4.0 (compatible; MSIE 5.5; Windows NT 4.0; .NET CLR 1.0.2914)','','ucp.php?mode=register',1,0,0),('84ba518d15be3e9015ac1840f0490251',1,7,1331703081,1331703081,1331703143,'125.77.233.196','Mozilla/4.0 (compatible; MSIE 6.0; Windows NT 5.1; SV1; .NET CLR 1.1.4322; XMPP Tiscali Communicator v.10.0.2; .NET CLR 2.0.50727)','','posting.php?mode=reply&f=7&t=248',1,0,0),('fda2b0b8c66d1e4f537c8c6c66c027c2',1,0,1331703663,1331703663,1331703678,'209.118.181.132','Mozilla/4.0 (compatible; MSIE 6.0; Windows NT 5.1; MRA 4.3 (build 01218); .NET CLR 1.1.4322)','','ucp.php?mode=register',1,0,0),('34cb8958237a0fe5dc2a29dd718e19b3',1,0,1331703732,1331703732,1331703753,'193.105.210.105','Mozilla/4.0 (compatible; MSIE 5.5; Windows NT 5.0; .NET CLR 1.1.4322)','','ucp.php?mode=register',1,0,0),('3015f2db919084bf038838a12e3bfaa0',1,7,1331703830,1331703830,1331703969,'209.163.228.245','Mozilla/4.0 (compatible; MSIE 6.0; Windows NT 5.1; SV1; .NET CLR 1.1.4322; .NET CLR 2.0.50727)','','posting.php?mode=reply&f=7&t=6',1,0,0),('c741f52cc65c87a75bbb60d6e3884b04',1,0,1331703864,1331703864,1331703867,'125.28.179.219','Mozilla/5.0 (compatible; MSIE 9.0; Windows NT 7.1; Trident/5.0)','','ucp.php?mode=login',1,0,0),('a9917b06b9fdfc4dcbb457c2fe90a92b',1,0,1331705499,1331705499,1331705516,'27.159.225.87','Mozilla/4.76 [en] (Windows NT 5.0; U)','','ucp.php?mode=register',1,0,0),('a788b56efb640ad067fc7f4edb94c2c6',1,7,1331705550,1331705550,1331705566,'91.217.178.233','Mozilla/4.0 (compatible; MSIE 7.0b; Windows NT 6.0 ; .NET CLR 2.0.50215; SL Commerce Client v1.0; Tablet PC 2.0','','posting.php?mode=reply&f=7&t=7',1,0,0),('7dac58ada57ad7af8b6a106126eb978c',1,7,1331706251,1331706251,1331706272,'91.217.178.228','Mozilla/4.0 (compatible; MSIE 6.0; Windows NT 5.1; MRA 4.3 (build 01218); .NET CLR 1.1.4322)','','posting.php?mode=reply&f=7&t=6',1,0,0),('283c5393e487acd133d933141cf40175',1,7,1331706544,1331706544,1331706545,'31.214.133.11','Mozilla/4.0 (compatible; MSIE 7.0; Windows NT 5.1; SV1; .NET CLR 2.0.50727)','','posting.php?mode=post&f=7',1,0,0),('1453da277e91c91ba673254825402e31',1,0,1331707015,1331707015,1331707030,'195.162.68.149','Mozilla/4.0 (compatible; MSIE 6.0; AOL 9.0; Windows NT 5.1)','','index.php',1,0,0),('de855f8ef341d0f80423bea4f0ed6939',1,0,1331707359,1331707359,1331707378,'27.159.210.38','Mozilla/4.0 (compatible; MSIE 6.0; Windows NT 5.1; SV1; .NET CLR 1.1.4322; .NET CLR 2.0.50727)','','index.php',1,0,0),('abcb9a3a831a05dd08ea2b78db9f039b',1,0,1331707366,1331707366,1331707416,'59.58.152.94','Mozilla/4.76 [en] (Windows NT 5.0; U)','','index.php',1,0,0),('a4855f92790afceb700fe84c504b80d9',1,0,1331707905,1331707905,1331707915,'46.17.96.200','Mozilla/4.0 (compatible; MSIE 6.0; Windows NT 5.1; SV1; Media Center PC','','ucp.php?mode=confirm&confirm_id=360991c87ba25fe0b1a3fef71da273db&type=1',1,0,0),('71c9f6b2a99fb49d8738966864d9f700',1,0,1331707975,1331707975,1331707987,'188.32.94.1','Mozilla/4.0 (compatible; MSIE 6.0; Windows NT 5.1; SV1; FunWebProducts)','','ucp.php?mode=register',1,0,0),('63b3be603a2d6b8eeb84b5394f53fbf9',1,0,1331707997,1331707997,1331708043,'58.22.133.148','Mozilla/4.0 (compatible; MSIE 6.0; Windows XP)','','ucp.php?mode=register',1,0,0),('a58fe0085433026dd55acd50728b809c',1,0,1331708536,1331708536,1331708554,'91.217.178.229','Mozilla/4.0 (compatible; MSIE 6.0; Windows NT 5.2; Win64; x64; SV1; .NET CLR 2.0.50727)','','ucp.php?mode=register',1,0,0),('9b31c03cb342a7efc29c06b343f71d2e',1,7,1331708797,1331708797,1331708824,'176.8.89.8','Mozilla/4.0 (compatible; MSIE 6.0; Windows NT 5.0; Avant Browser [avantbrowser.com]; Hotbar 4.4.5.0)','','posting.php?mode=reply&f=7&t=94',1,0,0),('1a89df0e4b8d160603b4af36b2fb2791',1,0,1331736730,1331736730,1331736755,'46.147.121.116','Mozilla/4.0 (compatible; MSIE 5.5; Windows NT 5.0; .NET CLR 1.1.4322)','','ucp.php?mode=register',1,0,0),('74c9686c2189742aca5c138293569800',1,0,1331708811,1331708811,1331708835,'31.178.7.2','Mozilla/4.0 (compatible; MSIE 6.0; MSIE 5.5; Windows NT 5.0) Opera 7.02 Bork-edition [en]','','ucp.php?mode=register',1,0,0),('06b5d9ef6b26c25c66bbf0233aca3e18',1,0,1331708812,1331708812,1331708870,'178.137.195.10','Opera/7.54 (Windows NT 5.1; U)  [pl]','','ucp.php?mode=register',1,0,0),('5b396fbcb268497b005cf6b2ec6d302c',1,7,1331709156,1331709156,1331709226,'80.90.151.1','Mozilla/4.0 (compatible; MSIE 6.0; Windows NT 5.1; MRA 4.3 (build 01218); .NET CLR 1.1.4322)','','posting.php?mode=reply&f=7&t=94',1,0,0),('8b345aaf6aa198ed52b2afaefce4edcb',1,7,1331709306,1331709306,1331709338,'94.181.203.133','Mozilla/4.0 (compatible; MSIE 6.0; America Online Browser 1.1; rev1.2; Windows NT 5.1; SV1; .NET CLR 1.1.4322)','','posting.php?mode=reply&f=7&t=6',1,0,0),('a9a3223ee655afccfe99857995e38801',1,0,1331709491,1331709491,1331709515,'61.153.64.50','Mozilla/4.0 (compatible; MSIE 6.0; Windows NT 5.1; en) Opera 8.00','','ucp.php?mode=register',1,0,0),('bde811ddc6649b0af76537ef020db239',1,0,1331709767,1331709767,1331709793,'109.230.245.40','Mozilla/4.0 (compatible; MSIE 6.0; Windows NT) ::ELNSB50::000061100320025802a00111000000000507000900000000','','ucp.php?mode=register',1,0,0),('4ac12c972c3bc4115f5fe577ab2f7b4e',1,0,1331709974,1331709974,1331709986,'91.214.17.6','Mozilla/4.0 (compatible; MSIE 6.0; Windows NT 5.1; Deepnet Explorer 1.5.0; .NET CLR 1.0.3705)','','ucp.php?mode=register',1,0,0),('5240a1bb771c7c19a64740789a7d2e49',1,0,1331709779,1331709779,1331709791,'109.230.251.72','Mozilla/4.0 (compatible; MSIE 6.0; Windows NT 5.1) Opera 7.54 [en]','','index.php',1,0,0),('067b0858b590a13767fdde00b9b946d9',1,7,1331711453,1331711453,1331711574,'61.241.220.83','Mozilla/4.0 (compatible; MSIE 5.5; Windows NT 5.0; .NET CLR 1.1.4322)','','posting.php?mode=post&f=7',1,0,0),('fa414b7c044b2f92e23b52f9e76fa7f0',1,0,1331711647,1331711647,1331711675,'31.184.238.145','Mozilla/5.0 (Windows NT 5.1; U; en) Opera 8.00','','ucp.php?mode=register',1,0,0),('c26f0f7354892d07af43c0c38a03a94e',1,7,1331712906,1331712906,1331712910,'69.162.120.58','Mozilla/4.0 (compatible; MSIE 6.0; Windows NT 5.1; MRA 4.6 (build 01425))','','posting.php?mode=post&f=7',1,0,0),('12ff0bc80f6cd1c1445560cd792ee55f',1,7,1331712995,1331712995,1331713021,'46.17.100.99','Mozilla/4.0 (compatible; MSIE 5.5; Windows NT 4.0; .NET CLR 1.0.2914)','','posting.php?mode=reply&f=7&t=248',1,0,0),('a8df7f492dc89708a008dbfc5eb2e6a3',1,7,1331713325,1331713325,1331713341,'146.0.74.245','Mozilla/4.0 (compatible; MSIE 6.0; Windows NT 5.1; .NET CLR 1.1.4322; FDM)','','posting.php?mode=reply&f=7&t=7',1,0,0),('00893e0d0708f071165d188a4346e02f',1,7,1331713497,1331713497,1331713510,'146.0.74.244','Mozilla/4.0 (compatible; MSIE 6.0; Windows NT 5.1; SV1; FunWebProducts; .NET CLR 1.1.4322; PeoplePal 6.2)','','posting.php?mode=reply&f=7&t=7',1,0,0),('6923ce09cd2822dcf27ff6cb069a09bb',1,7,1331713652,1331713652,1331713668,'91.217.178.233','Opera/9.01 (Windows NT 5.1; U; en)','','posting.php?mode=reply&f=7&t=248',1,0,0),('1f6c53ee5d0ce4da4c77822ee14d2db3',1,7,1331713684,1331713684,1331713704,'91.217.178.233','Mozilla/4.0 (compatible; MSIE 6.0; Windows NT 5.1; SV1; .NET CLR 1.1.4322) Babya Discoverer  8.0:','','posting.php?mode=reply&f=7&t=6',1,0,0),('5d0d58a29cfe3c75f3ed2e0932746923',1,7,1331713979,1331713979,1331713998,'91.217.178.230','Mozilla/6.0 (compatible; MSIE 7.0a1; Windows NT 5.2; SV1)','','posting.php?mode=reply&f=7&t=94',1,0,0),('7bf6346d862ed10b2a5cc44ff1396463',1,7,1331714062,1331714062,1331714078,'91.217.178.230','Mozilla/4.0 (compatible; MSIE 6.0; Windows NT 5.1; .NET CLR 1.0.3705)','','posting.php?mode=reply&f=7&t=94',1,0,0),('7ddb32f1af58cadb23b0ecc76b749631',1,0,1331714212,1331714212,1331714224,'95.86.222.164','Mozilla/4.0 (compatible; MSIE 6.0; Windows NT 5.1; .NET CLR 1.1.4322; FDM)','','ucp.php?mode=register',1,0,0),('34b014839d06970ba9064414272dd323',1,7,1331714333,1331714333,1331714349,'91.217.178.228','Mozilla/4.0 (compatible; MSIE 6.0; Windows NT 5.1; SV1)','','posting.php?mode=reply&f=7&t=7',1,0,0),('ff87076e2286edae20f94521bbd54b13',1,7,1331714394,1331714394,1331714410,'91.217.178.228','Mozilla/4.0 (compatible; MSIE 6.0; Windows NT 5.1; ru) Opera 8.50','','posting.php?mode=reply&f=7&t=6',1,0,0),('0b03bedbd7a5ad77eabb5923ad707e6f',1,7,1331714489,1331714489,1331714489,'193.105.210.152','Mozilla/4.0 (compatible; MSIE 6.0; Windows NT 5.1; SV1; FunWebProducts; MRA 4.6 (build 01425); .NET CLR 1.1.4322; .NET CLR 2.0.50727)','','viewforum.php?f=7',1,0,0),('87f4f050fe6eb9f17a160685f5852eb7',1,0,1331715534,1331715534,1331715557,'59.60.126.33','Mozilla/4.0 (compatible; MSIE 6.0; Windows NT 5.1; SV1; InfoPath.1)','','ucp.php?mode=register',1,0,0),('6710cd42c7064cbe4ee24666fc849925',1,0,1331716759,1331716759,1331716778,'27.154.56.238','Mozilla/4.0 (compatible; MSIE 6.0; Windows NT 5.1; FREE; .NET CLR 1.1.4322)','','ucp.php?mode=register',1,0,0),('b9700d19875571292aead3f994b70ce9',1,0,1331716870,1331716870,1331716871,'199.168.142.166','Mozilla/4.0 (compatible; MSIE 6.0; Windows NT 5.1; SV1)','','index.php',1,0,0),('5e475d7e100f231c7ce5e0b2e4342060',1,7,1331716902,1331716902,1331718244,'210.21.36.100','Mozilla/4.0 (compatible; MSIE 6.0; Windows NT 5.1; SV1; YPC 3.0.2; .NET CLR 1.1.4322; yplus 4.4.02b)','','posting.php?mode=reply&f=7&t=7',1,0,0),('44e7c19587a239df1279334c8c7eed0c',1,7,1331717251,1331717251,1331717259,'61.145.165.125','Mozilla/4.0 (compatible; MSIE 6.0; Windows NT 5.1; SV1; .NET CLR 1.1.4322; .NET CLR 2.0.50727)','','viewforum.php?f=7',1,0,0),('6c3527b18e1909cd15039b24fe3efae3',1,0,1331718139,1331718139,1331718158,'109.230.246.149','Mozilla/4.0 (compatible; MSIE 6.0; Windows NT 5.1; SV1)','','ucp.php?mode=register',1,0,0),('7bd9793c65d5c3efaee3997f1c2c2c5e',1,7,1331718559,1331718559,1331718968,'58.22.133.148','Mozilla/4.0 (compatible; MSIE 6.0; Windows NT 5.1; SV1; FunWebProducts; .NET CLR 1.1.4322; PeoplePal 6.2)','','posting.php?mode=reply&f=7&t=94',1,0,0),('a3c9dde3811239a716ac184af7bfe4d4',1,0,1331718942,1331718942,1331718974,'91.207.8.46','Opera/9.01 (Windows NT 5.1; U; en)','','ucp.php?mode=register',1,0,0),('100d2ff316a843987b359b3654761290',1,7,1331719390,1331719390,1331719421,'109.230.251.186','Mozilla/4.0 (compatible; MSIE 5.5; Windows 95; BCD2000)','','viewforum.php?f=7',1,0,0),('e26604172792f521fa0b32d3865ebfff',1,0,1331720082,1331720082,1331720082,'220.161.155.83','Mozilla/1.22 (compatible; MSIE 2.0; Windows 95)','','index.php',1,0,0),('ab91e43dfdd181658380aa569d15db3e',1,7,1331720350,1331720350,1331720351,'178.127.201.213','Mozilla/4.0 (compatible; MSIE 6.0; Windows NT 5.1; ru) Opera 8.50','','viewforum.php?f=7',1,0,0),('a5421969d33527f97be4e00ab33da92a',1,7,1331720617,1331720617,1331720691,'122.194.5.107','Mozilla/4.0 (compatible; MSIE 6.0; Windows NT 5.1; .NET CLR 1.1.4322; Alexa Toolbar; (R1 1.5))','','posting.php?mode=reply&f=7&t=94',1,0,0),('4a122de647715569a57eb78210e2fbfa',1,7,1331720719,1331720719,1331720751,'223.4.118.227','Opera/9.00 (Windows NT 4.0; U; en)','','posting.php?mode=reply&f=7&t=7',1,0,0),('937cadc3d06e213614d91228f0c3e45d',1,0,1331720758,1331720758,1331720777,'192.162.19.173','Mozilla/4.0 (compatible; MSIE 7.0; Windows NT 5.1; SV1; .NET CLR 2.0.50727)','','ucp.php?mode=register',1,0,0),('79048d016beff6bd78eadea3c5314233',1,7,1331721732,1331721732,1331721758,'94.181.203.133','Opera/9.01 (Windows NT 5.1; U; en)','','posting.php?mode=reply&f=7&t=248',1,0,0),('0e45ffa6e22e9cf87e2edea2116af522',1,0,1331723113,1331723113,1331723149,'218.86.48.199','Mozilla/4.0 (compatible; MSIE 5.5; Windows NT 4.0; .NET CLR 1.0.2914)','','index.php',1,0,0),('8b73b32003c6aa3b232765dc67debafa',1,7,1331723307,1331723307,1331723369,'176.9.191.110','Mozilla/4.0 (compatible; MSIE 6.0; Windows NT 5.1; SV1; InfoPath.1)','','posting.php?mode=post&f=7',1,0,0),('245f0f0248b015f919884a3dd9e2ed22',1,0,1331724385,1331724385,1331724409,'220.161.150.114','Mozilla/4.0 (compatible; MSIE 6.0; Windows NT 5.1; .NET CLR 1.1.4322; FDM)','','ucp.php?mode=login',1,0,0),('c20ac1e4155e9d18cccf912f2b39d91f',1,7,1331725405,1331725405,1331725449,'91.217.178.223','Mozilla/2.0 (compatible; MSIE 3.02; Windows CE; 240x320)','','posting.php?mode=post&f=7',1,0,0),('879dcc6e0877a2b8b3ee03c7b1b78b97',1,7,1331725487,1331725487,1331725633,'204.16.193.12','Mozilla/4.0 (compatible; MSIE 6.0; Windows NT 5.1; SV1; .NET CLR 1.1.4322; XMPP Tiscali Communicator v.10.0.2; .NET CLR 2.0.50727)','','posting.php?mode=reply&f=7&t=6',1,0,0),('f696946dd5ae1cdd6962a1c3622807b7',1,0,1331727790,1331727790,1331727818,'91.217.178.229','Mozilla/4.0 (compatible; MSIE 6.0; Windows NT 5.1; SV1; InfoPath.1)','','ucp.php?mode=register',1,0,0),('0b3aed5f43d0c48eac85a6f134e4a31a',1,7,1331728798,1331728798,1331728823,'46.246.77.103','Mozilla/4.0 (compatible; MSIE 6.0; Windows NT 5.2; Win64; AMD64)','','viewforum.php?f=7',1,0,0),('4902578aad44b6fca08a525577fc73de',1,0,1331729144,1331729144,1331729157,'91.207.8.46','Mozilla/4.0 (compatible; MSIE 6.0; Windows NT 5.1; .NET CLR 1.1.4322; Alexa Toolbar; (R1 1.5))','','ucp.php?mode=register',1,0,0),('e7c39577aad9508397ab55b24f8d8928',1,7,1331729219,1331729219,1331729254,'176.8.89.8','Mozilla/4.0 (compatible; MSIE 6.0; Windows NT 5.0; APC; .NET CLR 1.0.3705; .NET CLR 1.1.4322; .NET CLR 2.0.50215; InfoPath.1)','','posting.php?mode=reply&f=7&t=6',1,0,0),('dc44e43d574fadc9a9269553f23cc357',1,7,1331729249,1331729249,1331729254,'178.250.47.252','Mozilla/4.0 (compatible; MSIE 6.0; Windows NT 5.1) Netscape/8.0.4','','posting.php?mode=post&f=7',1,0,0),('0ecb7c197dbc410d276ff728ff8b7f3a',1,0,1331729319,1331729319,1331729333,'199.192.206.203','Mozilla/4.0 (compatible; MSIE 6.0; Windows NT 5.1; ru) Opera 8.50','','index.php',1,0,0),('ff2ba9549efcaa5180d10a697e95f3fb',1,7,1331729544,1331729544,1331729662,'58.213.46.202','Mozilla/4.0 (compatible; MSIE 6.0; Windows NT 5.1; SV1; .NET CLR 1.1.4322)','','posting.php?mode=reply&f=7&t=94',1,0,0),('cba7af6cda6371c4b9931f17c5001e4d',1,0,1331729825,1331729825,1331729825,'61.164.87.130','Mozilla/4.0 (compatible; MSIE 6.0; Windows NT 5.1; MRA 4.3 (build 01218); .NET CLR 1.1.4322)','','ucp.php?mode=register',1,0,0),('f7719982432d4de73f5f3c2f39ff4806',1,0,1331730080,1331730080,1331730218,'70.160.51.172','Mozilla/4.0 (compatible; MSIE 5.5; Windows NT 5.0; .NET CLR 1.1.4322)','','index.php',1,0,0),('5ff3699ade7ad611f4356629a3888211',1,7,1331730231,1331730231,1331730574,'177.19.212.234','Mozilla/4.0 (compatible; MSIE 6.0; Windows NT 5.1; SV1; InfoPath.1','','posting.php?mode=post&f=7',1,0,0),('111c1437d6791c8211675f1e4bebbcf2',1,7,1331730107,1331730107,1331730150,'176.31.106.146','Mozilla/4.0 (compatible; MSIE 6.0; Windows NT 5.1) Netscape/8.0.4','','viewforum.php?f=7',1,0,0),('b790539b37c0c1ad676c96c484ddfc0a',1,7,1331730889,1331730889,1331730906,'146.0.74.244','Mozilla/4.0 (compatible; MSIE 6.0; MSIE 5.5; Windows NT 4.0) Opera 7.0 [en]','','posting.php?mode=reply&f=7&t=7',1,0,0),('9b2c0fc03619720b77fbd670d13162e3',1,7,1331731252,1331731252,1331731296,'220.161.150.114','Mozilla/2.0 (compatible; MSIE 3.02; Windows CE; 240x320)','','posting.php?mode=reply&f=7&t=7',1,0,0),('6c823b8b77b92ca22057c5a071f2ca65',1,7,1331731556,1331731556,1331731798,'46.17.100.243','Mozilla/4.0 (compatible; MSIE 6.0; Windows NT 5.1; SV1; YPC 3.0.2; .NET CLR 1.1.4322; yplus 4.4.02b)','','posting.php?mode=reply&f=7&t=6',1,0,0),('ce907eb212a275a16c2c5b22de843dc7',1,7,1331731753,1331731753,1331731778,'91.224.160.131','Mozilla/4.0 (compatible; MSIE 6.0; Windows NT 5.0; .NET CLR 1.0.3705; .NET CLR 1.1.4322)','','posting.php?mode=reply&f=7&t=248',1,0,0),('dc1ac3d78bf54041312bedef40cc5682',1,7,1331733374,1331733374,1331733384,'178.250.47.252','Mozilla/4.0 (compatible; MSIE 6.0; Windows NT 5.2; Win64; x64; SV1; .NET CLR 2.0.50727)','','posting.php?mode=post&f=7',1,0,0),('65a9696ec500801bf826878985077180',1,0,1331734068,1331734068,1331734079,'178.32.96.179','Mozilla/4.0 (compatible; MSIE 5.5; Windows NT 4.0)','','ucp.php?mode=register',1,0,0),('9bef853509cbc7caab02ae23988b5c4c',1,7,1331734144,1331734144,1331734167,'94.181.203.133','Mozilla/4.0 (compatible; MSIE 6.0; Windows NT 5.1; .NET CLR 1.0.3705)','','posting.php?mode=reply&f=7&t=7',1,0,0),('f74a36c114d4f17a3bcdf1067dd666ce',1,0,1331734669,1331734669,1331734672,'59.62.155.221','Mozilla/4.0 (compatible- MSIE 6.0- Windows NT 5.1- SV1- .NET CLR 1.1.4322','','index.php',1,0,0),('d4801e09a66221052841932ca21838cb',1,0,1331734736,1331734736,1331734762,'59.58.139.247','Mozilla/4.0 (compatible; MSIE 6.0; Update a; AOL 6.0; Windows 98)','','index.php',1,0,0),('56b5bf52ead4cef54846c2328244d51a',1,7,1331734770,1331734770,1331734890,'175.42.91.203','Mozilla/4.0 (compatible; MSIE 6.0; Update a; AOL 6.0; Windows 98)','','posting.php?mode=reply&f=7&t=6',1,0,0),('df47b9f0ffa404503c1c456df372c351',1,0,1331734749,1331734749,1331734749,'195.82.154.25','Mozilla/4.0 (compatible; MSIE 6.0; Windows 98; Win 9x 4.90)','','index.php',1,0,0),('9e3633e07bc821d05aba0607fb3bf15d',1,0,1331734954,1331734954,1331734994,'58.83.224.217','Mozilla/4.0 (compatible; MSIE 5.0; Windows 95) Opera 6.01  [en]','','index.php',1,0,0),('2f0c06d748700a604bfdc9f863f64839',1,7,1331735397,1331735397,1331735422,'85.21.237.227','Mozilla/4.0 (compatible; MSIE 6.0; Windows NT 5.1)','','posting.php?mode=reply&f=7&t=94',1,0,0),('b27018740bc8a874016cd5605e0c5f31',1,7,1331736021,1331736021,1331736038,'146.0.74.245','Mozilla/4.0 (compatible; MSIE 6.0; Windows XP)','','posting.php?mode=reply&f=7&t=6',1,0,0),('6952dde4f58d085f761aac080b512f31',1,7,1331736141,1331736141,1331736157,'146.0.74.244','Mozilla/4.0 (compatible; MSIE 6.0; Windows NT 5.1; .NET CLR 1.1.4322; FDM)','','posting.php?mode=reply&f=7&t=7',1,0,0),('7fb4095dcaaaa25f243d41d327287913',1,7,1331736171,1331736171,1331736187,'146.0.74.244','Mozilla/4.0 (compatible; MSIE 6.0; Windows NT 5.1)','','posting.php?mode=reply&f=7&t=6',1,0,0),('8fe9f0b8c9fd62307846c20cfd91a7b5',1,0,1331680800,1331680800,1331680815,'91.214.17.6','Opera/9.01 (Windows NT 5.1; U; en)','','ucp.php?mode=register',1,0,0),('26989a7833d8c3be462ead9ac557a7cf',7,0,1331558147,1331970553,1332007745,'84.130.185.72','Mozilla/5.0 (Windows NT 6.1; WOW64; rv:10.0.2) Gecko/20100101 Firefox/10.0.2','','index.php',1,1,0),('aad785d4a2ac554bf0becb2b02a276c7',1,0,1331645443,1331645443,1331645633,'175.44.1.76','Mozilla/0.91 Beta (Windows)','','ucp.php?mode=register',1,0,0),('b32dd3d2bd205c810c3f9639773fa309',1,7,1331646734,1331646734,1331646762,'178.137.18.72','Mozilla/4.0 (compatible; MSIE 6.0; Windows NT 5.0; APC; .NET CLR 1.0.3705; .NET CLR 1.1.4322; .NET CLR 2.0.50215; InfoPath.1)','','posting.php?mode=reply&f=7&t=7',1,0,0),('effab2f23747ca26d83418f3db468fa5',1,0,1331646746,1331646746,1331646786,'91.217.178.223','Mozilla/4.0 (compatible; MSIE 6.0; Windows NT 5.1; en) Opera 9.0','','index.php',1,0,0),('bf8643b9b7d7aea3bea11a33d9ae6143',1,0,1331646814,1331646814,1331646825,'94.27.82.87','Mozilla/0.91 Beta (Windows)','','ucp.php?mode=register',1,0,0),('d5b223fea3de78672978baa38f73b066',1,7,1331743150,1331743150,1331743150,'195.62.25.211','start.exe','','viewtopic.php?f=7&t=94',1,0,0),('b07d2acb3b1c7b664ae343fa6e37a33b',1,0,1331647497,1331647497,1331647522,'220.161.150.114','Mozilla/4.0 (compatible; MSIE 5.0; Windows NT; DigExt)','','ucp.php?mode=login',1,0,0),('2d0a8dd4d34fdb74b5e3e9e6a188fa32',1,7,1331648317,1331648317,1331648330,'146.0.74.244','Mozilla/2.0 (compatible; MSIE 3.02; Windows CE; 240x320)','','posting.php?mode=reply&f=7&t=7',1,0,0),('89a9a868d93f87c2313dafcf6c3166f1',1,0,1331648633,1331648633,1331648633,'58.22.151.6','Mozilla/4.0 (compatible; MSIE 6.0; Windows NT 5.1; SV1; FunWebProducts)','','index.php',1,0,0),('1bf36981b69c7c60a89a35b858583dfa',1,7,1331648943,1331648943,1331649142,'58.22.139.142','Mozilla/4.0 (compatible; MSIE 5.5; Windows NT 5.0; T312461)','','posting.php?mode=reply&f=7&t=248',1,0,0),('42ab13e1e4bf624df52b5327014002ab',1,0,1331649238,1331649238,1331649293,'58.22.150.163','Mozilla/4.0 (compatible; MSIE 6.0; Windows NT 5.1; SV1; MRA 4.6 (build 01425); MRSPUTNIK 1, 5, 0, 19 SW)','','ucp.php?mode=register',1,0,0),('6dabe514e64342dbb00e571fc0ce6356',1,7,1331649403,1331649403,1331649525,'175.44.1.228','Mozilla/4.0 (compatible; MSIE 5.0; Windows 3.1)','','posting.php?mode=reply&f=7&t=7',1,0,0),('5be78034b9f30fd0f6a2ad0c38d45a6e',1,7,1331649487,1331649487,1331649513,'94.181.235.222','Mozilla/4.0 (compatible; MSIE 6.0; Windows NT 5.1; SV1; .NET CLR 1.1.4322) Babya Discoverer  8.0:','','posting.php?mode=reply&f=7&t=6',1,0,0),('2aff6dfb16c69dd69086299ec1633f44',1,7,1331649532,1331649532,1331649582,'218.66.250.106','Mozilla/4.0 (compatible; MSIE 6.0; Windows NT 5.1; MyIE2; Deepnet Explorer)','','posting.php?mode=reply&f=7&t=6',1,0,0),('0874a0b1cd07536a0a08722fdcf5364b',1,0,1331649864,1331649864,1331650000,'117.27.138.41','Mozilla/4.0 (compatible; MSIE 4.01; Digital AlphaServer 1000A 4/233; Windows NT; Powered By 64-Bit Alpha Processor)','','ucp.php?mode=register',1,0,0),('820c1e264cef9f0f1fcc078f5a1fd1d0',1,7,1331650015,1331650015,1331650239,'175.44.39.87','Mozilla/4.0 (compatible; MSIE 5.5; Windows NT 4.0)','','posting.php?mode=reply&f=7&t=248',1,0,0),('276a9b1d90bc3951a9974615236b2f45',1,0,1331649997,1331649997,1331650070,'112.111.169.75','Mozilla/4.0 (compatible; MSIE 5.0; Windows 3.1)','','ucp.php?mode=register',1,0,0),('bf5f76aa9e66c44481fa6bad7b5d7638',1,0,1331650171,1331650171,1331650211,'175.44.3.144','Mozilla/4.0 (compatible; MSIE 6.0; AOL 9.0; Windows NT 5.1)','','ucp.php?mode=register',1,0,0),('39b1384850da4b49c5c82a6bc65f5003',1,18,1331650276,1331650276,1331650289,'2.60.114.238','Mozilla/4.0 (compatible; MSIE 6.0; Windows NT 5.0; APC; .NET CLR 1.0.3705; .NET CLR 1.1.4322; .NET CLR 2.0.50215; InfoPath.1)','','viewforum.php?f=18',1,0,0),('23eded91262f05c1d25d663154832922',1,7,1331568559,1331568559,1331568633,'94.181.197.168','Mozilla/4.0 (compatible; MSIE 5.0; Windows 95) Opera 6.01  [en]','','posting.php?mode=reply&f=7&t=6',1,0,0),('8ecf324afa61e03c5569074e0ef99310',1,0,1331568837,1331568837,1331568861,'218.6.15.112','Mozilla/4.0 (compatible; MSIE 6.0; Windows XP)','','index.php',1,0,0),('fa46322def5b2965039c51fdb444192c',1,7,1331568990,1331568990,1331569064,'27.159.231.183','Mozilla/4.0 (compatible; MSIE 6.0; Windows NT 5.2; Win64; x64; SV1; .NET CLR 2.0.50727)','','posting.php?mode=reply&f=7&t=6',1,0,0),('e4751d2fd66f23368f3310fc019838d6',1,7,1331571264,1331571264,1331571270,'94.181.218.149','Mozilla/4.0 (compatible; MSIE 6.0; Windows NT 5.1; SV1; .NET CLR 1.1.4322)','','posting.php?mode=post&f=7',1,0,0),('b4c74e5340c91666ccf10ee8d4d07513',1,7,1331571267,1331571267,1331571290,'178.137.18.72','Mozilla/4.0 (compatible; MSIE 7.0; Windows NT 5.1; SV1; .NET CLR 2.0.50727)','','posting.php?mode=reply&f=7&t=6',1,0,0),('f3582b422c7faddf53dc6c3987c7d97f',1,18,1331999655,1331999655,1331999668,'216.24.206.78','Mozilla/4.0 (compatible; MSIE 5.5; Windows NT 4.0; .NET CLR 1.0.2914)','','viewforum.php?f=18',1,0,0),('454020d5280ae34a0bf56bf0443199d7',1,0,1331999946,1331999946,1331999968,'222.186.17.99','Mozilla/4.0 (compatible; MSIE 5.5; Windows NT 4.0; .NET CLR 1.0.2914)','','ucp.php?mode=register',1,0,0),('5159c7fce0417c5b854b1f01d7cbb47d',1,0,1332000237,1332000237,1332000263,'218.6.15.112','Mozilla/4.0 (compatible; MSIE 6.0; Windows NT 5.1; SV1; .NET CLR 1.1.4322; XMPP Tiscali Communicator v.10.0.2; .NET CLR 2.0.50727)','','index.php',1,0,0),('47b4365825bce2ca1fab1018744505ae',1,0,1332000361,1332000361,1332000374,'82.193.109.52','Mozilla/4.0 (compatible; MSIE 6.0; Windows NT 5.1; SV1; InfoPath.1)','','ucp.php?mode=register',1,0,0),('162bd64dce61cbc80c9fb1bbba7b7dcd',1,0,1332000830,1332000830,1332000830,'58.221.42.119','Opera/8.01 (Windows NT 5.1)','','ucp.php?mode=register',1,0,0),('51983f995a689f38af173b22f46c935f',1,7,1332001245,1332001245,1332001375,'220.185.253.20','Mozilla/4.76 [en] (Windows NT 5.0; U)','','posting.php?mode=reply&f=7&t=7',1,0,0),('00729cbe5fefdcac266deae281dd103b',1,0,1332001684,1332001684,1332001684,'118.168.97.17','Mozilla/4.0 (compatible; MSIE 6.0; Windows NT 5.0; KTXN)','','index.php',1,0,0),('e73bf4630d8d079c8e11c6b6a0b52724',1,7,1332002486,1332002486,1332002717,'112.111.179.17','Opera/8.01 (Windows NT 5.1)','','viewforum.php?f=7',1,0,0),('c0139d974239279c7ff8f6f9b326d6b1',1,0,1332003153,1332003153,1332003201,'46.17.100.166','Mozilla/4.0 (compatible; MSIE 4.01; Digital AlphaServer 1000A 4/233; Windows NT; Powered By 64-Bit Alpha Processor)','','ucp.php?mode=register',1,0,0),('60f71710b4eda27bdeddcf11418abc71',1,7,1332003204,1332003204,1332003218,'188.163.65.200','Mozilla/4.0 (compatible; MSIE 5.5; Windows 95)','','posting.php?mode=reply&f=7&t=248',1,0,0),('04f235649b39b46af050308d70fa24c6',1,0,1332003269,1332003269,1332003280,'46.164.162.241','Mozilla/4.0 (compatible; MSIE 6.0; Windows NT 5.1; .NET CLR 1.1.4322)','','ucp.php?mode=register',1,0,0),('7be440e62e1061dc0267302109c64531',1,0,1332004146,1332004146,1332004164,'109.230.216.6','Mozilla/4.0 (compatible; MSIE 6.0; MSIE 5.5; Windows NT 4.0) Opera 7.0 [en]','','index.php',1,0,0),('97d8ca1584ca7d409075b873915296c5',1,0,1332004291,1332004291,1332004291,'213.111.224.224','Mozilla/4.0 (compatible; MSIE 6.0; Windows 98; Win 9x 4.90)','','index.php',1,0,0),('846fbbd08acc76d637352389be1f798b',1,0,1332004292,1332004292,1332004292,'213.111.224.224','Mozilla/4.0 (compatible; MSIE 6.0; Windows 98; Win 9x 4.90)','','index.php',1,0,0),('5ddf91fc070d5178f669739a36e76cb9',1,7,1332004394,1332004394,1332004425,'176.212.2.159','Mozilla/4.0 (compatible; MSIE 6.0; Windows NT 5.1; .NET CLR 1.1.4322; Alexa Toolbar; (R1 1.5))','','posting.php?mode=reply&f=7&t=248',1,0,0),('d1fa9b15de45df7c8471815d165bf4c5',1,7,1332004441,1332004441,1332004485,'220.185.246.150','Mozilla/4.0 (compatible; MSIE 6.0; Windows NT 5.2; Win64; x64; SV1; .NET CLR 2.0.50727)','','posting.php?mode=reply&f=7&t=7',1,0,0),('8b66c97a073da243e37b9fa50de73db7',1,7,1332005974,1332005974,1332006013,'195.190.13.26','Mozilla/4.0 (compatible; MSIE 6.0; Windows NT 5.1; KKman2.0)','','viewforum.php?f=7',1,0,0),('d33327c8be2a54b61dbb3823b1c95cd0',1,7,1332006551,1332006551,1332006771,'175.44.1.137','Mozilla/4.0 (compatible; MSIE 7.0b; Windows NT 6.0)','','posting.php?mode=reply&f=7&t=6',1,0,0),('9b00ee8383b288608413eab9ab145016',1,7,1332006949,1332006949,1332007062,'112.111.181.46','Mozilla/4.0 (compatible; MSIE 5.5; Windows NT 4.0; .NET CLR 1.0.2914)','','posting.php?mode=reply&f=7&t=7',1,0,0),('9b1767400caf6f57f95216f96260a2e2',1,7,1332007063,1332007063,1332007264,'58.22.75.68','Mozilla/4.0 (compatible; MSIE 6.0; MSIE 5.5; Windows NT 5.0) Opera 7.02 Bork-edition [en]','','posting.php?mode=reply&f=7&t=6',1,0,0),('89d69c166537b026959a97464d596172',1,7,1332007407,1332007407,1332007518,'220.161.150.70','Mozilla/4.0 (compatible; MSIE 5.5; Windows NT 5.0; T312461)','','posting.php?mode=reply&f=7&t=7',1,0,0),('5e9243060865a86f8b6139f056a08f78',1,0,1332007737,1332007737,1332007761,'176.8.89.97','Mozilla/4.0 (compatible; MSIE 5.0; Windows 95) Opera 6.01  [en]','','ucp.php?mode=register',1,0,0),('64c3710506ed4f7aac0958e03d143000',1,0,1332007890,1332007890,1332007901,'62.233.42.69','Mozilla/4.0 (compatible; MSIE 6.0; MSIE 5.5; Windows NT 5.0) Opera 7.02 Bork-edition [en]','','ucp.php?mode=register',1,0,0),('04d7b256f7edf45c05def06d6a461e6f',1,0,1332008141,1332008141,1332008141,'199.168.142.166','Mozilla/4.0 (compatible; MSIE 6.0; Windows NT 5.0; KTXN)','','index.php',1,0,0),('d955b0e552fc420037cbedf26defc92a',1,0,1332008517,1332008517,1332008537,'82.193.109.52','Mozilla/4.0 (compatible; MSIE 6.0; Windows NT 5.0; .NET CLR 1.0.3705; .NET CLR 1.1.4322)','','index.php',1,0,0),('26e2f4d59d898f32941e8ee1393407ed',1,0,1332009175,1332009175,1332009175,'119.57.77.163','Mozilla/4.0 (compatible; MSIE 6.0; MSIE 5.5; Windows NT 4.0) Opera 7.0 [en]','','index.php',1,0,0),('e1a34034484fd7c12a6ff035f5d90af6',1,7,1332009499,1332009499,1332009528,'178.137.18.72','Mozilla/4.0 (compatible; Powermarks/3.5; Windows 95/98/2000/NT)','','posting.php?mode=reply&f=7&t=7',1,0,0),('3be79d83d230ef3df4a1220a0c83ac2d',1,0,1332010824,1332010824,1332010836,'82.193.109.52','Mozilla/4.0 (compatible; Powermarks/3.5; Windows 95/98/2000/NT)','','index.php',1,0,0),('eb576b090b2dde276c3c2150151b1c0b',1,0,1332013061,1332013061,1332013112,'190.74.186.122','Mozilla/0.6 Beta (Windows)','','index.php',1,0,0),('2e8b8a4a72e32f50735d9eafe77c27bf',1,7,1332013268,1332013268,1332013324,'46.21.144.51','Mozilla/4.0 (compatible; MSIE 6.0; Windows NT 5.1; .NET CLR 1.1.4322; FDM)','','posting.php?mode=reply&f=7&t=94',1,0,0),('c9b7867cb91e29b9eb1b0cc51112a3b1',1,7,1332014395,1332014395,1332014511,'175.44.26.94','Mozilla/4.0 (compatible; MSIE 6.0; Windows NT 5.1; Deepnet Explorer 1.5.0; .NET CLR 1.0.3705)','','posting.php?mode=reply&f=7&t=248',1,0,0),('3b85bfeebc7b067e4d54db0b29d196f8',1,7,1332042131,1332042131,1332042550,'175.44.1.61','Mozilla/4.0 (compatible; MSIE 6.0; Windows NT 5.2; Win64; AMD64)','','viewforum.php?f=7',1,0,0),('8b03639de35691c14a70bd4359776382',1,7,1332014424,1332014424,1332014453,'176.8.89.8','Mozilla/4.0 (compatible; MSIE 6.0; Windows NT 5.2; SV1; .NET CLR 1.1.4322; .NET CLR 2.0.50727)','','posting.php?mode=reply&f=7&t=94',1,0,0),('d17b306e4067c687f701c378d795271b',459,0,1332015624,1332015234,1332015624,'217.212.224.181','psbot/0.1 (+http://www.picsearch.com/bot.html)','','search.php?search_id=unanswered',1,0,0),('d59a083047805eabeaae3534c7b8d138',1,7,1332016372,1332016372,1332016401,'176.212.2.159','Mozilla/1.22 (compatible; MSIE 2.0; Windows 95)','','posting.php?mode=reply&f=7&t=248',1,0,0),('6f9206f4aa14e75238f38e9f31e8ae54',1,0,1332016606,1332016606,1332016625,'91.236.74.130','Mozilla/4.0 (compatible; MSIE 6.0; Windows NT 5.1; Q312461)','','ucp.php?mode=register',1,0,0),('946b25208696c8f222ee5116bbb09603',1,0,1332017445,1332017445,1332017464,'187.94.215.166','Mozilla/2.0 (compatible; MSIE 3.02; Windows CE; 240x320)','','ucp.php?mode=register',1,0,0),('86d263b0f0b2c10a2fd3e5d5fe877deb',1,0,1332019044,1332019044,1332019055,'77.65.48.239','Mozilla/4.0 (compatible; MSIE 5.5; Windows NT 4.0; .NET CLR 1.0.2914)','','ucp.php?mode=register',1,0,0),('b6f40b1b3884d220f3a1f4a60c7b4daa',1,7,1332019212,1332019212,1332019215,'110.34.134.108','Mozilla/4.0 (compatible; MSIE 6.0; Windows NT 5.1; Maxthon; .NET CLR 1.1.4322)','','posting.php?mode=post&f=7',1,0,0),('dc1700f8f3c34f986bb790584c05f09e',1,0,1332019577,1332019577,1332019624,'59.58.139.209','Mozilla/4.0 (compatible; MSIE 6.0; Windows NT 5.1; SV1; YPC 3.0.2; .NET CLR 1.1.4322; yplus 4.4.02b)','','index.php',1,0,0),('f0cd92194e6c5e43e87f13e4012c5e3c',1,7,1332019714,1332019714,1332019742,'178.137.18.72','Mozilla/1.22 (compatible; MSIE 2.0d; Windows NT)','','posting.php?mode=reply&f=7&t=7',1,0,0),('e2361545562712accb3322cb43002498',1,7,1332019919,1332019919,1332020005,'91.217.178.230','Mozilla/4.0 (compatible; MSIE 6.0; America Online Browser 1.1; rev1.2; Windows NT 5.1; SV1; .NET CLR 1.1.4322)','','viewforum.php?f=7',1,0,0),('f064bcd27731eccaa1a82e583c0a2691',1,0,1332020426,1332020426,1332020437,'31.187.9.225','Mozilla/4.0 (compatible; MSIE 6.0; Windows NT 5.1; .NET CLR 1.0.3705)','','ucp.php?mode=register',1,0,0),('0ff6dfd656d4d66e2af58f7480c41c22',1,0,1332020474,1332020474,1332020597,'58.246.200.114','Mozilla/4.0 (compatible; MSIE 6.0; Windows NT 5.1; .NET CLR 1.1.4322; Alexa Toolbar; (R1 1.5))','','index.php',1,0,0),('e13fe775942543deeb99a32ca9551fef',1,7,1332021442,1332021442,1332021474,'205.213.195.70','Mozilla/4.0 (compatible; MSIE 6.0; MSIE 5.5; Windows NT 5.0) Opera 7.02 Bork-edition [en]','','posting.php?mode=reply&f=7&t=6',1,0,0),('abb63ef8cc751d5b67c368d8749de337',1,7,1332022313,1332022313,1332022338,'220.185.253.20','Mozilla/4.0 (compatible; MSIE 6.0; Windows NT 5.1; MyIE2; Deepnet Explorer)','','posting.php?mode=post&f=7',1,0,0),('b1d22bd9307d698d8c1d0052a8e74d37',1,7,1332022559,1332022559,1332022621,'218.6.15.112','Mozilla/4.0 (compatible; MSIE 6.0; Windows NT 5.1; .NET CLR 1.1.4322)','','posting.php?mode=reply&f=7&t=7',1,0,0),('7b993480131fbf25e7749fca840240c7',1,0,1332023374,1332023374,1332023407,'81.201.16.12','Mozilla/4.0 (compatible; MSIE 6.0; Windows ME) Opera 7.11  [en]','','ucp.php?mode=register',1,0,0),('49b6fc1e246534d0bfa954138673794f',1,0,1332024676,1332024676,1332024699,'78.174.78.32','Mozilla/4.0 (compatible; MSIE 6.0; Windows NT 5.1; SV1; Media Center PC','','ucp.php?mode=register',1,0,0),('978f124d8808afa3a2608e35e6e6da82',1,0,1332025405,1332025405,1332025422,'94.190.30.135','Mozilla/4.0 (compatible; MSIE 6.0; Windows NT 5.1; MRA 4.6 (build 01425))','','ucp.php?mode=register',1,0,0),('6e41ef0efe3d63480ec69460d7d9de57',1,0,1332026109,1332026109,1332026122,'46.17.99.164','Mozilla/4.0 (compatible; MSIE 6.0; MSIE 5.5; Windows NT 5.0) Opera 7.02 Bork-edition [en]','','ucp.php?mode=register',1,0,0),('3cdd046377e32534e963707dcada24ba',1,0,1332026297,1332026297,1332026312,'109.230.216.6','Mozilla/4.7 (compatible; OffByOne; Windows 2000) Webster Pro V3.4','','index.php',1,0,0),('8fd3faf7b78eb57d519dba4bdf724c10',1,0,1332026520,1332026520,1332026539,'222.186.17.99','Opera/9.00 (Windows NT 5.1; U; en)','','ucp.php?mode=register',1,0,0),('24e22e13a302e0d666ae506ba14f8f88',1,7,1332026960,1332026960,1332026979,'77.65.48.239','Mozilla/4.0 (compatible; MSIE 5.5; Windows NT 5.0; .NET CLR 1.1.4322)','','posting.php?mode=reply&f=7&t=94',1,0,0),('f9ebe3f05bcebe4f6f274862bfe7931d',1,0,1332027165,1332027165,1332027188,'91.217.178.234','Mozilla/4.0 (compatible; MSIE 6.0; Windows NT 5.1; SV1; InfoPath.1','','ucp.php?mode=register',1,0,0),('3f3a3db2d1b3c0f085339f36edde8a8a',1,7,1332027852,1332027852,1332027923,'91.217.178.223','Opera/9.01 (Windows NT 5.1; U; en)','','posting.php?mode=reply&f=7&t=94',1,0,0),('c50903b9b16a3ff2ca71b27688dac197',1,7,1332027979,1332027979,1332028005,'176.212.2.159','Mozilla/4.0 (compatible; MSIE 6.0; Windows NT 5.1; SV1; .NET CLR 1.1.4322)','','posting.php?mode=reply&f=7&t=6',1,0,0),('1d885fd5db764041652a6d11c0322d43',1,7,1332028066,1332028066,1332028245,'91.217.178.230','Opera/8.00 (Windows NT 5.1; U; en)','','posting.php?mode=reply&f=7&t=6',1,0,0),('d4bf03d5684d0f3bbf3e0a0a61fe805a',1,0,1332028294,1332028294,1332028316,'46.21.144.52','Mozilla/4.0 (compatible; MSIE 5.5; Windows NT 5.0)','','index.php',1,0,0),('195f66de972342a386f3e83c08d99169',1,0,1332028914,1332028914,1332028927,'78.167.254.105','Mozilla/4.0 (compatible; MSIE 6.0; America Online Browser 1.1; rev1.2; Windows NT 5.1; SV1; .NET CLR 1.1.4322)','','ucp.php?mode=register',1,0,0),('467df13148d46f87b20d4bb1a49ff4cb',1,0,1332028988,1332028988,1332029008,'82.193.109.249','Mozilla/0.6 Beta (Windows)','','ucp.php?mode=register',1,0,0),('32a1a193c8efc5702925ec11e8f9ac50',1,0,1332030235,1332030235,1332030416,'62.34.17.171','Mozilla/4.0 (compatible; MSIE 5.5; Windows NT 4.0; .NET CLR 1.0.2914)','','index.php',1,0,0),('4f2b3e76d9133457c2a5dc39c315dbc2',1,0,1332030346,1332030346,1332030346,'91.201.64.113','Mozilla/4.0 (compatible; MSIE 6.0; Windows NT 5.1)','','index.php',1,0,0),('3af0b4c6d72641ffdf7e7c9318882170',1,0,1332031143,1332031143,1332031157,'178.33.146.254','Mozilla/4.0 (compatible; MSIE 6.0; Windows NT 5.2; SV1; .NET CLR 1.1.4322; .NET CLR 2.0.50727)','','index.php',1,0,0),('df08b2088a92f92a6969a24facae6512',1,7,1332031276,1332031276,1332031410,'91.217.178.236','Mozilla/4.0 (compatible; MSIE 6.0; Windows NT 5.0; .NET CLR 1.0.3705; .NET CLR 1.1.4322)','','posting.php?mode=reply&f=7&t=7',1,0,0),('972c0de9824afbe916d355dda9a6cc34',1,7,1332031690,1332031690,1332031810,'125.127.125.128','Mozilla/4.0 (compatible; Powermarks/3.5; Windows 95/98/2000/NT)','','posting.php?mode=reply&f=7&t=94',1,0,0),('f16537b58fea3857fc5399bea72d1c72',1,7,1332032044,1332032044,1332032063,'178.137.18.72','Mozilla/4.0 (compatible; MSIE 6.0; Windows NT 5.1; Maxthon; .NET CLR 1.1.4322)','','posting.php?mode=reply&f=7&t=7',1,0,0),('766fdeafca4cb83e1de7f5ee9fcda349',1,7,1332032738,1332032738,1332032768,'176.8.89.8','Mozilla/4.0 (compatible; MSIE 5.5; Windows NT 5.0; .NET CLR 1.1.4322)','','posting.php?mode=reply&f=7&t=94',1,0,0),('a494b091bc067b1b3ef96e7f6662c7d2',1,0,1332032859,1332032859,1332032884,'221.11.17.2','Mozilla/4.0 (compatible; MSIE 6.0; Windows NT 5.0; .NET CLR 1.0.3705; .NET CLR 1.1.4322)','','index.php',1,0,0),('e631aeff6acfd423794f2cdceda94232',1,0,1332033357,1332033357,1332033447,'218.6.8.19','Mozilla/4.0 (compatible; MSIE 6.0; Windows NT 5.1; TheFreeDictionary.com; .NET CLR 1.1.4322; .NET CLR 1.0.3705; .NET CLR 2.0.50727)','','ucp.php?mode=register',1,0,0),('a24a6e769dcfe0796551eb12da1e7b2e',1,7,1332034158,1332034158,1332034176,'91.217.178.230','Mozilla/4.0 (compatible; MSIE 6.0; Windows NT 5.1; SV1)','','posting.php?mode=reply&f=7&t=7',1,0,0),('0e834908ac2cbfadc40b3aeef8fbc769',1,0,1332034538,1332034538,1332034554,'109.230.220.236','Mozilla/4.0 (compatible; MSIE 6.0; Windows NT 5.1; SV1; YPC 3.0.2; .NET CLR 1.1.4322; yplus 4.4.02b)','','ucp.php?mode=register',1,0,0),('62ed178075d7cc2da9214fefb394a6b0',1,0,1332035462,1332035462,1332035462,'91.201.64.113','Mozilla/4.0 (compatible; MSIE 6.0; Windows NT 5.1)','','index.php',1,0,0),('950d950450bb9adbc5073f1ecfbb62ad',1,0,1332035691,1332035691,1332035706,'195.62.25.209','Mozilla/4.0 (compatible; MSIE 4.01; Digital AlphaServer 1000A 4/233; Windows NT; Powered By 64-Bit Alpha Processor)','','ucp.php?mode=register',1,0,0),('a86b75b4ff773d7406d0460d6348834c',1,0,1332036372,1332036372,1332036386,'195.62.25.253','Mozilla/4.0 (compatible; MSIE 6.0; Windows NT 5.1; SV1; FunWebProducts)','','ucp.php?mode=register',1,0,0),('7fce6e6d931b500a02f8c091bc194ebb',1,7,1332036493,1332036493,1332036598,'122.141.243.215','Mozilla/4.0 (compatible; MSIE 6.0; Windows NT 5.1; SV1; YPC 3.0.2; .NET CLR 1.1.4322; yplus 4.4.02b)','','posting.php?mode=reply&f=7&t=6',1,0,0),('2dcc59d086fa315e83dd06570fe4933c',1,0,1332037117,1332037117,1332037129,'46.251.237.242','Mozilla/4.0 (compatible; MSIE 6.0; Windows XP)','','index.php',1,0,0),('d23793f9cd7c13eefcf1c89474c72690',1,7,1332038311,1332038311,1332038332,'91.217.178.228','Mozilla/4.0 (compatible; MSIE 6.0; Windows NT 5.1; MRA 4.6 (build 01425))','','viewforum.php?f=7',1,0,0),('ecf5065aa88010a40fedb592eb25b755',1,7,1332039665,1332039665,1332039687,'176.212.2.159','Mozilla/4.0 (compatible; MSIE 5.0; Windows 95) Opera 6.01  [en]','','posting.php?mode=reply&f=7&t=94',1,0,0),('f3cfb14893b344c872269abc40e4c539',1,0,1332040159,1332040159,1332040159,'188.243.228.21','Mozilla/4.0 (compatible; MSIE 6.0; Windows 98; Win 9x 4.90)','','index.php',1,0,0),('4de6a21db0cc695c90c3d66f7f4b7c3b',1,0,1332040160,1332040160,1332040160,'188.243.228.21','Mozilla/4.0 (compatible; MSIE 6.0; Windows 98; Win 9x 4.90)','','index.php',1,0,0),('ff24b9fbc17cd4aef51efc9dd48fe6f0',1,0,1332040182,1332040182,1332040183,'195.98.167.198','Mozilla/4.0 (compatible; MSIE 6.0; Windows NT 5.1) Netscape/8.0.4','','index.php',1,0,0),('7e5b6e7399fb9daa7da60a79c6bc5e22',1,0,1332040565,1332040565,1332040565,'195.62.25.218','Mozilla/4.0 (compatible; MSIE 6.0; Windows 98; Win 9x 4.90)','','index.php',1,0,0),('6216c27a0802386dbac9e100b3b955ef',1,0,1332040716,1332040716,1332040733,'92.37.176.94','Mozilla/4.0 (compatible; MSIE 7.0b; Windows NT 6.0)','','index.php',1,0,0),('9bfb64bd46c4e9a02b0f2a64ca696f76',1,7,1332041494,1332041494,1332041513,'176.31.106.146','Mozilla/4.0 (compatible; MSIE 5.5; Windows NT 4.0; .NET CLR 1.0.2914)','','viewforum.php?f=7',1,0,0),('887ebd68bb84f91637426fb9b045cf52',1,7,1332041802,1332041802,1332042018,'110.84.232.36','Mozilla/4.0 (compatible; MSIE 6.0; Windows NT 5.2; WOW64; SV1; .NET CLR 2.0.50727)','','posting.php?mode=reply&f=7&t=6',1,0,0),('6edc390be30b89bfda071288110d715f',1,0,1332041999,1332041999,1332042016,'204.124.183.74','Mozilla/4.0 (compatible; MSIE 6.0; Windows NT 5.1; .NET CLR 1.1.4322; FDM)','','ucp.php?mode=register',1,0,0),('a44134abbc6862bfcfa297383e5ecc2a',1,7,1331999287,1331999287,1331999314,'178.137.18.72','Mozilla/4.0 (compatible; MSIE 6.0; Windows NT 5.1; SV1; .NET CLR 1.1.4322)','','posting.php?mode=reply&f=7&t=6',1,0,0),('84a8e89a2b09d6fa6e081440698cfd5b',1,0,1331998167,1331998167,1331998169,'220.161.150.114','Mozilla/1.22 (compatible; MSIE 2.0d; Windows NT)','','ucp.php?mode=login',1,0,0),('883cbc433c36e3babaec5ea0f820dbd3',1,0,1331998224,1331998224,1331998254,'178.73.192.239','Mozilla/4.0 (compatible; MSIE 5.0; Windows 2000) Opera 6.0 [en]','','ucp.php?mode=register',1,0,0),('a87678ed7a113bcb305cceea6e4bc7a0',1,7,1331997774,1331997774,1331997944,'175.44.26.94','Mozilla/4.0 (compatible; MSIE 6.0; Windows NT 5.1; SV1; .NET CLR 1.1.4322)','','posting.php?mode=reply&f=7&t=7',1,0,0),('12e63da4dac0fe03ea033e417ee96199',1,7,1331997589,1331997589,1331997675,'192.162.19.173','Mozilla/4.0 (compatible; MSIE 6.0; Windows NT 5.1; MRA 4.6 (build 01425))','','posting.php?mode=reply&f=7&t=7',1,0,0),('7e3ba2935d00852bc765737c4c40dc66',1,0,1331996889,1331996889,1331997014,'82.193.109.249','Mozilla/4.0 (compatible; MSIE 6.0; Windows NT 5.1; SV1; .NET CLR 1.1.4322) Babya Discoverer  8.0:','','ucp.php?mode=register',1,0,0),('aa58cc5154a5adc7e18c971da24a4268',1,0,1331869732,1331869732,1331869749,'159.224.130.46','Mozilla/2.0 (compatible; MSIE 3.02; Windows CE; 240x320)','','ucp.php?mode=register',1,0,0),('bda80cde5a13f9f77e06c523d518947e',1,7,1331870918,1331870918,1331870978,'175.44.2.247','Mozilla/4.0 (compatible; MSIE 6.0; Windows ME) Opera 7.11  [en]','','posting.php?mode=post&f=7',1,0,0),('cacd43a4a0ed4bd93fddaeb596df04b8',1,7,1331871577,1331871577,1331871599,'91.210.104.31','Mozilla/4.0 (compatible; MSIE 6.0; Windows NT 5.1; en) Opera 8.00','','posting.php?mode=reply&f=7&t=248',1,0,0),('2d1f330615e0315b8c99678c6104f904',1,0,1331871805,1331871805,1331871860,'112.111.169.228','Mozilla/4.0 (compatible; MSIE 6.0; Windows NT 5.1; TheFreeDictionary.com; .NET CLR 1.1.4322; .NET CLR 1.0.3705; .NET CLR 2.0.50727)','','ucp.php?mode=register',1,0,0),('e546046a1d8b6652d56a4bf108937ee5',1,7,1331872024,1331872024,1331872059,'117.26.203.105','Mozilla/4.0 (compatible; MSIE 6.0; Windows NT 5.1; SV1; FunWebProducts; .NET CLR 1.1.4322; PeoplePal 6.2)','','posting.php?mode=reply&f=7&t=6',1,0,0),('3a0e13cb633366d7bc5a84de9d53a4ad',1,7,1331872224,1331872224,1331872272,'112.111.179.26','Mozilla/4.0 (compatible; MSIE 6.0; Windows NT 5.1; KKman2.0)','','posting.php?mode=post&f=7',1,0,0),('5841aa4d89bb7f40dc445add4abafa27',1,7,1331872314,1331872314,1331872417,'175.44.26.94','Mozilla/4.0 (compatible; MSIE 6.0; Windows NT 5.1; SV1; InfoPath.1','','posting.php?mode=reply&f=7&t=94',1,0,0),('70fe45dc06bea174858e20b0cf75aa89',1,7,1331872952,1331872952,1331873037,'175.44.1.137','Mozilla/4.0 (compatible; MSIE 6.0; Windows NT) ::ELNSB50::000061100320025802a00111000000000507000900000000','','posting.php?mode=reply&f=7&t=6',1,0,0),('711f033483949ea3dd5ffd0a11b0531a',1,7,1331872977,1331872977,1331872993,'46.17.98.178','Mozilla/4.0 (compatible; MSIE 6.0; Windows NT 5.1; SV1)','','posting.php?mode=reply&f=7&t=94',1,0,0),('7b873593c8b9fbd6284720aacc17f184',1,7,1331873105,1331873105,1331873173,'94.181.252.66','Mozilla/4.0 (compatible; MSIE 6.0; Windows NT 5.1; en) Opera 9.0','','posting.php?mode=reply&f=7&t=7',1,0,0),('c25419823bc2bfac5225dbc1f108102d',1,0,1331873233,1331873233,1331873251,'196.202.39.202','Mozilla/5.0 (Windows; U; Windows NT 6.1; en-US) AppleWebKit/532.2 (KHTML, like Gecko) Chrome/4.0.221.7 Safari/532.2','','ucp.php?mode=register',1,0,0),('f4c5e83bcb2c7d2ebe018e05a00d8eb7',1,7,1331874220,1331874220,1331874298,'175.44.1.61','Mozilla/4.0 (compatible; MSIE 6.0; Windows NT 5.1; MyIE2; Deepnet Explorer)','','posting.php?mode=reply&f=7&t=7',1,0,0),('7b52227e7ab1393eaf6640beef4099aa',1,7,1331874273,1331874273,1331874397,'112.111.188.203','Mozilla/4.0 (compatible; MSIE 6.0; Windows NT 5.2; SV1; .NET CLR 1.1.4322; .NET CLR 2.0.50727)','','posting.php?mode=reply&f=7&t=7',1,0,0),('7e0ff0dec9bbc67e545b53b464b823be',1,0,1331874425,1331874425,1331874425,'207.46.204.220','Mozilla/5.0 (Windows NT 6.1; WOW64) AppleWebKit/534+ (KHTML, like Gecko) BingPreview/1.0b','','search.php',1,0,0),('a627e0d58af144d2f15157dd98033716',1,7,1331875413,1331875413,1331875459,'176.31.108.212','Mozilla/4.0 (compatible; MSIE 5.0; Windows 3.1)','','posting.php?mode=reply&f=7&t=7',1,0,0),('822b1974d94cd659027258352f5f8eda',1,7,1331875577,1331875577,1331875578,'31.214.133.11','Mozilla/4.0 (compatible; MSIE 6.0; Windows NT 5.1; SV1; .NET CLR 1.1.4322) Babya Discoverer  8.0:','','posting.php?mode=post&f=7',1,0,0),('386d6a15aa66cad5f0923f3ea50cb27a',1,0,1331875718,1331875718,1331875753,'50.31.10.105','Mozilla/4.0 (compatible; MSIE 6.0; Windows NT 5.2; Win64; x64; SV1; .NET CLR 2.0.50727)','','index.php',1,0,0),('2542ad4dd475c4bbbca1061c2e4df343',1,0,1331875997,1331875997,1331876013,'91.212.226.144','Mozilla/4.0 (compatible; MSIE 6.0; Windows NT 5.1; MRA 4.6 (build 01425))','','ucp.php?mode=register',1,0,0),('c53253fe110a4df80654ccacfe197209',1,0,1331876085,1331876085,1331876259,'173.245.80.39','Mozilla/4.0 (compatible; MSIE 6.0; Windows NT 5.1) Opera 7.54 [en]','','ucp.php?mode=register',1,0,0),('0ad5cc2dfc0cc1bfd09918d3765b7bf3',1,0,1331876451,1331876451,1331876451,'27.159.231.64','Mozilla/4.0 (compatible; MSIE 5.5; Windows NT 5.0; T312461)','','ucp.php?mode=register',1,0,0),('77370e67e31534a7aded265220f713c6',1,0,1331819911,1331819911,1331819965,'175.44.26.217','Mozilla/4.0 (compatible; MSIE 6.0; Windows NT 5.1; SV1; YPC 3.0.2; .NET CLR 1.1.4322; yplus 4.4.02b)','','index.php',1,0,0),('ae1ccf8f36eca3af94b801f93ce19a6c',1,7,1331819985,1331819985,1331820284,'175.44.28.196','Mozilla/4.0 (compatible; MSIE 6.0; Windows NT 5.1; SV1; FunWebProducts)','','posting.php?mode=reply&f=7&t=6',1,0,0),('ef831aa155db5e80de99ea7242f11b84',1,7,1331820345,1331820345,1331820348,'199.168.142.166','Mozilla/4.0 (compatible; MSIE 6.0; Windows NT) ::ELNSB50::000061100320025802a00111000000000507000900000000','','posting.php?mode=post&f=7',1,0,0),('0da7cbc04e9682a7223a715ca145ee01',1,7,1331820739,1331820739,1331821153,'175.44.31.235','Mozilla/4.0 (compatible; MSIE 6.0; Windows NT 5.1; .NET CLR 1.1.4322; FDM)','','posting.php?mode=reply&f=7&t=7',1,0,0),('725751d4753c6bad7c0fd6b974f287bf',1,7,1331821107,1331821107,1331821253,'58.22.139.7','Mozilla/4.0 (compatible; MSIE 6.0; Windows NT 5.1; en) Opera 8.00','','posting.php?mode=reply&f=7&t=6',1,0,0),('e62da98748c5a401513fa303388beefd',1,0,1331820801,1331820801,1331820813,'109.230.213.188','Opera/9.00 (Windows NT 4.0; U; en)','','index.php',1,0,0),('4090a119782c2fabff60f956115a1dbe',1,7,1331821238,1331821238,1331821539,'175.44.28.253','Mozilla/4.0 (compatible; MSIE 6.0; Windows NT 5.1; SV1; Media Center PC','','posting.php?mode=reply&f=7&t=6',1,0,0),('7292511daeeddad4f6460414e29560a1',1,7,1331821629,1331821629,1331821655,'94.181.252.66','Mozilla/4.0 (compatible; MSIE 6.0; Windows NT 5.2; Win64; AMD64)','','posting.php?mode=reply&f=7&t=6',1,0,0),('dd89f78decec9001abffc709146296f1',1,7,1331822143,1331822143,1331822433,'175.44.2.240','Opera/9.00 (Windows NT 4.0; U; en)','','posting.php?mode=reply&f=7&t=7',1,0,0),('539c0610912e93a918bd34fa3f84bfb8',1,7,1331822245,1331822245,1331822590,'112.111.181.125','Mozilla/4.0 (compatible; MSIE 6.0; Windows NT 5.1; SV1; YPC 3.0.2; .NET CLR 1.1.4322; yplus 4.4.02b)','','posting.php?mode=reply&f=7&t=94',1,0,0),('77a73526ce23c541c556b64bfb6ce634',1,0,1331822297,1331822297,1331822478,'190.79.200.7','Mozilla/4.0 (compatible; MSIE 6.0; Windows NT 5.1; .NET CLR 1.1.4322)','','ucp.php?mode=register',1,0,0),('71a14e3382fed42a22e5fdb59eff4a92',1,0,1331822944,1331822944,1331822958,'80.78.71.75','Mozilla/4.0 (compatible; MSIE 6.0; Windows NT 5.1; FREE; .NET CLR 1.1.4322)','','index.php',1,0,0),('39a78ed57733d125199aec8457371a24',1,7,1331822998,1331822998,1331823270,'58.22.139.44','Mozilla/4.0 (compatible; MSIE 6.0; Windows ME) Opera 7.11  [en]','','posting.php?mode=reply&f=7&t=6',1,0,0),('8ff5d0c1f9680ffb69bef774c6359ab1',1,7,1331823033,1331823033,1331823210,'58.22.139.174','Opera/9.00 (Windows NT 5.1; U; en)','','posting.php?mode=reply&f=7&t=6',1,0,0),('08332049c037452e37a8f1f6345bb56a',1,0,1331823970,1331823970,1331823993,'188.65.69.244','Mozilla/4.0 (compatible; MSIE 6.0; Windows NT 5.1; SV1; .NET CLR 1.1.4322; .NET CLR 2.0.50727)','','ucp.php?mode=register',1,0,0),('1005b89c4cab143f6cf676383d07403d',1,0,1331824384,1331824384,1331824394,'109.230.251.7','Mozilla/4.0 (compatible; MSIE 6.0; Windows NT 5.1; .NET CLR 1.0.3705)','','index.php',1,0,0),('abee9c742fe8dd55dfb10dd6b017926e',1,0,1331824392,1331824392,1331824409,'146.0.74.245','Mozilla/4.0 (compatible; MSIE 7.0b; Windows NT 6.0)','','ucp.php?mode=register',1,0,0),('cd71c6c92f413d8c9838dddfe253f196',1,0,1331824567,1331824567,1331824654,'195.190.13.26','Mozilla/4.0 (compatible; MSIE 6.0; Windows NT 5.1; en) Opera 9.0','','ucp.php?mode=register',1,0,0),('8cabb48edbe51465d5bb0fd4f1ba2bb5',1,7,1331824725,1331824725,1331824754,'146.0.74.245','Opera/8.00 (Windows NT 5.1; U; en)','','posting.php?mode=reply&f=7&t=7',1,0,0),('ba3d7cf3ff02003a942b18840bf54e5e',1,7,1331825416,1331825416,1331825642,'175.42.91.133','Mozilla/4.0 (compatible; MSIE 7.0b; Windows NT 6.0)','','posting.php?mode=reply&f=7&t=6',1,0,0),('c5a3214926d447c8c94f92e8b32d70c1',1,0,1331826398,1331826398,1331826398,'58.22.139.170','Mozilla/4.0 (compatible; MSIE 7.0b; Windows NT 6.0 ; .NET CLR 2.0.50215; SL Commerce Client v1.0; Tablet PC 2.0','','index.php',1,0,0),('84f62263079fdca2849fd2468df37357',1,0,1331827001,1331827001,1331827012,'109.230.246.239','Mozilla/5.0 (Windows NT 5.1; U; en) Opera 8.01','','ucp.php?mode=register',1,0,0),('0249423201ff53342a8f271d63b638c7',1,7,1331827150,1331827150,1331827241,'112.111.188.36','Mozilla/4.0 (compatible; MSIE 5.5; Windows NT 5.0; .NET CLR 1.1.4322)','','posting.php?mode=post&f=7',1,0,0),('c4fda60dfb2602041d4903e84440f519',1,7,1331827285,1331827285,1331827374,'175.42.90.212','Mozilla/4.0 (compatible; MSIE 6.0; Windows NT 5.0; Avant Browser [avantbrowser.com]; Hotbar 4.4.5.0)','','posting.php?mode=reply&f=7&t=94',1,0,0),('dc850c646d27173e419428b9e328eb20',1,7,1331827402,1331827402,1331827525,'175.44.0.76','Mozilla/4.0 (compatible; MSIE 6.0; Windows NT 5.1; SV1; .NET CLR 1.1.4322; .NET CLR 2.0.50727)','','posting.php?mode=reply&f=7&t=248',1,0,0),('aa5b75833d946c35ae1cb32342c8afd4',1,0,1331827529,1331827529,1331827613,'175.44.24.85','Mozilla/4.0 (compatible; MSIE 6.0; Windows NT 5.1; SV1; InfoPath.1','','ucp.php?mode=login',1,0,0),('b6e2dd910b8ea69154bb07bb056341fa',1,7,1331827635,1331827635,1331827708,'175.44.29.173','Mozilla/4.0 (compatible; MSIE 6.0; Windows NT 5.1; SV1)','','posting.php?mode=reply&f=7&t=7',1,0,0),('65cfe54bb83e908c30c0bd4dff21e3bc',1,7,1331827647,1331827647,1331827754,'175.44.24.255','Mozilla/0.6 Beta (Windows)','','posting.php?mode=reply&f=7&t=248',1,0,0),('d8fb0730ad4357774a1f8b9e6de2e92d',1,7,1331828179,1331828179,1331828208,'176.8.89.8','Mozilla/4.0 (compatible; MSIE 6.0; Windows NT 5.2; Win64; x64; SV1; .NET CLR 2.0.50727)','','posting.php?mode=reply&f=7&t=7',1,0,0),('c27046c6870d72ada957242aeb0ec735',1,7,1331829101,1331829101,1331829362,'41.185.108.113','Mozilla/4.0 (compatible; MSIE 6.0; Windows NT 5.1)','','viewforum.php?f=7',1,0,0),('5e741f24dc99c63bb081a63fcc7e40f2',1,7,1331829430,1331829430,1331829474,'46.17.97.255','Mozilla/4.0 (compatible; MSIE 6.0; Windows NT 5.2; WOW64; SV1; .NET CLR 2.0.50727)','','viewforum.php?f=7',1,0,0),('fce1d9c5139e51bda68c74ebbcbb313a',1,7,1331829239,1331829239,1331829314,'122.96.95.176','Mozilla/4.0 (compatible; MSIE 6.0; Windows NT 5.1; SV1; YPC 3.0.2; .NET CLR 1.1.4322; yplus 4.4.02b)','','posting.php?mode=reply&f=7&t=7',1,0,0),('e534c59aa02e30fde12668b62ba2b0eb',1,0,1331830769,1331830769,1331830790,'31.184.238.145','Mozilla/4.7 (compatible; OffByOne; Windows 2000) Webster Pro V3.4','','ucp.php?mode=register',1,0,0),('cac064832cd9ea44026c435b95b5c5e0',1,7,1331831529,1331831529,1331831531,'94.181.218.149','Mozilla/4.0 (compatible; MSIE 5.5; Windows NT 5.0; .NET CLR 1.1.4322)','','posting.php?mode=post&f=7',1,0,0),('234b73aa1e80a32188c3b72f735ffd6b',1,7,1331831573,1331831573,1331832308,'112.111.190.83','Opera/9.01 (Windows NT 5.1; U; en)','','posting.php?mode=reply&f=7&t=7',1,0,0),('1d4d418dba9872feb8cb990ab54e235e',1,0,1331831598,1331831598,1331831616,'46.164.162.241','Opera/9.01 (Windows NT 5.1; U; en)','','ucp.php?mode=register',1,0,0),('99ae72f4a1b53de43eefc9cd230193b6',1,7,1331832551,1331832551,1331832601,'94.181.252.66','Mozilla/4.0 (compatible; MSIE 6.0; Windows NT 5.1; SV1; .NET CLR 1.1.4322) NS8/0.9.6','','posting.php?mode=reply&f=7&t=94',1,0,0),('668393d1a09c76c410a4d95ab3d3cc7a',1,0,1331833452,1331833452,1331833529,'69.162.120.58','Mozilla/4.0 (compatible; MSIE 6.0; Windows NT 5.1; SV1; Media Center PC','','index.php',1,0,0),('7cc8708547af7dca26011796e5f51f68',1,0,1331833884,1331833884,1331833904,'218.6.15.112','Mozilla/4.0 (compatible; MSIE 6.0; Windows NT 5.0; Avant Browser [avantbrowser.com]; Hotbar 4.4.5.0)','','ucp.php?mode=login',1,0,0),('8763299ff1e3e9e6d681eb3e2587e97b',1,0,1331834910,1331834910,1331835027,'117.239.40.67','Mozilla/4.0 (compatible; MSIE 6.0; Windows NT 5.0; T312461)','','ucp.php?mode=register',1,0,0),('ca467524afe10bc192a6ef3d61ebb30c',1,0,1331835927,1331835927,1331835946,'222.186.17.99','Mozilla/4.0 (compatible; MSIE 6.0; Update a; AOL 6.0; Windows 98)','','ucp.php?mode=register',1,0,0),('13981faf9be45ecd20d86952d74bcf7b',1,0,1331836404,1331836404,1331836406,'178.127.132.102','Mozilla/4.0 (compatible; MSIE 6.0; Windows NT 5.1; FREE; .NET CLR 1.1.4322)','','index.php',1,0,0),('7c17ce14e6f47b2b07c646aeb2a7322a',1,0,1331837723,1331837723,1331837723,'117.27.138.41','Mozilla/4.0 (compatible; MSIE 6.0; Windows NT 5.1; SV1; YPC 3.0.2; .NET CLR 1.1.4322; yplus 4.4.02b)','','ucp.php?mode=register',1,0,0),('0f7b2fa4fa67885121ac43abf67f0951',1,0,1331837751,1331837751,1331837777,'202.98.123.126','Mozilla/4.0 (compatible; Powermarks/3.5; Windows 95/98/2000/NT)','','ucp.php?mode=register',1,0,0),('29eb98842e4027488c637a9d516bd206',1,0,1331837790,1331837790,1331837823,'118.175.7.170','Mozilla/4.0 (compatible; MSIE 6.0; Update a; AOL 6.0; Windows 98)','','ucp.php?mode=register',1,0,0),('c2c20a016ef1027c92ea02b2293e5671',1,0,1331839670,1331839670,1331839684,'195.162.68.149','Mozilla/4.0 (compatible; MSIE 6.0; Windows NT 5.0; .NET CLR 1.0.3705; .NET CLR 1.1.4322)','','index.php',1,0,0),('9f39445fbb5376542ce8b0b171715700',1,0,1331839687,1331839687,1331839730,'175.44.24.85','Mozilla/1.22 (compatible; MSIE 2.0d; Windows NT)','','ucp.php?mode=register',1,0,0),('8bb004e77601fcc3fb0010436771d771',1,0,1331840014,1331840014,1331840027,'176.100.74.107','Mozilla/4.0 (compatible; MSIE 6.0; Windows NT 5.1; SV1; .NET CLR 1.1.4322)','','ucp.php?mode=register',1,0,0),('b41cdabeeb716ace960350bb4e7dc2da',1,0,1331840131,1331840131,1331840143,'146.0.74.244','Mozilla/4.0 (compatible; MSIE 6.0; Windows NT 5.1; SV1; FunWebProducts; MRA 4.6 (build 01425); .NET CLR 1.1.4322; .NET CLR 2.0.50727)','','ucp.php?mode=register',1,0,0),('a96bbf57dc38c60eea1ad9ae8e624906',1,0,1331842006,1331842006,1331842056,'112.111.188.36','Opera/9.00 (Windows NT 5.1; U; en)','','ucp.php?mode=register',1,0,0),('957738a2d74c20f650968aa3ff52ab93',1,7,1331842224,1331842224,1331842339,'175.42.90.212','Mozilla/4.0 (compatible; MSIE 7.0; Windows NT 5.1; SV1; .NET CLR 2.0.50727)','','posting.php?mode=reply&f=7&t=6',1,0,0),('6e485da912fa536ed7ea17c4da11c6b8',1,7,1331842459,1331842459,1331842585,'175.44.29.173','Mozilla/4.0 (compatible; MSIE 6.0; Windows NT 5.1; Q312461)','','posting.php?mode=reply&f=7&t=6',1,0,0),('85d602db61519b4b15c954e9e5021ed0',1,7,1331842466,1331842466,1331842497,'46.17.98.222','Mozilla/4.7 (compatible; OffByOne; Windows 2000) Webster Pro V3.4','','posting.php?mode=reply&f=7&t=7',1,0,0),('5fea5ea2b509e50e582b15bdc9545385',1,7,1331869405,1331869405,1331869600,'175.44.0.50','Mozilla/4.0 (compatible; MSIE 6.0; AOL 9.0; Windows NT 5.1)','','posting.php?mode=reply&f=7&t=7',1,0,0),('7eed58f49d41b520d69134e65b095c15',1,7,1331842698,1331842698,1331842832,'175.44.24.255','Mozilla/4.0 (compatible; MSIE 6.0; Windows NT 5.0)','','posting.php?mode=reply&f=7&t=248',1,0,0),('6e65180affb84929e12fb975dc92a04c',1,0,1331842715,1331842715,1331842757,'94.229.86.105','Mozilla/5.0 (Windows NT 5.1; U; en) Opera 8.00','','ucp.php?mode=register',1,0,0),('92d53f86b262eb5f871d7e795affeeaf',1,0,1331843312,1331843312,1331843388,'146.0.74.245','Mozilla/4.0 (compatible; MSIE 5.5; Windows NT 4.0)','','ucp.php?mode=register',1,0,0),('17dac0d2a573c72f06c538e1d59ff3f4',1,0,1331844043,1331844043,1331844054,'146.0.74.244','Mozilla/4.0 (compatible; MSIE 6.0; Windows NT 5.1; SV1)','','ucp.php?mode=register',1,0,0),('74592a5cc430e5b38031a491aabeb64e',1,7,1331843355,1331843355,1331843386,'94.181.252.66','Mozilla/4.0 (compatible; MSIE 5.5; Windows NT 4.0)','','posting.php?mode=reply&f=7&t=94',1,0,0),('6e78b65f78db9104c3b3f5ea921c1c9a',1,0,1331844093,1331844093,1331844111,'93.182.173.132','Mozilla/4.0 (compatible; MSIE 6.0; MSIE 5.5; Windows NT 5.0) Opera 7.02 Bork-edition [en]','','ucp.php?mode=register',1,0,0),('695b2fa15839acbb57acedc770ad7f5b',1,0,1331844414,1331844414,1331844414,'202.98.123.126','Opera/9.00 (Windows NT 5.1; U; en)','','ucp.php?mode=register',1,0,0),('d4d097cb983047023e2937370e74332b',1,7,1331844865,1331844865,1331844943,'175.44.0.76','Mozilla/4.0 (compatible; MSIE 6.0; Windows NT 5.0; .NET CLR 1.0.3705; .NET CLR 1.1.4322)','','posting.php?mode=reply&f=7&t=248',1,0,0),('d64496392349b154ef2b423edd2b1e29',1,0,1331845283,1331845283,1331845432,'178.250.47.252','Mozilla/4.0 (compatible; MSIE 6.0; Windows NT 5.1; ru) Opera 8.50','','ucp.php?mode=register',1,0,0),('9202ed7aa8b79569ed8bf42f86544089',1,7,1331846023,1331846023,1331846045,'176.8.89.8','Mozilla/4.0 (compatible; MSIE 5.5; Windows NT 4.0; .NET CLR 1.0.2914)','','posting.php?mode=reply&f=7&t=6',1,0,0),('3f65fa31ff9d8b5532f318bb38b30542',1,0,1331847054,1331847054,1331847071,'222.187.223.112','Mozilla/4.0 (compatible; Powermarks/3.5; Windows 95/98/2000/NT)','','ucp.php?mode=register',1,0,0),('21ebb569548d56a46006a11268e3c64e',1,0,1331847576,1331847576,1331847593,'71.223.2.249','Mozilla/4.0 (compatible; MSIE 6.0; Windows NT 5.1)','','index.php',1,0,0),('68ab06e390db7a6dea3bfc5202837c77',1,7,1331847582,1331847582,1331847628,'123.65.108.103','Mozilla/0.6 Beta (Windows)','','viewforum.php?f=7',1,0,0),('a414e113e6111956402b7f24d08d61dd',1,0,1331848641,1331848641,1331848788,'178.250.47.252','Mozilla/4.0 (compatible; MSIE 6.0; Windows NT 5.2; Win64; AMD64)','','ucp.php?mode=register',1,0,0),('12a55936542c9cdfe8e04c9ecf370467',1,0,1331849483,1331849483,1331849497,'27.159.225.87','Mozilla/4.0 (compatible; MSIE 6.0; Windows NT 5.1)','','ucp.php?mode=register',1,0,0),('c7c952118a756b0c2676f2d080399b2d',1,0,1331850620,1331850620,1331850632,'77.65.48.239','Opera/9.00 (Windows NT 4.0; U; en)','','ucp.php?mode=register',1,0,0),('07315efa8af15d15937c262eb8c0b890',1,7,1331851845,1331851845,1331852092,'221.203.79.101','Mozilla/4.0 (compatible; MSIE 6.0; Windows NT 5.1; Q312461)','','posting.php?mode=reply&f=7&t=7',1,0,0),('6e7fd7917177bfcbdc0fa296e309b9e8',1,0,1331851996,1331851996,1331852031,'125.77.234.180','Mozilla/4.0 (compatible; MSIE 6.0; Windows NT 5.1) Opera 7.54 [en]','','ucp.php?mode=register',1,0,0),('0be8f0ab3f558d737c840f29e7f19ca0',1,0,1331853316,1331853316,1331853328,'91.214.17.6','Mozilla/4.0 (compatible; MSIE 6.0; Update a; AOL 6.0; Windows 98)','','ucp.php?mode=register',1,0,0),('25095b8dbe2d93f00df50ac791361c80',1,0,1331852010,1331852010,1331852025,'94.153.11.58','Mozilla/4.0 (compatible; MSIE 6.0; Windows NT 5.1; .NET CLR 1.1.4322; FDM)','','ucp.php?mode=register',1,0,0),('b6f63d99d00d2c45b0ac9f0d7c4f41e9',1,7,1331853853,1331853853,1331853889,'94.181.252.66','Mozilla/1.22 (compatible; MSIE 2.0; Windows 95)','','posting.php?mode=reply&f=7&t=6',1,0,0),('5e71709b788adf31d4310064f6f6fba9',1,0,1331855964,1331855964,1331855984,'178.73.194.77','Mozilla/4.0 (compatible; MSIE 6.0; Windows NT) ::ELNSB50::000061100320025802a00111000000000507000900000000','','ucp.php?mode=register',1,0,0),('30594a0bfaa8b3f42df5be7ad9bbac18',1,7,1331856915,1331856915,1331857013,'173.13.200.181','Mozilla/4.0 (compatible; MSIE 6.0; America Online Browser 1.1; rev1.2; Windows NT 5.1; SV1; .NET CLR 1.1.4322)','','posting.php?mode=reply&f=7&t=6',1,0,0),('25ccde34c7748f9679fe8c8ac05197a5',1,0,1331858617,1331858617,1331858639,'220.250.42.129','Opera/9.00 (Windows NT 5.1; U; en)','','ucp.php?mode=register',1,0,0),('23680193f276c62657ae879d074b5c86',1,7,1331856881,1331856881,1331856896,'220.161.150.114','Mozilla/4.0 (compatible; MSIE 6.0; Windows NT 5.1; SV1; Media Center PC','','posting.php?mode=reply&f=7&t=7',1,0,0),('d1d440695f79013144a88cd52d60fd01',1,7,1331859036,1331859036,1331859363,'112.111.189.21','Mozilla/5.0 (Windows NT 5.1; U; en) Opera 8.01','','posting.php?mode=reply&f=7&t=7',1,0,0),('67f8b76e592bb692f8904c3bda8910a8',1,0,1331859179,1331859179,1331859394,'189.74.57.227','Mozilla/4.0 (compatible; MSIE 5.0; Windows 95) Opera 6.01  [en]','','index.php',1,0,0),('ba595b13aeecb4ec419f32ca09e5653f',1,7,1331859335,1331859335,1331859360,'178.137.18.72','Mozilla/4.0 (compatible; MSIE 5.5; Windows NT 5.0; T312461)','','posting.php?mode=reply&f=7&t=6',1,0,0),('5c7b0172983a3202e328f46767356393',1,0,1331889132,1331889132,1331889138,'159.224.130.96','Mozilla/1.22 (compatible; MSIE 2.0; Windows 95)','','ucp.php?mode=register',1,0,0),('4cd7b5205b76ee84f6171a55037519a9',1,0,1331859730,1331859730,1331859771,'175.44.0.50','Mozilla/6.0 (compatible; MSIE 7.0a1; Windows NT 5.2; SV1)','','ucp.php?mode=register',1,0,0),('695bd150245b15d0740eb5d433c725fc',1,0,1331859778,1331859778,1331859781,'121.229.81.46','Mozilla/4.0 (compatible; MSIE 6.0; Windows NT 5.1; SV1;)','','ucp.php?mode=confirm&confirm_id=4fc7dd66f2acdddacbcaab2258a9149a&type=1',1,0,0),('56cf7b970f5048061f28fc3f51c60244',1,7,1331859807,1331859807,1331859932,'175.44.1.137','Mozilla/4.0 (compatible; MSIE 6.0; Windows NT 5.1; ru) Opera 8.50','','posting.php?mode=reply&f=7&t=7',1,0,0),('e9e1b378333a595b7e68e3cc071d1b82',1,7,1331859876,1331859876,1331859995,'112.111.188.203','Mozilla/4.0 (compatible; MSIE 6.0; Windows NT 5.1; .NET CLR 1.1.4322)','','posting.php?mode=reply&f=7&t=7',1,0,0),('537c34f7c3225a3550c9852c0fcf09c9',1,7,1331859988,1331859988,1331860152,'175.44.1.61','Mozilla/4.0 (compatible; MSIE 6.0; Windows NT 5.1; MRA 4.3 (build 01218); .NET CLR 1.1.4322)','','posting.php?mode=reply&f=7&t=7',1,0,0),('843e506ada174bb41f95ce7543bdd8b6',1,0,1331859916,1331859916,1331860037,'175.44.26.94','Mozilla/4.0 (compatible; MSIE 5.0; Windows 2000) Opera 6.0 [en]','','ucp.php?mode=register',1,0,0),('69c64e2418641c89f30307300c13bdf1',1,7,1331860133,1331860133,1331860181,'112.111.169.228','Mozilla/4.0 (compatible; MSIE 6.0; Windows NT 5.2; Win64; AMD64)','','posting.php?mode=post&f=7',1,0,0),('da2271f5676920f924ae6008ccccc663',1,7,1331860632,1331860632,1331860634,'109.173.69.155','Mozilla/4.0 (compatible; MSIE 6.0; Windows NT 5.1)','','posting.php?mode=post&f=7',1,0,0),('849008c042ca218a8a9a10d0d33185a4',1,7,1331860705,1331860705,1331860969,'112.111.179.26','Mozilla/4.0 (compatible; MSIE 6.0; Windows NT 5.1; SV1)','','posting.php?mode=reply&f=7&t=7',1,0,0),('9eda4ad19028cbfbe3011691ab22b147',1,0,1331861000,1331861000,1331861121,'187.115.151.36','Mozilla/4.0 (compatible; MSIE 6.0; Windows NT 5.1; SV1; YPC 3.0.2; .NET CLR 1.1.4322; yplus 4.4.02b)','','ucp.php?mode=register',1,0,0),('8d4d7d55c779ceab4f64dd577328ad7d',1,0,1331861969,1331861969,1331861982,'109.230.220.236','Opera/7.11 (Windows NT 5.1; U) [en]','','ucp.php?mode=register',1,0,0),('c2d74275da42211765ccd3b0c5a9cbbf',1,7,1331862274,1331862274,1331862368,'222.186.17.99','Mozilla/4.0 (compatible; MSIE 5.5; Windows NT 4.0)','','posting.php?mode=reply&f=7&t=7',1,0,0),('98bf1b188d468129802ac06b62076b9f',1,7,1331863489,1331863489,1331863524,'94.181.252.66','Mozilla/4.0 (compatible; MSIE 6.0; Windows NT 5.1; SV1; YPC 3.0.2; .NET CLR 1.1.4322; yplus 4.4.02b)','','posting.php?mode=reply&f=7&t=248',1,0,0),('49771bbabf6a9465e285f61248981a35',1,7,1331864086,1331864086,1331864350,'83.11.191.146','Mozilla/4.0 (compatible; MSIE 6.0; Windows NT 5.1; .NET CLR 1.0.3705)','','posting.php?mode=reply&f=7&t=7',1,0,0),('af667195c5f30dcac837c78daf72dc1f',1,7,1331864320,1331864320,1331864509,'175.44.1.76','Mozilla/4.0 (compatible; MSIE 6.0; Windows NT 5.0; T312461)','','posting.php?mode=reply&f=7&t=7',1,0,0),('c7042a2c34dc17ebe7594e0919a3fc3a',1,7,1331864902,1331864902,1331865159,'175.44.1.228','Mozilla/4.0 (compatible; MSIE 5.0; Windows NT; DigExt)','','posting.php?mode=reply&f=7&t=6',1,0,0),('434ca8187c4b7b83bb8e525725eb85e2',1,0,1331869303,1331869303,1331869317,'176.100.74.107','Mozilla/1.22 (compatible; MSIE 2.0; Windows 95)','','index.php',1,0,0),('289a19e89e4dc94acce382690b6a39ac',1,7,1331864964,1331864964,1331864995,'176.8.89.8','Mozilla/4.0 (compatible; MSIE 5.5; Windows NT 4.0)','','posting.php?mode=reply&f=7&t=6',1,0,0),('bbb9343f90f468ec82629959bd00dbc6',1,0,1331866265,1331866265,1331866286,'41.190.16.17','Mozilla/4.0 (compatible; MSIE 6.0; Windows NT) ::ELNSB50::000061100320025802a00111000000000507000900000000','','ucp.php?mode=register',1,0,0),('0c844bd753975b8dbd44addeb1e371fe',1,7,1331866528,1331866528,1331866537,'69.162.120.58','Mozilla/4.0 (compatible; MSIE 5.5; Windows NT 5.0; T312461)','','posting.php?mode=post&f=7',1,0,0),('0095b13bd2cf023174b2c5c3bf2b0626',1,7,1331866869,1331866869,1331867008,'112.111.169.75','Mozilla/4.0 (compatible; MSIE 6.0; Windows NT 5.0; APC; .NET CLR 1.0.3705; .NET CLR 1.1.4322; .NET CLR 2.0.50215; InfoPath.1)','','posting.php?mode=reply&f=7&t=7',1,0,0),('d889afd9d778d105eed767d0502c6a58',1,0,1331867192,1331867192,1331867246,'69.162.120.58','Mozilla/4.0 (compatible; MSIE 6.0; Windows NT 5.1; SV1; .NET CLR 1.1.4322; XMPP Tiscali Communicator v.10.0.2; .NET CLR 2.0.50727)','','index.php',1,0,0),('ccc4678f0e0c6bf614f0e291755e71ed',1,0,1331867524,1331867524,1331867547,'93.182.173.132','Opera/9.01 (Windows NT 5.1; U; en)','','index.php',1,0,0),('e5f8c3ca9b1d41058490487105a94a9f',1,7,1331867525,1331867525,1331868039,'112.111.179.166','Opera/9.00 (Windows NT 4.0; U; en)','','posting.php?mode=reply&f=7&t=248',1,0,0),('07b7f58ca265cb0aec6651faf73fded3',1,0,1331867545,1331867545,1331867772,'146.0.74.155','Mozilla/4.0 (compatible; MSIE 6.0; Windows NT 5.1; SV1; FunWebProducts; MRA 4.6 (build 01425); .NET CLR 1.1.4322; .NET CLR 2.0.50727)','','ucp.php?mode=register',1,0,0),('a2bce20ed3b48d450c56e66c0915a1e6',1,7,1331868374,1331868374,1331868439,'117.26.107.22','Mozilla/4.0 (compatible; MSIE 6.0; Windows NT 5.1; SV1; InfoPath.1)','','posting.php?mode=reply&f=7&t=94',1,0,0),('a5098ed01a6e0cafa443f1a72e90ec3f',1,7,1331868491,1331868491,1331868521,'178.137.18.72','Mozilla/4.0 (compatible; MSIE 6.0; Windows NT 5.1; SV1; .NET CLR 1.1.4322; XMPP Tiscali Communicator v.10.0.2; .NET CLR 2.0.50727)','','posting.php?mode=reply&f=7&t=6',1,0,0),('e4f05b70d1aaaa9072e7fa72774739c0',1,0,1331780317,1331780317,1331780360,'24.248.194.231','Opera/7.11 (Windows NT 5.1; U) [en]','','ucp.php?mode=login',1,0,0),('a85912952a9fe4b11b96e3e1e773f374',1,7,1331780398,1331780398,1331780421,'178.137.18.72','Mozilla/4.0 (compatible; MSIE 6.0; Windows NT 5.1; SV1; .NET CLR 1.1.4322) Babya Discoverer  8.0:','','posting.php?mode=reply&f=7&t=6',1,0,0),('0ff3801f389751defc22d26374b20b5b',1,7,1331780644,1331780644,1331780653,'109.230.221.136','Mozilla/4.0 (compatible; MSIE 5.5; Windows NT 5.0; T312461)','','posting.php?mode=reply&f=7&t=6',1,0,0),('f7dd459beff6caa8bb72f9bf46c1aad9',1,0,1331780813,1331780813,1331780813,'120.37.211.86','Mozilla/4.0 (compatible; MSIE 6.0; Windows NT 5.1; SV1; FunWebProducts)','','ucp.php?mode=register',1,0,0),('b13cfaa51a109f56643330269ff1ca17',1,0,1331782296,1331782296,1331782332,'109.230.221.151','Mozilla/4.0 (compatible; MSIE 6.0; Windows NT 5.0; .NET CLR 1.0.3705; .NET CLR 1.1.4322)','','ucp.php?mode=register',1,0,0),('445da4f6716a06ca712d760b2fc4fe87',1,0,1331783254,1331783254,1331783276,'222.186.17.99','Mozilla/4.0 (compatible; MSIE 6.0; Windows NT 5.2; Win64; AMD64)','','ucp.php?mode=register',1,0,0),('348f0da29b07849361b67a0e8d60351e',1,0,1331783615,1331783615,1331783639,'117.26.200.235','Mozilla/4.0 (compatible; MSIE 6.0; Windows NT 5.1)','','index.php',1,0,0),('df9e5037fd277ba4cfcb1ad96303a8e5',1,7,1331784585,1331784585,1331784931,'58.22.139.142','Mozilla/4.0 (compatible; MSIE 6.0; Windows 98; Win 9x 4.90; Creative)','','viewforum.php?f=7',1,0,0),('74bf565286e6336abafc34000266444b',1,7,1331784718,1331784718,1331784951,'175.44.31.235','Mozilla/4.0 (compatible; MSIE 6.0; Windows NT 5.1)','','posting.php?mode=reply&f=7&t=6',1,0,0),('723393343b0af5d057f71e9ec14cefdb',1,0,1331785121,1331785121,1331785178,'24.248.194.231','Mozilla/4.0 (compatible; MSIE 6.0; Windows NT 5.1; .NET CLR 1.1.4322; Alexa Toolbar; (R1 1.5))','','ucp.php?mode=login',1,0,0),('0c6741d26de0e630c3fbc54a7cc5485d',1,0,1331785504,1331785504,1331785522,'205.213.195.70','Mozilla/4.0 (compatible; MSIE 6.0; Windows NT 5.1; SV1; InfoPath.1)','','ucp.php?mode=register',1,0,0),('9c989730372a5fb438756afe1b6cd6b6',1,0,1331785526,1331785526,1331785526,'117.27.138.41','Opera/7.54 (Windows NT 5.1; U)  [pl]','','ucp.php?mode=register',1,0,0),('27d18b4ce837a551edadedf7eb836edb',1,0,1331786009,1331786009,1331786020,'95.25.218.5','Mozilla/4.0 (compatible; MSIE 6.0; Windows NT 5.1; SV1; .NET CLR 1.1.4322; XMPP Tiscali Communicator v.10.0.2; .NET CLR 2.0.50727)','','ucp.php?mode=register',1,0,0),('0b48b8de648bdc762ff702144bb73d58',1,7,1331788746,1331788746,1331788752,'46.164.162.241','Mozilla/4.0 (compatible; MSIE 5.5; Windows NT 5.0)','','posting.php?mode=reply&f=7&t=248',1,0,0),('751771679025405af4766f18561d7158',1,0,1331788830,1331788830,1331788839,'76.164.222.35','Mozilla/4.0 (compatible; MSIE 7.0; Windows NT 5.1; SV1; .NET CLR 2.0.50727)','','index.php',1,0,0),('cac44c59c873fe293c755b8b8cc79ddb',1,7,1331789160,1331789160,1331789293,'112.111.191.195','Mozilla/4.0 (compatible; MSIE 6.0; Windows NT 5.1; MyIE2; Deepnet Explorer)','','posting.php?mode=reply&f=7&t=6',1,0,0),('ee1017c6e68af8dd88c51e6dad9c96c3',1,0,1331789178,1331789178,1331789189,'109.230.220.223','Mozilla/4.0 (compatible; MSIE 5.5; Windows NT 4.0; .NET CLR 1.0.2914)','','ucp.php?mode=register',1,0,0),('204f6edf1623dbeef75f65b17d26840a',1,0,1331789427,1331789427,1331789453,'202.98.123.126','Mozilla/4.0 (compatible; MSIE 6.0; Windows NT 5.1; en) Opera 9.0','','ucp.php?mode=register',1,0,0),('98c7e99b4c1da414937f4bb9895cfcb4',1,0,1331791162,1331791162,1331791188,'46.17.98.222','Opera/9.01 (Windows NT 5.1; U; en)','','ucp.php?mode=register',1,0,0),('6608f6b79da385e8f6f69cb89de7e22e',1,7,1331792215,1331792215,1331792303,'109.165.57.96','Mozilla/4.0 (compatible; MSIE 5.5; Windows NT 4.0)','','posting.php?mode=reply&f=7&t=7',1,0,0),('ee2690aa1aba1047caa4988144e58216',1,0,1331792796,1331792796,1331792810,'71.223.2.249','Mozilla/4.0 (compatible; MSIE 6.0; Windows NT 5.2; WOW64; SV1; .NET CLR 2.0.50727)','','ucp.php?mode=register',1,0,0),('fcbbbc9dda60a2dcdd058d2e7e3f8d8b',1,0,1331793089,1331793089,1331793439,'217.146.208.194','Mozilla/4.0 (compatible; MSIE 6.0; Windows NT 5.2; Win64; AMD64)','','ucp.php?mode=register',1,0,0),('67b32ad03024d1b0e305ddfa4b914564',1,7,1331794504,1331794504,1331794518,'91.217.178.233','Mozilla/4.0 (compatible; MSIE 6.0; Windows NT 5.1; SV1; .NET CLR 1.1.4322) Babya Discoverer  8.0:','','viewtopic.php?f=7&p=1797',1,0,0),('9345d766f248cc8adbb01c6e962fd4fe',1,18,1331794633,1331794633,1331794881,'175.44.0.88','Mozilla/4.0 (compatible; MSIE 5.5; Windows NT 5.0; .NET CLR 1.1.4322)','','viewforum.php?f=18',1,0,0),('32ecedabd31ed43f9557956a132708b7',1,0,1331794661,1331794661,1331794661,'93.166.121.107','Mozilla/4.0 (compatible; MSIE 6.0; Windows NT 5.1; SV1; InfoPath.1)','','ucp.php?mode=register',1,0,0),('805a50df49cd7f9823623f60a489841f',1,7,1331795171,1331795171,1331795173,'94.181.218.149','Mozilla/6.0 (compatible; MSIE 7.0a1; Windows NT 5.2; SV1)','','posting.php?mode=post&f=7',1,0,0),('8904e04435c720a53235453129f96087',1,0,1331795341,1331795341,1331795357,'195.62.25.215','Mozilla/4.0 (compatible; MSIE 6.0; Windows NT 5.2; Win64; AMD64)','','ucp.php?mode=register',1,0,0),('98f35ab12b9865dddbb2a1102d5f2355',1,0,1331795494,1331795494,1331795494,'46.0.24.6','Mozilla/4.0 (compatible; MSIE 6.0; Windows NT 5.1; en) Opera 8.00','','posting.php?mode=quote&p=265',1,0,0),('3864fa6ba564ead6dfefc8f62e883027',1,7,1331795634,1331795634,1331795653,'178.137.18.72','Mozilla/4.0 (compatible; MSIE 6.0; Windows NT 5.1; SV1; .NET CLR 1.1.4322)','','posting.php?mode=reply&f=7&t=94',1,0,0),('096c7b953a843b90ce9be9ad67c2315e',1,0,1331796567,1331796567,1331796584,'14.145.80.115','Mozilla/4.0 (compatible; MSIE 6.0; Windows NT 5.2; Win64; x64; SV1; .NET CLR 2.0.50727)','','ucp.php?mode=register',1,0,0),('ae3e4cd1bf637cc89d57a022940671fc',1,0,1331796717,1331796717,1331796728,'91.217.178.234','Mozilla/4.0 (compatible; MSIE 7.0b; Windows NT 6.0)','','ucp.php?mode=register',1,0,0),('1bd1d6763371322289fd1d30832b1f27',1,0,1331797579,1331797579,1331797644,'69.162.120.58','Mozilla/4.0 (compatible; MSIE 6.0; Windows NT 5.1; SV1; FunWebProducts; MRA 4.6 (build 01425); .NET CLR 1.1.4322; .NET CLR 2.0.50727)','','index.php',1,0,0),('60678e67de65f3c81547efde9f384bfe',1,0,1331797906,1331797906,1331797923,'193.105.210.105','Mozilla/4.0 (compatible; MSIE 5.5; Windows NT 5.0; .NET CLR 1.1.4322)','','ucp.php?mode=register',1,0,0),('0afc3b0b10a2a15346a0b6e053e5cdd2',1,0,1331797908,1331797908,1331797942,'202.98.123.126','Mozilla/4.0 (compatible; MSIE 6.0; Windows NT 5.1; .NET CLR 1.0.3705)','','ucp.php?mode=register',1,0,0),('28bfeab5d8216c65fc2f7c5d72f6450a',1,0,1331797971,1331797971,1331797999,'98.142.210.165','Mozilla/4.0 (compatible; MSIE 5.0; Windows 2000) Opera 6.0 [en]','','ucp.php?mode=register',1,0,0),('0f45abd4668ba0a4c59770c32de556f0',1,0,1331799209,1331799209,1331799225,'109.230.216.6','Mozilla/4.0 (compatible; MSIE 6.0; Windows NT 5.1; SV1)','','ucp.php?mode=register',1,0,0),('0d1c8ff688d44fc3c93298a872385040',1,7,1331799366,1331799366,1331799556,'112.111.191.195','Mozilla/4.0 (compatible; MSIE 4.01; Digital AlphaServer 1000A 4/233; Windows NT; Powered By 64-Bit Alpha Processor)','','posting.php?mode=reply&f=7&t=248',1,0,0),('a338f9c7f797a089c33259c7b42382a2',1,0,1331799436,1331799436,1331799497,'58.22.158.198','Mozilla/4.0 (compatible; MSIE 6.0; Windows NT 5.1; SV1; .NET CLR 1.1.4322; .NET CLR 2.0.50727)','','ucp.php?mode=register',1,0,0),('6926e53f17acebd7aceef7a6810c6d95',1,7,1331799473,1331799473,1331799697,'112.111.168.224','Mozilla/4.0 (compatible; MSIE 6.0; Windows NT 5.1; SV1; FunWebProducts)','','posting.php?mode=reply&f=7&t=6',1,0,0),('0df1449ade7fde350d01cb6eca0bcc34',1,7,1331800315,1331800315,1331800334,'109.230.221.151','Mozilla/1.22 (compatible; MSIE 2.0d; Windows NT)','','posting.php?mode=reply&f=7&t=7',1,0,0),('26f043cfd2b0fc6f41b942f618b25042',1,7,1331800451,1331800451,1331800556,'60.2.104.112','Mozilla/4.0 (compatible; MSIE 6.0; Windows NT 5.1; FREE; .NET CLR 1.1.4322)','','posting.php?mode=reply&f=7&t=248',1,0,0),('2abc71deb5ef852f671511d83cde44ca',1,7,1331800941,1331800941,1331800957,'88.169.192.170','Opera/9.00 (Windows NT 5.1; U; en)','','posting.php?mode=reply&f=7&t=7',1,0,0),('c8558158379ef7ab72a149d149ae0e9b',1,7,1331800968,1331800968,1331801139,'175.42.90.80','Opera/7.60 (Windows NT 5.2; U)  [en] (IBM EVV/3.0/EAK01AG9/LE)','','posting.php?mode=post&f=7',1,0,0),('cee87d582ade5232b35e1b1a38f78a4b',1,0,1331800953,1331800953,1331801033,'58.22.133.190','Opera/9.00 (Windows NT 5.1; U; en)','','ucp.php?mode=register',1,0,0),('6ca8b8f3b013681d3f9d35751f3cb5bf',1,7,1331801450,1331801450,1331801647,'112.111.189.206','Mozilla/5.0 (Windows NT 5.1; U; en) Opera 8.01','','posting.php?mode=post&f=7',1,0,0),('c936c858c79724968d77ec6d00486595',1,0,1331801612,1331801612,1331801767,'175.44.29.168','Mozilla/4.0 (compatible; MSIE 6.0; Windows NT 5.1)','','ucp.php?mode=register',1,0,0),('dbcc1c2b0262f95fbb3f1c7cff3617d0',1,0,1331801812,1331801812,1331801998,'175.44.29.156','Mozilla/4.0 (compatible; MSIE 6.0; Windows NT 5.0; APC; .NET CLR 1.0.3705; .NET CLR 1.1.4322; .NET CLR 2.0.50215; InfoPath.1)','','ucp.php?mode=register',1,0,0),('aa5714b2046c28f14b12abfa11d3644f',1,0,1331801821,1331801821,1331801993,'175.44.30.3','Mozilla/4.0 (compatible; MSIE 5.0; Windows NT; DigExt)','','ucp.php?mode=register',1,0,0),('b320577211e9a97aa4149394586c2e84',1,0,1331801856,1331801856,1331802058,'175.44.26.0','Mozilla/0.6 Beta (Windows)','','ucp.php?mode=register',1,0,0),('50e69ed9217da2d7cf859ddf4c385941',1,7,1331802111,1331802111,1331802194,'175.44.28.196','Mozilla/4.0 (compatible; MSIE 6.0; Windows NT 5.1; .NET CLR 1.1.4322; FDM)','','posting.php?mode=post&f=7',1,0,0),('52408da1fd40bc582af56ebf7e491d4e',1,7,1331802273,1331802273,1331802359,'175.44.26.217','Mozilla/4.0 (compatible; MSIE 6.0; Windows NT 5.1; Maxthon; .NET CLR 1.1.4322)','','posting.php?mode=post&f=7',1,0,0),('64914497d0c9d839552160018e76b97d',1,0,1331802524,1331802524,1331802576,'175.44.28.253','Opera/7.60 (Windows NT 5.2; U)  [en] (IBM EVV/3.0/EAK01AG9/LE)','','ucp.php?mode=register',1,0,0),('d37084ff2a4bf0fc74f213919a4cf1df',1,0,1331803057,1331803057,1331803124,'112.111.181.125','Mozilla/4.0 (compatible; MSIE 6.0; Windows NT 5.1; en) Opera 9.0','','ucp.php?mode=register',1,0,0),('2ea64b68b9519ccb55237771dd3d7f4d',1,0,1331803157,1331803157,1331803157,'117.27.138.41','Mozilla/4.0 (compatible; MSIE 6.0; Windows NT 5.2; Win64; AMD64)','','ucp.php?mode=register',1,0,0),('0dba37cb8072369c8615b9200d4aae64',1,0,1331803164,1331803164,1331803214,'175.44.2.240','Mozilla/4.0 (compatible; MSIE 6.0; Windows XP)','','ucp.php?mode=register',1,0,0),('a1431fc4a601c328f1995ec58500a1f4',4,0,1331453056,1331803168,1331803168,'84.130.164.77','Mozilla/5.0 (Windows NT 6.1; WOW64; rv:10.0.2) Gecko/20100101 Firefox/10.0.2','','index.php',1,1,0),('e4db140a240d12d65063fb4d0a8a08fc',1,7,1331819576,1331819576,1331820033,'175.44.26.0','Mozilla/4.0 (compatible; MSIE 6.0; Windows NT 5.2; SV1; .NET CLR 1.1.4322; .NET CLR 2.0.50727)','','posting.php?mode=reply&f=7&t=94',1,0,0),('db0106ed296d9fcd35e299560238114d',1,0,1331803196,1331803196,1331803279,'58.22.139.7','Mozilla/4.0 (compatible; MSIE 6.0; Windows NT) ::ELNSB50::000061100320025802a00111000000000507000900000000','','ucp.php?mode=register',1,0,0),('72c808354b4483070ea39123d0db3776',1,0,1331803619,1331803619,1331803645,'178.137.195.10','Mozilla/4.0 (compatible; MSIE 5.0; Windows NT; DigExt)','','ucp.php?mode=register',1,0,0),('c425d68fe4ce7619a237a1f2aca11ddd',1,0,1331803681,1331803681,1331803692,'109.230.213.188','Mozilla/4.0 (compatible; MSIE 6.0; Windows NT 5.1; SV1; FunWebProducts; MRA 4.6 (build 01425); .NET CLR 1.1.4322; .NET CLR 2.0.50727)','','index.php',1,0,0),('2f8e7f34db6254373360296fceeec5d7',1,0,1331803637,1331803637,1331803865,'175.42.91.133','Opera/9.00 (Windows NT 5.1; U; en)','','ucp.php?mode=register',1,0,0),('b667d20d50706d19a563f59809b3f81c',1,0,1331804300,1331804300,1331804351,'58.22.139.44','Mozilla/4.0 (compatible; MSIE 6.0; Windows XP)','','ucp.php?mode=register',1,0,0),('0cf6792563e6f2563ff3c3e921e34322',1,0,1331804332,1331804332,1331804388,'58.22.139.174','Mozilla/4.0 (compatible; MSIE 6.0; Windows NT 5.1; .NET CLR 1.1.4322; FDM)','','ucp.php?mode=register',1,0,0),('5e88eaf3ef4e9feb8637c4d8cfad48bf',1,7,1331804739,1331804739,1331804791,'58.22.139.170','Mozilla/4.0 (compatible; MSIE 4.01; Digital AlphaServer 1000A 4/233; Windows NT; Powered By 64-Bit Alpha Processor)','','posting.php?mode=post&f=7',1,0,0),('24407c230f76be2fe42ce22d4aa97228',1,7,1331804994,1331804994,1331805138,'175.44.0.88','Mozilla/4.0 (compatible; MSIE 6.0; Windows NT 5.1; SV1; FunWebProducts)','','posting.php?mode=reply&f=7&t=6',1,0,0),('320c5d72396ba74e48a13a5ec6396f71',1,7,1331805930,1331805930,1331805930,'80.221.46.136','Mozilla/4.7 (compatible; OffByOne; Windows 2000) Webster Pro V3.4','','posting.php?mode=post&f=7',1,0,0),('c5b6555a074c9c05db67df13da07cc4a',1,7,1331807264,1331807264,1331807381,'182.50.142.66','Mozilla/4.0 (compatible; MSIE 4.01; Digital AlphaServer 1000A 4/233; Windows NT; Powered By 64-Bit Alpha Processor)','','posting.php?mode=reply&f=7&t=7',1,0,0),('13c2070021b31345b55a801b6c673d06',1,7,1331808915,1331808915,1331808997,'94.181.203.133','Mozilla/4.0 (compatible; MSIE 6.0; Windows NT 5.1)','','posting.php?mode=reply&f=7&t=6',1,0,0),('6cbd6403cf009774c7db6cf7c11f3a30',1,0,1331809377,1331809377,1331809432,'193.105.210.97','Mozilla/4.0 (compatible; MSIE 6.0; Windows ME) Opera 7.11  [en]','','ucp.php?mode=register',1,0,0),('50f3c509107cd31886088e5ec9e8b1c6',1,7,1331809463,1331809463,1331809761,'112.111.168.224','Mozilla/4.0 (compatible; MSIE 6.0; Windows NT 5.1; SV1; .NET CLR 1.1.4322) Babya Discoverer  8.0:','','posting.php?mode=reply&f=7&t=6',1,0,0),('42483c18a7966207ba73d5d397462780',1,7,1331809541,1331809541,1331809857,'58.22.158.198','Mozilla/4.0 (compatible; MSIE 5.5; Windows NT 5.0)','','posting.php?mode=reply&f=7&t=7',1,0,0),('32b3c017edb1b6f2cbca62366300d0b1',1,0,1331810597,1331810597,1331810611,'31.214.133.62','Mozilla/4.7 (compatible; OffByOne; Windows 2000) Webster Pro V3.4','','ucp.php',1,0,0),('e52bebeb7eb6c25fdac1f8f8ffade3c0',1,0,1331811379,1331811379,1331811401,'222.186.17.99','Mozilla/4.0 (compatible; MSIE 6.0; Windows NT 5.1; en) Opera 9.0','','ucp.php?mode=register',1,0,0),('513d14b20190fd8b314943202a3ec4b3',1,7,1331811552,1331811552,1331811612,'31.214.169.122','Mozilla/4.0 (compatible; MSIE 6.0; Windows NT 5.1; MRA 4.3 (build 01218); .NET CLR 1.1.4322)','','posting.php?mode=reply&f=7&t=94',1,0,0),('09ee0ee228dbec5580920c3f53678023',1,0,1331812826,1331812826,1331812854,'202.98.123.126','Mozilla/4.0 (compatible; MSIE 5.5; Windows 95; BCD2000)','','ucp.php?mode=register',1,0,0),('3966d63dab3cf15a47e33cf4d8e7b38f',1,0,1331813848,1331813848,1331813848,'72.64.146.73','Mozilla/0.91 Beta (Windows)','','index.php',1,0,0),('94f7b547070243bfdce8c9b6fdee1e15',1,7,1331814115,1331814115,1331814135,'178.137.18.72','Mozilla/4.0 (compatible; MSIE 6.0; Windows NT 5.1) Netscape/8.0.4','','posting.php?mode=reply&f=7&t=7',1,0,0),('59ed4e2c199184da8f07af276b933276',1,7,1331814177,1331814177,1331814240,'91.217.178.223','Mozilla/4.0 (compatible; MSIE 6.0; Windows NT 5.1; SV1; .NET CLR 1.1.4322) Babya Discoverer  8.0:','','posting.php?mode=reply&f=7&t=94',1,0,0),('ba53ecd3889b2c3f1be302b69fb719b2',1,7,1331814282,1331814282,1331814285,'94.181.218.149','Mozilla/4.0 (compatible; MSIE 6.0; America Online Browser 1.1; rev1.2; Windows NT 5.1; SV1; .NET CLR 1.1.4322)','','posting.php?mode=post&f=7',1,0,0),('42bdce2b7bf61bd943963f3658fa2c8b',1,0,1331814373,1331814373,1331814408,'46.17.96.204','Mozilla/4.0 (compatible; MSIE 6.0; Windows ME) Opera 7.11  [en]','','ucp.php?mode=register',1,0,0),('cfde0b851addea7f95ca18663f1b2d7e',1,7,1331814760,1331814760,1331814776,'31.31.116.174','Mozilla/4.0 (compatible; MSIE 6.0; Windows NT 5.1; SV1; .NET CLR 1.1.4322; .NET CLR 2.0.50727)','','posting.php?mode=reply&f=7&t=7',1,0,0),('a1972301cffa420c6c4acebe75732c93',1,7,1331814777,1331814777,1331814790,'146.0.74.244','Mozilla/6.0 (compatible; MSIE 7.0a1; Windows NT 5.2; SV1)','','posting.php?mode=reply&f=7&t=7',1,0,0),('4a008e50e2d2c59a9c8fe230b290fe5b',1,7,1331815825,1331815825,1331815839,'146.0.74.245','Mozilla/4.0 (compatible; MSIE 6.0; Windows NT 5.0; KTXN)','','posting.php?mode=reply&f=7&t=7',1,0,0),('7975ca50bcff7ac9d90dbc73e608e4ce',1,0,1331816020,1331816020,1331816081,'178.137.195.10','Mozilla/4.0 (compatible; MSIE 6.0; Windows NT 5.1; MyIE2; Deepnet Explorer)','','ucp.php?mode=register',1,0,0),('c9d3d0a6ca9a6f05dadad32fa40c56f9',1,7,1331816081,1331816081,1331816275,'218.66.250.106','Mozilla/4.0 (compatible; MSIE 6.0; Windows NT 5.1; SV1; Media Center PC','','posting.php?mode=reply&f=7&t=248',1,0,0),('1d9fde1dad2f06d64e637b412af2aaab',1,7,1331816400,1331816400,1331816413,'146.0.74.244','Mozilla/4.0 (compatible; MSIE 6.0; Windows NT 5.1; SV1; .NET CLR 1.1.4322) NS8/0.9.6','','posting.php?mode=reply&f=7&t=6',1,0,0),('4f9e77b97da77164160ed24b08c24117',1,7,1331816427,1331816427,1331816783,'175.44.30.3','Mozilla/4.0 (compatible; MSIE 6.0; Windows NT 5.0; Avant Browser [avantbrowser.com]; Hotbar 4.4.5.0)','','viewforum.php?f=7',1,0,0),('64bdb5f303fd705a7ef1cb5dfdadda8e',1,7,1331817304,1331817304,1331817320,'91.217.178.228','Mozilla/4.0 (compatible; MSIE 6.0; Update a; AOL 6.0; Windows 98)','','posting.php?mode=reply&f=7&t=94',1,0,0),('82189dc1d1cb660420f59917db193c58',1,7,1331817405,1331817405,1331817421,'91.217.178.230','Mozilla/4.0 (compatible; MSIE 6.0; Windows NT 5.1; en) Opera 8.00','','posting.php?mode=reply&f=7&t=7',1,0,0),('0e8edeb0290716ec902f51e4293c7863',1,7,1331817743,1331817743,1331817764,'91.217.178.233','Mozilla/5.0 (Windows NT 5.1; U; en) Opera 8.00','','posting.php?mode=reply&f=7&t=7',1,0,0),('b5a41db40b77aaccfe618fbfbb435f81',1,7,1331818043,1331818043,1331818060,'146.0.74.245','Mozilla/4.0 (compatible; MSIE 5.0; Windows 95) Opera 6.01  [en]','','posting.php?mode=reply&f=7&t=248',1,0,0),('2453fe51f3c2446c93082f9540c0d527',1,0,1331818489,1331818489,1331818626,'112.111.189.180','Mozilla/4.0 (compatible; MSIE 6.0; Windows NT 5.1; Maxthon; .NET CLR 1.1.4322)','','ucp.php?mode=register',1,0,0),('fc5f93aeaddb7ab83175843752738cfc',1,7,1331818654,1331818654,1331818915,'175.44.1.76','Mozilla/4.0 (compatible; MSIE 6.0; Windows NT 5.1; SV1; Media Center PC','','posting.php?mode=reply&f=7&t=7',1,0,0),('2ebd1d87e20977f2615f304aef7c0a4e',1,7,1331818676,1331818676,1331818688,'146.0.74.244','Mozilla/4.0 (compatible; MSIE 6.0; America Online Browser 1.1; rev1.2; Windows NT 5.1; SV1; .NET CLR 1.1.4322)','','posting.php?mode=reply&f=7&t=248',1,0,0),('32002e5967e8a43261771f4c18f50e43',1,7,1331818706,1331818706,1331818883,'58.22.133.190','Mozilla/4.0 (compatible; MSIE 7.0; Windows NT 5.1; SV1; .NET CLR 2.0.50727)','','viewforum.php?f=7',1,0,0),('c25cc61bbde17f3f2a432b0d6e358aba',1,0,1331818871,1331818871,1331818969,'175.42.90.80','Mozilla/4.0 (compatible; MSIE 6.0; Windows NT 5.0; APC; .NET CLR 1.0.3705; .NET CLR 1.1.4322; .NET CLR 2.0.50215; InfoPath.1)','','ucp.php?mode=register',1,0,0),('8f173484cfce9d8dcce23e8fb2e4b704',1,7,1331819206,1331819206,1331819517,'175.44.29.168','Mozilla/4.0 (compatible; MSIE 6.0; Windows NT 5.1; SV1; FunWebProducts; MRA 4.6 (build 01425); .NET CLR 1.1.4322; .NET CLR 2.0.50727)','','posting.php?mode=reply&f=7&t=248',1,0,0),('45fc7e5dfdb44d0b57dd2fbba0ff4d23',1,0,1331819376,1331819376,1331819464,'112.111.189.206','Mozilla/4.76 [en] (Windows NT 5.0; U)','','ucp.php?mode=login',1,0,0),('bbf3e8ea49044cce04a8ff63a3fc16ac',1,0,1331819406,1331819406,1331819480,'175.42.90.6','Mozilla/6.0 (compatible; MSIE 7.0a1; Windows NT 5.2; SV1)','','ucp.php?mode=register',1,0,0),('4a66c85254c8147502f3cc9102a9b208',1,0,1331759217,1331759217,1331759236,'90.150.144.46','Mozilla/4.0 (compatible; MSIE 6.0; Windows NT 5.1; SV1; .NET CLR 1.1.4322; XMPP Tiscali Communicator v.10.0.2; .NET CLR 2.0.50727)','','index.php',1,0,0),('9b8e7760b2370cfe5179a17ea1fe91b4',1,0,1331759384,1331759384,1331759384,'78.154.170.146','Mozilla/4.0 (compatible; MSIE 6.0; Windows 98; Win 9x 4.90)','','index.php',1,0,0),('57270a3c65d4739ef0626978844d1c00',1,7,1331759522,1331759522,1331759569,'176.31.106.146','Mozilla/4.0 (compatible; MSIE 6.0; Windows NT 5.2; Win64; AMD64)','','viewforum.php?f=7',1,0,0),('2f2b82059cd7bf54b6bce974fca5ccbc',1,0,1331760548,1331760548,1331760584,'109.230.220.230','Mozilla/4.0 (compatible; MSIE 6.0; Windows NT 5.0; KTXN)','','ucp.php?mode=register',1,0,0),('685f86f357527d07a144bc2ddd20071a',1,7,1331761051,1331761051,1331761054,'94.181.218.149','Mozilla/4.0 (compatible; MSIE 6.0; Windows NT 5.1; SV1; .NET CLR 1.1.4322)','','posting.php?mode=post&f=7',1,0,0),('ce035e536fd5d3905e6f0f8fb3c3ec18',1,18,1331761135,1331761135,1331761162,'46.147.121.116','Mozilla/4.0 (compatible; MSIE 6.0; Windows NT 5.2; Win64; x64; SV1; .NET CLR 2.0.50727)','','viewforum.php?f=18',1,0,0),('9c6ab058682bf3bf8a93272d9b6c4919',1,0,1331761188,1331761188,1331761210,'190.90.36.191','Mozilla/4.0 (compatible; MSIE 6.0; Windows NT 5.1; SV1; Media Center PC','','ucp.php?mode=register',1,0,0),('a6a6fc9e4582c1a6969d67dec2ba0300',1,0,1331764569,1331764569,1331764590,'27.154.56.238','Mozilla/4.0 (compatible; MSIE 6.0; Windows NT 5.1; SV1)','','ucp.php?mode=register',1,0,0),('b914256a1b707d4028594ef36af9498c',1,0,1331764657,1331764657,1331764725,'58.213.46.202','Mozilla/4.0 (compatible; MSIE 6.0; Windows NT 5.1)','','ucp.php?mode=register',1,0,0),('67ebc305bcc50e9f8a8bf5dc72a9eca2',1,0,1331765869,1331765869,1331765888,'89.252.58.37','Mozilla/4.0 (compatible; MSIE 6.0; Windows NT 5.1; .NET CLR 1.1.4322; FDM)','','index.php',1,0,0),('18f80ac1ca12029bc1644d8c4e654c66',1,0,1331766244,1331766244,1331766265,'220.161.150.114','Mozilla/4.0 (compatible; MSIE 7.0b; Windows NT 6.0)','','index.php',1,0,0),('8640dc7c12b4992f2600eaa366aad6c0',1,7,1331766968,1331766968,1331766996,'176.8.89.8','Mozilla/4.0 (compatible; MSIE 6.0; Windows NT 5.0)','','posting.php?mode=reply&f=7&t=7',1,0,0),('9c361fe6ca7472497a0ed739915d9ab7',1,0,1331767018,1331767018,1331767152,'193.201.81.2','Mozilla/4.0 (compatible; MSIE 6.0; America Online Browser 1.1; rev1.2; Windows NT 5.1; SV1; .NET CLR 1.1.4322)','','ucp.php?mode=register',1,0,0),('db8d379451fdb00e5107ef7a1503aefc',1,7,1331767511,1331767511,1331767530,'178.137.18.72','Mozilla/4.0 (compatible; MSIE 6.0; AOL 9.0; Windows NT 5.1)','','posting.php?mode=reply&f=7&t=7',1,0,0),('539a505b6bd268e5a1a6648423bd8e18',1,0,1331768586,1331768586,1331768607,'78.46.141.81','Mozilla/1.22 (compatible; MSIE 2.0; Windows 95)','','ucp.php?mode=register',1,0,0),('3522bd458b2693aff49fb7fe79ec4ea9',1,7,1331769209,1331769209,1331769278,'94.181.203.133','Mozilla/4.0 (compatible; MSIE 6.0; Windows 98; Win 9x 4.90; Creative)','','posting.php?mode=reply&f=7&t=6',1,0,0),('d0449ef4dffcf60a32c45913a78e707c',1,0,1331769994,1331769994,1331769994,'91.121.210.100','Mozilla/4.0 (compatible; MSIE 6.0; Windows 98; Win 9x 4.90)','','index.php',1,0,0),('0d9df3a3e2b532e873322240755e2c23',1,0,1331770110,1331770110,1331770128,'46.17.96.200','Mozilla/4.0 (compatible; MSIE 5.0; Windows 95) Opera 6.01  [en]','','ucp.php?mode=register',1,0,0),('22283c4b22459d443d1ad1d8a4dcc0cc',1,0,1331770565,1331770565,1331770583,'195.62.25.209','Opera/7.54 (Windows NT 5.1; U)  [pl]','','ucp.php?mode=register',1,0,0),('899562df5a88fbd3bf3ec84de0689b8b',1,0,1331770919,1331770919,1331770936,'110.34.134.108','Opera/8.00 (Windows NT 5.1; U; en)','','index.php',1,0,0),('036c68bbb48f0dcace02b0a0997ccac3',1,7,1331772016,1331772016,1331772105,'204.16.193.12','Opera/7.60 (Windows NT 5.2; U)  [en] (IBM EVV/3.0/EAK01AG9/LE)','','posting.php?mode=reply&f=7&t=7',1,0,0),('29b65876d8c773d5d0e22195bf066b57',1,0,1331773670,1331773670,1331773712,'72.159.131.3','Mozilla/4.0 (compatible; MSIE 6.0; Windows NT 5.1; TheFreeDictionary.com; .NET CLR 1.1.4322; .NET CLR 1.0.3705; .NET CLR 2.0.50727)','','ucp.php?mode=register',1,0,0),('4556d6507730d532c77897a328ac547c',1,0,1331772032,1331772032,1331772032,'200.75.135.62','Opera/9.64(Windows NT 5.1; U; en) Presto/2.1.1','','index.php',1,0,0),('cb3f043901b25227d9cb24438ea814f5',1,0,1331773921,1331773921,1331773943,'218.6.8.19','Mozilla/4.0 (compatible; MSIE 6.0; Windows NT 5.1; SV1)','','ucp.php?mode=register',1,0,0),('946546fcfa0265c58781e478653c0524',1,0,1331775285,1331775285,1331775296,'188.163.67.60','Mozilla/4.0 (compatible; MSIE 6.0; Windows NT 5.1; SV1; .NET CLR 1.0.3705; .NET CLR 1.1.4322; .NET CLR 2.0.40607)','','ucp.php?mode=register',1,0,0),('bd6c1a0065b8077702c9cd9dae38a67e',1,7,1331775556,1331775556,1331775734,'46.17.100.243','Mozilla/4.0 (compatible; MSIE 6.0; Windows NT 5.1; MyIE2; Deepnet Explorer)','','posting.php?mode=reply&f=7&t=7',1,0,0),('7d306bcaa60ceb99327b25e7f7fc7e4d',1,0,1331775609,1331775609,1331775676,'59.57.14.123','Mozilla/4.0 (compatible; MSIE 6.0; AOL 9.0; Windows NT 5.1)','','ucp.php?mode=register',1,0,0),('f3d8efe8ca0a51acfe422d552ce68e03',1,0,1331776267,1331776267,1331776282,'195.62.25.253','Opera/9.00 (Windows NT 5.1; U; en)','','ucp.php?mode=register',1,0,0),('9a29cdec5fd02d530815be5df5c023c1',1,0,1331776709,1331776709,1331776709,'64.191.13.150','Mozilla/5.2 (Windows; U; Windows NT 5.2; en-EN) Gecko/20090918 Firefox/3.5.6','','viewtopic.php?t=248?dgd=1',1,0,0),('8a326dc6da34b1b15ba6cc90e206d98e',1,7,1331776935,1331776935,1331777197,'61.241.220.83','Mozilla/4.0 (compatible; MSIE 6.0; Windows NT 5.1; .NET CLR 1.1.4322; FDM)','','posting.php?mode=reply&f=7&t=7',1,0,0),('188f19c20b19e46a022cc55c233da309',1,7,1331776940,1331776940,1331776954,'69.162.120.58','Mozilla/4.0 (compatible; MSIE 6.0; Windows NT 5.1; SV1; .NET CLR 1.1.4322; XMPP Tiscali Communicator v.10.0.2; .NET CLR 2.0.50727)','','posting.php?mode=post&f=7',1,0,0),('df1dee4c0492be63edc366ca0ecc975a',1,7,1331777382,1331777382,1331777384,'94.181.218.149','Mozilla/4.0 (compatible; MSIE 6.0; Windows NT 5.0; KTXN)','','posting.php?mode=post&f=7',1,0,0),('9c65bb455991590da2c2ad98f1b2e743',1,0,1331778545,1331778545,1331778545,'121.229.81.46','Mozilla/4.0 (compatible; MSIE 6.0; Windows NT 5.1; SV1;)','','ucp.php?mode=login',1,0,0),('14118499cac9a26faa69adab0a02c130',1,7,1331778874,1331778874,1331778877,'199.168.142.166','Mozilla/4.0 (compatible; MSIE 6.0; Windows NT) ::ELNSB50::000061100320025802a00111000000000507000900000000','','posting.php?mode=post&f=7',1,0,0),('b8a0192e02bb51bc72de8c86d281c312',1,0,1331779022,1331779022,1331779047,'110.86.167.57','Mozilla/4.0 (compatible; MSIE 6.0; Windows NT 5.1; SV1; FunWebProducts)','','index.php',1,0,0),('e0e163c758a729d0c0fa554f66596d81',1,0,1331574169,1331574169,1331574347,'46.17.98.88','Mozilla/4.0 (compatible; MSIE 6.0; Windows NT 5.2; WOW64; SV1; .NET CLR 2.0.50727)','','ucp.php?mode=register',1,0,0),('f8df5388712f9fe11117f046f9dbb7c8',1,0,1331601055,1331601055,1331601117,'91.121.210.100','Mozilla/4.0 (compatible; MSIE 6.0; Windows NT 5.0; .NET CLR 1.0.3705; .NET CLR 1.1.4322)','','ucp.php?mode=login',1,0,0),('56c4145d510844e8ddeebca7f6ce9579',1,7,1331575457,1331575457,1331575486,'46.63.146.46','Opera/7.54 (Windows NT 5.1; U)  [pl]','','posting.php?mode=reply&f=7&t=248',1,0,0),('7077c533d1e011fea16bd64cc2ba4c21',1,7,1331576419,1331576419,1331576505,'46.17.100.243','Mozilla/4.0 (compatible; MSIE 6.0; Windows NT 5.2; Win64; AMD64)','','posting.php?mode=reply&f=7&t=6',1,0,0),('f6c9c5d8f026db877847f67a65b937a6',1,7,1331576475,1331576475,1331576509,'176.8.89.8','Mozilla/4.0 (compatible; MSIE 6.0; Windows NT 5.1; KKman2.0)','','posting.php?mode=reply&f=7&t=6',1,0,0),('15e638a64d848264af941383a2d99fdd',1,0,1331577370,1331577370,1331577389,'222.186.17.99','Mozilla/4.0 (compatible; MSIE 6.0; Windows NT 5.1; en) Opera 9.0','','ucp.php?mode=register',1,0,0),('e45b39c8bc01afda9247aa9dd846e43b',1,0,1331577588,1331577588,1331577588,'91.217.178.223','Mozilla/4.0 (compatible; MSIE 7.0; Windows NT 5.1; SV1; .NET CLR 2.0.50727)','','ucp.php?mode=login',1,0,0),('9c513a12212d03bf5ee4d9e7e593ac19',1,7,1331578685,1331578685,1331578728,'94.181.197.168','Mozilla/4.0 (compatible; MSIE 6.0; MSIE 5.5; Windows NT 4.0) Opera 7.0 [en]','','posting.php?mode=reply&f=7&t=7',1,0,0),('a4a5750060a734631ec80953b72802f2',1,0,1331578789,1331578789,1331578826,'61.241.220.83','Mozilla/4.0 (compatible; MSIE 6.0; Windows NT 5.2; Win64; x64; SV1; .NET CLR 2.0.50727)','','ucp.php?mode=register',1,0,0),('d3dfec4773bf5696a217a8ef2affc630',1,0,1331579611,1331579611,1331579630,'109.254.49.6','Opera/9.00 (Windows NT 4.0; U; en)','','ucp.php?mode=register',1,0,0),('e6db3b8a63d5c3e0ae8093f2e3cc5c7a',1,7,1331580624,1331580624,1331580797,'31.23.4.136','Mozilla/4.0 (compatible; MSIE 6.0; Windows NT 5.1; SV1; MRA 4.6 (build 01425); MRSPUTNIK 1, 5, 0, 19 SW)','','posting.php?mode=reply&f=7&t=6',1,0,0),('6ff97bd143d3c887b1d764586ce6a179',1,7,1331582227,1331582227,1331582247,'178.137.18.72','Mozilla/4.0 (compatible; MSIE 6.0; Windows NT 5.1; SV1; FunWebProducts; .NET CLR 1.1.4322; PeoplePal 6.2)','','posting.php?mode=reply&f=7&t=94',1,0,0),('5a41abc48b6b7cbcf67c43a0b5d83559',1,0,1331582288,1331582288,1331582301,'205.213.195.70','Mozilla/4.0 (compatible; MSIE 6.0; Windows NT 5.1; .NET CLR 1.1.4322)','','ucp.php?mode=register',1,0,0),('bbe8d3149d9d956426e8f7d165ac3c6c',1,0,1331583088,1331583088,1331583107,'31.214.169.122','Mozilla/4.0 (compatible; MSIE 6.0; Windows NT 5.2; Win64; AMD64)','','index.php',1,0,0),('0de8e7ddd47439bb0e010b71f31c67c9',1,0,1331583139,1331583139,1331583155,'110.85.68.74','Mozilla/4.79 [en] (Windows NT 5.0; U)','','ucp.php?mode=register',1,0,0),('1ff91538d5269716a3279939426c83a2',1,0,1331583432,1331583432,1331583432,'194.146.132.135','Mozilla/4.0 (compatible; MSIE 7.0; Windows NT 6.0; GTB6; SLCC1; .NET CLR 2.0.50727; .NET CLR 3.0.04506)','','index.php',1,0,0),('7586b7aec60cb8079e9b97da9bbc10ba',1,0,1331583433,1331583433,1331583433,'194.146.132.135','Mozilla/4.0 (compatible; MSIE 7.0; Windows NT 6.0; GTB6; SLCC1; .NET CLR 2.0.50727; .NET CLR 3.0.04506)','','index.php',1,0,0),('07332a711da2839fb57b40fd5b9e46a6',1,0,1331584932,1331584932,1331584947,'173.208.214.58','Mozilla/4.0 (compatible; MSIE 6.0; Windows NT 5.1; SV1; MRA 4.6 (build 01425); MRSPUTNIK 1, 5, 0, 19 SW)','','ucp.php?mode=register',1,0,0),('940a3283c128ec4cc4a618ab86ec7f6f',1,0,1331585544,1331585544,1331585592,'109.230.220.230','Mozilla/4.0 (compatible; MSIE 6.0; Windows NT 5.1; ru) Opera 8.50','','ucp.php?mode=register',1,0,0),('940fd4ec5c62fc044fe5ec18f0d28c1d',1,0,1331585763,1331585763,1331585782,'78.28.118.162','Mozilla/4.0 (compatible; MSIE 6.0; Windows NT 5.1; SV1; .NET CLR 1.1.4322)','','ucp.php?mode=register',1,0,0),('5b5995ce0db71931b8ae1b553d8cc9b9',1,7,1331585805,1331585805,1331585808,'91.121.210.100','Mozilla/4.0 (compatible; MSIE 6.0; Windows ME) Opera 7.11  [en]','','posting.php?mode=reply&f=7&t=7',1,0,0),('ee98dc4fc680778793ac354e09361d06',1,7,1331586103,1331586103,1331586186,'31.192.105.2','Mozilla/4.0 (compatible; MSIE 6.0; Windows NT 5.1; SV1; .NET CLR 1.1.4322; XMPP Tiscali Communicator v.10.0.2; .NET CLR 2.0.50727)','','viewtopic.php?f=7&t=6&p=1470',1,0,0),('d1450af8daf67683f4b935ee1220faff',1,0,1331586930,1331586930,1331586954,'109.230.245.40','Opera/9.00 (Windows NT 4.0; U; en)','','ucp.php?mode=register',1,0,0),('25352a14dc8285e94058a1a9ea1220b5',1,7,1331587149,1331587149,1331587188,'114.93.166.178','Mozilla/4.0 (compatible; Powermarks/3.5; Windows 95/98/2000/NT)','','posting.php?mode=reply&f=7&t=7',1,0,0),('5f09efaf4051c5302bb60728b40e8aba',1,7,1331587430,1331587430,1331587479,'46.185.70.4','Mozilla/4.0 (compatible; MSIE 6.0; Windows NT 5.0; Avant Browser [avantbrowser.com]; Hotbar 4.4.5.0)','','posting.php?mode=reply&f=7&t=7',1,0,0),('dd9f11a87c7bc97e0a96c30f6d69e1db',1,0,1331723226,1331723226,1331723359,'110.34.134.108','Mozilla/4.0 (compatible; MSIE 6.0; MSIE 5.5; Windows NT 5.0) Opera 7.02 Bork-edition [en]','','ucp.php?mode=login',1,0,0),('457d1ee22fe6060e5ec774721083d61e',1,7,1331588042,1331588042,1331588044,'94.181.218.149','Mozilla/3.0 (x86 [en] Windows NT 5.1; Sun)','','posting.php?mode=post&f=7',1,0,0),('99bceb958a73db9ae26a47acac402ed2',1,7,1331588695,1331588695,1331588746,'27.159.233.240','Mozilla/4.0 (compatible; MSIE 6.0; Windows NT 5.1; SV1; .NET CLR 1.1.4322) Babya Discoverer  8.0:','','posting.php?mode=reply&f=7&t=94',1,0,0),('63e89726d408b557e5b120aa0c7a35f4',1,7,1331589281,1331589281,1331589319,'94.181.197.168','Opera/9.01 (Windows NT 5.1; U; en)','','posting.php?mode=reply&f=7&t=94',1,0,0),('67445cf629247cbe2bc5aa63358f70c6',1,0,1331590624,1331590624,1331590624,'199.19.249.196','Mozilla/4.0 (compatible; MSIE 7.0; Windows NT 5.1; InfoPath.1; .NET CLR 2.0.50727; .NET CLR 1.1.4322; MS-RTC LM 8; .NET CLR 3.0.4506.2152; .NET CLR 3','','index.php',1,0,0),('d272f711959e383924738a515bf837d3',1,7,1331590625,1331590625,1331590707,'164.151.129.37','Mozilla/4.0 (compatible; MSIE 6.0; Windows ME) Opera 7.11  [en]','','posting.php?mode=reply&f=7&t=7',1,0,0),('49f3cf6a0f84482ba3872a227fa0ad3a',1,18,1331590657,1331590657,1331590657,'199.19.249.196','Mozilla/4.0 (compatible; MSIE 7.0; Windows NT 5.1; InfoPath.1; .NET CLR 2.0.50727; .NET CLR 1.1.4322; MS-RTC LM 8; .NET CLR 3.0.4506.2152; .NET CLR 3','','viewforum.php?f=18',1,0,0),('ab7daf72b82448e7ca55de889d2a7095',1,7,1331590674,1331590674,1331590674,'199.19.249.196','Mozilla/4.0 (compatible; MSIE 7.0; Windows NT 5.1; InfoPath.1; .NET CLR 2.0.50727; .NET CLR 1.1.4322; MS-RTC LM 8; .NET CLR 3.0.4506.2152; .NET CLR 3','','posting.php?mode=post&f=7',1,0,0),('f0b22f07243db45f941b2b8071fc888e',1,7,1331590686,1331590686,1331590686,'199.19.249.196','Mozilla/4.0 (compatible; MSIE 7.0; Windows NT 5.1; InfoPath.1; .NET CLR 2.0.50727; .NET CLR 1.1.4322; MS-RTC LM 8; .NET CLR 3.0.4506.2152; .NET CLR 3','','viewtopic.php?f=7&p=1797',1,0,0),('43eb05d2ed8fe61a5722e6d3f7313183',1,0,1331590994,1331590994,1331591243,'117.26.201.73','Mozilla/4.0 (compatible; MSIE 7.0; Windows NT 5.1; SV1; .NET CLR 2.0.50727)','','index.php',1,0,0),('5dfb3b277a5ac43eb6e39e9d837b17dc',1,18,1331591733,1331591733,1331591751,'91.121.167.63','Mozilla/4.0 (compatible; MSIE 4.01; Digital AlphaServer 1000A 4/233; Windows NT; Powered By 64-Bit Alpha Processor)','','viewforum.php?f=18',1,0,0),('6e740e01ecba14dede0405625e43e693',1,0,1331591822,1331591822,1331591833,'50.7.247.58','Mozilla/4.0 (compatible; MSIE 6.0; Windows XP)','','ucp.php?mode=register',1,0,0),('aad53fab20bcb34fcf041f8e46a4d715',1,0,1331592437,1331592437,1331592437,'91.121.210.100','Mozilla/4.0 (compatible; MSIE 6.0; Windows 98; Win 9x 4.90)','','index.php',1,0,0),('8ba3490b9e2468526c402deb32120884',1,0,1331592935,1331592935,1331592948,'46.147.64.188','Mozilla/4.0 (compatible; MSIE 5.0; Windows 2000) Opera 6.0 [en]','','ucp.php?mode=register',1,0,0),('212a9663ec13b6731a9ff210c3a1fb73',1,0,1331593095,1331593095,1331593106,'91.214.17.6','Mozilla/4.0 (compatible; MSIE 5.5; Windows NT 4.0; .NET CLR 1.0.2914)','','ucp.php?mode=register',1,0,0),('20f7528671047f0b367821eff21b0424',1,0,1331593339,1331593339,1331593357,'176.36.66.238','Mozilla/4.0 (compatible; MSIE 6.0; Windows NT 5.1; SV1; YPC 3.0.2; .NET CLR 1.1.4322; yplus 4.4.02b)','','ucp.php?mode=register',1,0,0),('672c1406c22118f03486eff88e85571b',1,0,1331593563,1331593563,1331593582,'222.186.17.99','Mozilla/4.0 (compatible; MSIE 6.0; Windows NT 5.0)','','ucp.php?mode=register',1,0,0),('0c35cc585e82360aaa7991ff4a0b9fdd',1,7,1331593970,1331593970,1331594004,'178.137.18.72','Opera/9.00 (Windows NT 4.0; U; en)','','posting.php?mode=reply&f=7&t=248',1,0,0),('dc91fddbc79241d7cbab3fadfe9de324',1,7,1331594816,1331594816,1331594848,'176.8.89.8','Mozilla/4.0 (compatible; MSIE 6.0; Windows ME) Opera 7.11  [en]','','posting.php?mode=reply&f=7&t=6',1,0,0),('2f9758f735d7f446d231243be334cacf',1,0,1331596946,1331596946,1331596959,'109.173.69.50','Mozilla/4.0 (compatible; MSIE 6.0; Windows NT 5.1; SV1; InfoPath.1)','','ucp.php?mode=register',1,0,0),('75a7bc7d5972306eb8e6dc522c8c0721',1,0,1331598139,1331598139,1331598153,'46.147.64.165','Mozilla/4.0 (compatible; MSIE 6.0; Windows NT 5.1; SV1; InfoPath.1)','','ucp.php?mode=register',1,0,0),('1a90e5157d282573b1a7b73751b02080',1,0,1331598489,1331598489,1331598498,'61.241.220.83','Mozilla/4.0 (compatible; MSIE 6.0; Windows NT 5.0; T312461)','','ucp.php?mode=confirm&confirm_id=6a0f7a506b2e7bde894c2b9eb7068da6&type=1',1,0,0),('c8e5efd870c06b79f417e7db4da8a8c2',1,7,1331599199,1331599199,1331599242,'94.181.197.168','Mozilla/4.0 (compatible; MSIE 6.0; America Online Browser 1.1; rev1.2; Windows NT 5.1; SV1; .NET CLR 1.1.4322)','','posting.php?mode=reply&f=7&t=248',1,0,0),('daf4a6b7ede652934463040f4079b785',1,7,1331599289,1331599289,1331599795,'59.60.123.72','Mozilla/4.0 (compatible; MSIE 6.0; Windows 98; Win 9x 4.90; Creative)','','posting.php?mode=reply&f=7&t=7',1,0,0),('5699b2d4bb9955f3bbb699889f43721e',1,0,1331599594,1331599594,1331599595,'199.168.142.166','Mozilla/4.0 (compatible; MSIE 6.0; Windows NT 5.1; SV1; .NET CLR 1.1.4322; .NET CLR 2.0.50727)','','index.php',1,0,0),('043d29ee305cd98cd81e326cb7401bd9',1,0,1331599613,1331599613,1331599675,'91.121.210.100','Mozilla/4.0 (compatible; MSIE 5.0; Windows 3.1)','','ucp.php?mode=register',1,0,0),('eecbf805fd76cb14206d40681e154934',1,0,1331599961,1331599961,1331599961,'201.75.14.250','Mozilla/4.0 (compatible; MSIE 5.5; Windows NT 5.0)','','ucp.php?mode=register',1,0,0),('d36fa86d792a94e54638d4ce6420eea8',1,0,1331601216,1331601216,1331601245,'58.119.6.196','Mozilla/4.0 (compatible; MSIE 6.0; Windows NT 5.1; Q312461)','','ucp.php?mode=register',1,0,0),('7cbd7808ee2840b398e711c3aab8c8c3',1,7,1331602002,1331602002,1331602081,'61.7.241.18','Mozilla/4.0 (compatible; MSIE 6.0; Windows NT 5.0; T312461)','','posting.php?mode=reply&f=7&t=6',1,0,0),('df79a3003e048e170d57ea2155a903bc',1,0,1331602970,1331602970,1331603005,'91.217.178.236','Opera/7.60 (Windows NT 5.2; U)  [en] (IBM EVV/3.0/EAK01AG9/LE)','','index.php',1,0,0),('37fca54afad5171dd3beb3cc1284e015',1,7,1331603998,1331603998,1331604019,'109.95.73.91','Mozilla/4.0 (compatible; MSIE 6.0; Windows NT 5.1; SV1; FunWebProducts; .NET CLR 1.1.4322; PeoplePal 6.2)','','posting.php?mode=reply&f=7&t=7',1,0,0),('1bdecfbad13ad84d4235eb57cbce2ed4',1,0,1331604911,1331604911,1331604929,'79.173.108.66','Mozilla/4.0 (compatible; MSIE 6.0; Windows NT 5.1; SV1; FunWebProducts)','','ucp.php?mode=register',1,0,0),('6e695342d62a8e4c21ad290f4e9aaa29',1,0,1331604955,1331604955,1331604967,'89.252.58.228','Mozilla/4.0 (compatible; MSIE 5.5; Windows NT 5.0)','','ucp.php?mode=register',1,0,0),('e786d9e5e2db111bd8d4f80eb19f9c05',1,7,1331605090,1331605090,1331605113,'178.137.18.72','Mozilla/4.0 (compatible; MSIE 6.0; Windows NT 5.1; SV1)','','posting.php?mode=reply&f=7&t=7',1,0,0),('824cbcb106ac37405aca851d81e8258f',1,7,1331605267,1331605267,1331605270,'94.181.218.149','Mozilla/4.0 (compatible; MSIE 5.01; Windows 95; MSIECrawler)','','posting.php?mode=post&f=7',1,0,0),('50f18bac8e182bbe9c326b72c9411e9c',1,7,1331605497,1331605497,1331605528,'78.28.118.162','Mozilla/6.0 (compatible; MSIE 7.0a1; Windows NT 5.2; SV1)','','posting.php?mode=post&f=7',1,0,0),('f08d85493848ff6d162b636367a6ee94',1,7,1331605642,1331605642,1331605646,'31.214.133.11','Mozilla/6.0 (compatible; MSIE 7.0a1; Windows NT 5.2; SV1)','','posting.php?mode=post&f=7',1,0,0),('fdb432e1675b1fb7498e7e190c983025',1,7,1331605661,1331605661,1331605915,'175.44.9.130','Mozilla/4.0 (compatible; MSIE 6.0; Windows ME) Opera 7.11  [en]','','posting.php?mode=reply&f=7&t=248',1,0,0),('80e23a08ad37970c9c1672d1a59d3acc',1,0,1331606444,1331606444,1331606446,'117.43.5.65','Mozilla/4.0 (compatible; MSIE 6.0; Windows NT 5.1; FREE; .NET CLR 1.1.4322)','','ucp.php?mode=register',1,0,0),('b3d713be281b45d944bb2559ba5427f5',1,0,1331609129,1331609129,1331609142,'188.65.69.244','Mozilla/4.0 (compatible; MSIE 5.5; Windows NT 4.0; .NET CLR 1.0.2914)','','ucp.php?mode=register',1,0,0),('7377d824086904885163cddd6b4208d7',1,7,1331609295,1331609295,1331609310,'176.36.66.238','Opera/9.01 (Windows NT 5.1; U; en)','','posting.php?mode=reply&f=7&t=7',1,0,0),('16f09b42eba8df02a4670c4be21055c4',1,0,1331611066,1331611066,1331611091,'117.43.5.65','Mozilla/4.0 (compatible; MSIE 6.0; Windows 98; Win 9x 4.90)','','index.php',1,0,0),('ca666374d2b74466852b8e028f926667',1,0,1331611928,1331611928,1331611949,'76.164.196.154','Mozilla/4.0 (compatible; MSIE 6.0; Windows NT 5.1; SV1; .NET CLR 1.1.4322; XMPP Tiscali Communicator v.10.0.2; .NET CLR 2.0.50727)','','ucp.php?mode=register',1,0,0),('00095b69783c232fe3a58f59b01e5ecb',1,7,1331612674,1331612674,1331612684,'46.185.70.4','Mozilla/4.0 (compatible; MSIE 5.5; Windows NT 5.0)','','posting.php?mode=reply&f=7&t=6',1,0,0),('0e4bed6c79757a70ec6ec9289e6ac6c9',1,0,1331613119,1331613119,1331613142,'109.230.245.31','Mozilla/4.0 (compatible; MSIE 5.5; Windows NT 5.0; T312461)','','index.php',1,0,0),('62dc7ae3cc976c389227da197caa082e',1,7,1331613206,1331613206,1331613233,'176.8.89.8','Mozilla/4.0 (compatible; MSIE 5.5; Windows NT 5.0)','','posting.php?mode=reply&f=7&t=6',1,0,0),('3130e15e94496f4f36cf999e6b03b030',1,0,1331613438,1331613438,1331613459,'220.161.150.114','Mozilla/4.0 (compatible; MSIE 6.0; Windows NT 5.2; Win64; AMD64)','','ucp.php?mode=login',1,0,0),('060963869b95c5b219cbf75265c25c23',1,7,1331613613,1331613613,1331613677,'59.57.14.123','Mozilla/4.0 (compatible; MSIE 5.5; Windows NT 4.0)','','posting.php?mode=reply&f=7&t=7',1,0,0),('34bbe0a46f70a1a54ecdd862fbb1627e',1,0,1331614557,1331614557,1331614571,'94.50.136.30','Mozilla/4.0 (compatible; MSIE 6.0; Windows NT 5.1; SV1; .NET CLR 1.1.4322) Babya Discoverer  8.0:','','index.php',1,0,0),('af4675d1caeca13e62ed0b6bfe32df72',1,0,1331614724,1331614724,1331614727,'117.43.5.65','Mozilla/4.0 (compatible; MSIE 6.0; Update a; AOL 6.0; Windows 98)','','index.php',1,0,0),('a0ab81913b7820c997169a1d9f292d71',1,7,1331615193,1331615193,1331615222,'178.137.18.72','Mozilla/0.6 Beta (Windows)','','posting.php?mode=reply&f=7&t=94',1,0,0),('58157c07ffa5f70e3ea49662834e0b1f',1,7,1331616177,1331616177,1331616364,'117.27.138.68','Mozilla/4.0 (compatible; MSIE 6.0; Windows NT 5.1; SV1; FunWebProducts)','','posting.php?mode=reply&f=7&t=248',1,0,0),('b4f047df53d4f712c86dfc47f8377bc1',1,0,1331617385,1331617385,1331617402,'46.17.96.200','Mozilla/4.0 (compatible; Powermarks/3.5; Windows 95/98/2000/NT)','','ucp.php?mode=register',1,0,0),('80d3dd0a37141a975e37a457bf83f464',1,7,1331617632,1331617632,1331617649,'146.0.74.245','Mozilla/4.0 (compatible; MSIE 6.0; Windows NT 5.1; SV1; FunWebProducts)','','posting.php?mode=reply&f=7&t=248',1,0,0),('f269176410cc36edc38edb24397e2649',1,0,1331617810,1331617810,1331617830,'222.186.17.99','Mozilla/4.0 (compatible; MSIE 6.0; Windows NT 5.1; SV1; FunWebProducts; MRA 4.6 (build 01425); .NET CLR 1.1.4322; .NET CLR 2.0.50727)','','ucp.php?mode=register',1,0,0),('f119d9f97a1825abfc066a92180c5915',1,0,1331617832,1331617832,1331617893,'98.126.55.170','Mozilla/4.0 (compatible; MSIE 6.0; Windows 98; Win 9x 4.90; Creative)','','index.php',1,0,0),('b21a50f4dd4e81c4a900e1808f79c54e',1,0,1331618562,1331618562,1331618562,'188.114.59.41','Mozilla/4.0 (compatible; MSIE 7.0; Windows NT 6.0; GTB6; SLCC1; .NET CLR 2.0.50727; .NET CLR 3.0.04506)','','index.php',1,0,0),('34cdd7d87a93da8aedf6789625953472',1,0,1331618562,1331618562,1331618562,'188.114.59.41','Mozilla/4.0 (compatible; MSIE 7.0; Windows NT 6.0; GTB6; SLCC1; .NET CLR 2.0.50727; .NET CLR 3.0.04506)','','index.php',1,0,0),('fdf6945d81802776602f4e8134a9fc7e',1,7,1331620297,1331620297,1331620300,'31.214.133.11','Mozilla/4.0 (compatible; MSIE 6.0; Windows NT 5.1; FREE; .NET CLR 1.1.4322)','','posting.php?mode=post&f=7',1,0,0),('e9f66bbf4557a70f3f19303fd3db15ad',1,7,1331620722,1331620722,1331620741,'91.217.178.233','Mozilla/4.0 (compatible; MSIE 6.0; Windows NT 5.1; SV1)','','posting.php?mode=reply&f=7&t=94',1,0,0),('e9fe945454fcc9a97c32e0c202ab338d',1,0,1331621518,1331621518,1331621539,'46.17.96.204','Mozilla/4.0 (compatible; MSIE 5.5; Windows NT 5.0)','','ucp.php?mode=register',1,0,0),('6d5e47db99dc55514cb082f3d06a9d38',1,0,1331621901,1331621901,1331621903,'59.62.155.221','Mozilla/0.91 Beta (Windows)','','index.php',1,0,0),('8c2850f6f84892697ab64a40103dbcb3',1,7,1331622125,1331622125,1331622134,'46.17.100.99','Mozilla/4.0 (compatible; MSIE 6.0; Windows NT 5.1; .NET CLR 1.1.4322; FDM)','','posting.php?mode=reply&f=7&t=6',1,0,0),('5f803bd8a64b2efc594d4c386aa24c60',1,0,1331622308,1331622308,1331622328,'178.250.47.252','Mozilla/4.0 (compatible; MSIE 5.5; Windows 95; BCD2000)','','index.php',1,0,0),('148cbb597e7f6817f3f4ea12bb48f46a',1,0,1331680719,1331680719,1331680738,'109.73.66.116','Mozilla/5.0 (Windows NT 5.1; U; en) Opera 8.01','','ucp.php?mode=register',1,0,0),('57d8e94b9d49d184a4a84508a7f7b365',1,0,1331622318,1331622318,1331622357,'178.137.195.10','Mozilla/4.0 (compatible; MSIE 6.0; Windows ME) Opera 7.11  [en]','','ucp.php?mode=register',1,0,0),('b3b81e9c6666ca6cd63b83879c10085d',1,7,1331623058,1331623058,1331623062,'94.181.218.149','Mozilla/4.0 (compatible; MSIE 6.0; Windows NT 5.1; KKman2.0)','','posting.php?mode=post&f=7',1,0,0),('1b130f98059ab6d83f96a6d596c5b747',1,0,1331623155,1331623155,1331623168,'178.93.214.148','Mozilla/4.0 (compatible; MSIE 6.0; Windows NT 5.1; SV1; .NET CLR 1.0.3705; .NET CLR 1.1.4322; .NET CLR 2.0.40607)','','ucp.php?mode=register',1,0,0),('20fe74d48372b6bd6bbc6c9ad20fe657',1,0,1331625035,1331625035,1331625052,'58.246.104.130','Mozilla/4.0 (compatible; MSIE 6.0; America Online Browser 1.1; rev1.2; Windows NT 5.1; SV1; .NET CLR 1.1.4322)','','ucp.php?mode=register',1,0,0),('c16d1487f98baa8bcdfeddecda34bbdc',1,7,1331625834,1331625834,1331625861,'178.137.18.72','Mozilla/4.0 (compatible; MSIE 6.0; Windows 98; Win 9x 4.90; Creative)','','posting.php?mode=reply&f=7&t=6',1,0,0),('5d25f83fc5c02c79f1e2e8eacd10beb6',1,7,1331626001,1331626001,1331626051,'91.201.64.51','Mozilla/4.0 (compatible; MSIE 6.0; Windows NT 5.1; SV1; .NET CLR 1.1.4322; .NET CLR 2.0.50727)','','posting.php?mode=reply&f=7&t=6',1,0,0),('3949bc3045be6d5df79bcca4773cc43c',1,7,1331626162,1331626162,1331626212,'201.92.216.176','Mozilla/4.0 (compatible; MSIE 6.0; Windows NT 5.1; en) Opera 9.0','','posting.php?mode=reply&f=7&t=7',1,0,0),('50222431a4e5da3968fc16e268966bd9',1,7,1331626176,1331626176,1331626269,'59.57.14.123','Mozilla/4.0 (compatible; Powermarks/3.5; Windows 95/98/2000/NT)','','posting.php?mode=reply&f=7&t=7',1,0,0),('40043b1555b3f3d2aa063b8ee0b9ee8d',1,0,1331626722,1331626722,1331626746,'46.147.76.231','Mozilla/4.0 (compatible; MSIE 6.0; Windows NT 5.1; MRA 4.6 (build 01425))','','ucp.php?mode=register',1,0,0),('9e5b3c9660629917631d0280daa01da5',1,0,1331627391,1331627391,1331627413,'109.230.213.188','Opera/9.00 (Windows NT 5.1; U; en)','','index.php',1,0,0),('1f0b100a549cfff7cbdc6a6251c75a18',1,7,1331628146,1331628146,1331628167,'91.217.178.228','Opera/9.01 (Windows NT 5.1; U; en)','','posting.php?mode=reply&f=7&t=7',1,0,0),('be2c71a15eaff427075aab6fb945a759',1,7,1331628776,1331628776,1331628888,'222.76.144.181','Mozilla/4.0 (compatible; MSIE 5.5; Windows NT 5.0; T312461)','','posting.php?mode=reply&f=7&t=6',1,0,0),('7dad603c319476059776831a8ddf90df',1,7,1331628827,1331628827,1331628843,'91.217.178.233','Opera/7.54 (Windows NT 5.1; U)  [pl]','','posting.php?mode=reply&f=7&t=6',1,0,0),('395d941aadf73a9b9d355117c711e693',1,0,1331629304,1331629304,1331629338,'91.217.178.223','Mozilla/4.7 (compatible; OffByOne; Windows 2000) Webster Pro V3.4','','index.php',1,0,0),('f8e135b75c9492aa1df2daf12c0a7a6f',1,0,1331629366,1331629366,1331629489,'91.121.210.100','Mozilla/4.0 (compatible; MSIE 6.0; Windows NT 5.1; MRA 4.3 (build 01218); .NET CLR 1.1.4322)','','ucp.php?mode=register',1,0,0),('e57d17e1d8926f86653618756f23f956',1,7,1331629853,1331629853,1331629903,'94.181.197.168','Opera/7.54 (Windows NT 5.1; U)  [pl]','','posting.php?mode=reply&f=7&t=248',1,0,0),('f3864fe674affb8e7de8ce54c1deff5e',1,0,1331630341,1331630341,1331630769,'210.212.150.84','Mozilla/4.0 (compatible; MSIE 6.0; Windows NT 5.1) Netscape/8.0.4','','ucp.php?mode=register',1,0,0),('766742ed8ef35ab0bd4d49a9148f8e9f',1,0,1331630526,1331630526,1331630619,'112.111.168.196','Opera/7.11 (Windows NT 5.1; U) [en]','','ucp.php?mode=register',1,0,0),('d4122305f9a0d361e50b01c7077026ae',1,0,1331630651,1331630651,1331630723,'112.111.191.195','Opera/7.11 (Windows NT 5.1; U) [en]','','ucp.php?mode=register',1,0,0),('f0a93d3a648aa2f668c300d4100db804',1,0,1331630560,1331630560,1331630933,'58.22.151.6','Mozilla/4.0 (compatible; MSIE 6.0; Windows NT 5.2; SV1; .NET CLR 1.1.4322; .NET CLR 2.0.50727)','','index.php',1,0,0),('2462e9ed62211e713c293c6271ef3589',1,0,1331630575,1331630575,1331630691,'58.22.151.6','Mozilla/4.0 (compatible; MSIE 6.0; Windows NT 5.1; SV1; .NET CLR 1.1.4322)','','index.php',1,0,0),('47e70446f9f21d059286dc164ae1a018',1,7,1331630603,1331630603,1331630887,'112.111.168.224','Mozilla/4.0 (compatible; MSIE 6.0; MSIE 5.5; Windows NT 4.0) Opera 7.0 [en]','','posting.php?mode=reply&f=7&t=6',1,0,0),('007862185fd6505261d834d37b5558fb',1,7,1331630919,1331630919,1331631058,'175.44.29.173','Mozilla/4.0 (compatible; MSIE 6.0; Windows NT 5.1; SV1; FunWebProducts)','','posting.php?mode=reply&f=7&t=248',1,0,0),('92fc6e7e947f562cf3239aeb08b9a190',1,7,1331630783,1331630783,1331630902,'112.111.188.36','Mozilla/4.0 (compatible; MSIE 5.5; Windows 95)','','posting.php?mode=post&f=7',1,0,0),('c23a95b1aa551d38a34b7f56965cd9d1',1,0,1331630766,1331630766,1331630813,'112.111.168.128','Mozilla/4.0 (compatible; MSIE 6.0; Windows NT 5.1; Q312461)','','ucp.php?mode=register',1,0,0),('8db00235d57c0bf8606f18e92f4f2932',1,7,1331630815,1331630815,1331630859,'112.111.168.221','Mozilla/4.0 (compatible; MSIE 6.0; MSIE 5.5; Windows NT 5.0) Opera 7.02 Bork-edition [en]','','posting.php?mode=post&f=7',1,0,0),('cf0734c1deedbca50b957b10d6fe4715',1,0,1331630792,1331630792,1331630844,'175.42.90.212','Mozilla/0.91 Beta (Windows)','','ucp.php?mode=register',1,0,0),('474629f5e62258391e7d69641974c01f',1,7,1331630816,1331630816,1331630967,'175.44.24.255','Mozilla/4.0 (compatible; MSIE 5.0; Windows 95) Opera 6.01  [en]','','viewforum.php?f=7',1,0,0),('d33c1f639823477889af96bce582a5a2',1,7,1331630938,1331630938,1331631372,'175.44.24.85','Mozilla/4.0 (compatible; MSIE 6.0; Windows NT 5.1; SV1)','','posting.php?mode=reply&f=7&t=248',1,0,0),('f6fe955b466c7476bd61ad7298c0a67c',1,0,1331631086,1331631086,1331631146,'91.121.210.100','Mozilla/4.0 (compatible; MSIE 7.0b; Windows NT 6.0)','','ucp.php?mode=login',1,0,0),('aafce054ec57ec6fc95e6d9d3cb4b2f8',1,7,1331631138,1331631138,1331631298,'112.111.188.203','Mozilla/4.0 (compatible; MSIE 6.0; MSIE 5.5; Windows NT 4.0) Opera 7.0 [en]','','posting.php?mode=reply&f=7&t=6',1,0,0),('9393ea93a13a7e4fd739399d83953833',1,0,1331631288,1331631288,1331631389,'112.111.179.60','Mozilla/4.0 (compatible; MSIE 6.0; Windows 98; Win 9x 4.90; Creative)','','ucp.php?mode=register',1,0,0),('817853c69c4df74e5716039922500520',1,7,1331631578,1331631578,1331631731,'112.111.169.228','Mozilla/4.0 (compatible; MSIE 6.0; Windows NT 5.1; Maxthon; .NET CLR 1.1.4322)','','posting.php?mode=reply&f=7&t=7',1,0,0),('8f8073a667b55eedf42080e1bb7becd8',1,7,1331631871,1331631871,1331631895,'176.8.89.8','Opera/7.60 (Windows NT 5.2; U)  [en] (IBM EVV/3.0/EAK01AG9/LE)','','posting.php?mode=reply&f=7&t=7',1,0,0),('88565224649bdb7f1d8e9c8be6d0bda5',4,0,1331453056,1331632176,1331632176,'84.130.153.53','Mozilla/5.0 (Windows NT 6.1; WOW64; rv:10.0.2) Gecko/20100101 Firefox/10.0.2','','index.php',1,1,0),('aa35b401d77590baf137c2475b5fdbb1',1,7,1331632309,1331632309,1331632449,'112.111.179.67','Mozilla/4.0 (compatible; MSIE 5.0; Windows 95) Opera 6.01  [en]','','posting.php?mode=reply&f=7&t=94',1,0,0),('7260a7d0f001e657a1ad9b2c8ad4e447',1,0,1331632648,1331632648,1331632648,'92.39.50.44','Opera/9.01 (Windows NT 5.1; U; en)','','ucp.php?mode=register',1,0,0),('85a47431286ddd8e05fad4bf2a6b0b5e',1,0,1331632696,1331632696,1331632711,'178.250.47.252','Mozilla/4.0 (compatible; MSIE 6.0; Windows NT 5.1; SV1; YPC 3.0.2; .NET CLR 1.1.4322; yplus 4.4.02b)','','index.php',1,0,0),('2bf329d011330e5a93d4eef05a3e80d9',1,7,1331632917,1331632917,1331632936,'46.17.98.178','Mozilla/4.0 (compatible; MSIE 6.0; Windows NT 5.1; TheFreeDictionary.com; .NET CLR 1.1.4322; .NET CLR 1.0.3705; .NET CLR 2.0.50727)','','posting.php?mode=reply&f=7&t=6',1,0,0),('ca2c1487a0c0fa49dd30ee80eb8b9812',1,0,1331632987,1331632987,1331632987,'84.130.153.53','Mozilla/5.0 (compatible; MSIE 9.0; Windows NT 6.1; WOW64; Trident/5.0)','','index.php',1,0,0),('af4138db689aed047d71fac03e9f9329',1,18,1331633240,1331633240,1331633271,'211.160.169.102','Mozilla/4.0 (compatible; MSIE 5.0; Windows NT; DigExt)','','viewforum.php?f=18',1,0,0),('162b70dec2d37daac678b4f10be12715',1,0,1331633288,1331633288,1331633288,'196.210.247.82','Mozilla/4.0 (compatible; MSIE 6.0; Windows NT 5.1; KKman2.0)','','index.php',1,0,0),('1d05c01ce3e6a0ca9a7a2ab9f0f93692',1,7,1331634614,1331634614,1331634676,'69.46.84.66','Mozilla/4.0 (compatible; MSIE 6.0; Windows NT 5.1; SV1; Media Center PC','','posting.php?mode=reply&f=7&t=6',1,0,0),('fd42e25392f12cdf1dd0fa7b8a24d103',1,7,1331634760,1331634760,1331634850,'175.44.1.76','Mozilla/4.0 (compatible; MSIE 5.5; Windows NT 5.0; .NET CLR 1.1.4322)','','posting.php?mode=post&f=7',1,0,0),('6d5082ba6ccd1bbd494a869470b9e0b8',1,0,1331635006,1331635006,1331635018,'91.217.178.229','Mozilla/4.0 (compatible; MSIE 5.0; Windows 95) Opera 6.01  [en]','','ucp.php?mode=register',1,0,0),('e6d5e098a8d1596d8bf99f81bc966523',1,0,1331635141,1331635141,1331635170,'220.161.150.114','Mozilla/4.0 (compatible; MSIE 6.0; Windows NT 5.1; TheFreeDictionary.com; .NET CLR 1.1.4322; .NET CLR 1.0.3705; .NET CLR 2.0.50727)','','index.php',1,0,0),('58dcdb47a17abb3b143cd24669a70eb4',1,7,1331635369,1331635369,1331635755,'175.44.26.94','Mozilla/4.0 (compatible; MSIE 6.0; Windows NT 5.0; Avant Browser [avantbrowser.com]; Hotbar 4.4.5.0)','','posting.php?mode=reply&f=7&t=248',1,0,0),('564d0788ab8594ddb451482937df6e72',1,0,1331635540,1331635540,1331635618,'112.111.190.214','Mozilla/4.0 (compatible; MSIE 6.0; Windows NT 5.1; SV1; .NET CLR 1.1.4322; .NET CLR 2.0.50727)','','ucp.php?mode=register',1,0,0),('cfa49750865d30d6a2d58062519bb5b6',1,7,1331636029,1331636029,1331636051,'178.137.18.72','Opera/9.0 (Windows NT 5.1; U; en)','','posting.php?mode=reply&f=7&t=7',1,0,0),('f2b8c70972bbe6bfea33aa109c010cfa',1,7,1331636234,1331636234,1331636436,'46.17.98.212','Mozilla/4.0 (compatible; MSIE 6.0; Windows NT 5.1; SV1)','','posting.php?mode=reply&f=7&t=7',1,0,0),('1403644bbc002d8e75be6d4af94d1c38',1,7,1331636476,1331636476,1331636518,'91.224.160.131','Mozilla/4.0 (compatible; MSIE 6.0; Windows 98; Win 9x 4.90; Creative)','','posting.php?mode=reply&f=7&t=6',1,0,0),('af51efc732fd877bfcf20065d77f02d2',1,0,1331636991,1331636991,1331637022,'58.119.6.196','Mozilla/4.0 (compatible; MSIE 4.01; Digital AlphaServer 1000A 4/233; Windows NT; Powered By 64-Bit Alpha Processor)','','ucp.php?mode=register',1,0,0),('41114311fe327604ea7abe4ceedcabd5',1,0,1331637192,1331637192,1331637204,'91.214.17.6','Mozilla/4.0 (compatible; MSIE 5.5; Windows NT 4.0; .NET CLR 1.0.2914)','','ucp.php?mode=register',1,0,0),('3d643c18a6da77ca2ce67d02c5256072',1,0,1331638008,1331638008,1331638060,'91.121.210.100','Mozilla/4.0 (compatible; MSIE 6.0; Windows NT 5.1; SV1; .NET CLR 1.0.3705; .NET CLR 1.1.4322; .NET CLR 2.0.40607)','','ucp.php?mode=register',1,0,0),('cdbc4927cfbf150fea24aa6d2d772ebb',1,0,1331638126,1331638126,1331638147,'31.3.225.169','Mozilla/4.0 (compatible; MSIE 4.01; Digital AlphaServer 1000A 4/233; Windows NT; Powered By 64-Bit Alpha Processor)','','ucp.php?mode=register',1,0,0),('38ae155174de4db754d9e338b2ed9758',1,0,1331638159,1331638159,1331638222,'58.22.139.142','Opera/7.60 (Windows NT 5.2; U)  [en] (IBM EVV/3.0/EAK01AG9/LE)','','ucp.php?mode=register',1,0,0),('1536285670f172fb29de8d0cd149bb5c',1,7,1331638324,1331638324,1331638370,'94.181.235.222','Mozilla/4.0 (compatible; MSIE 5.5; Windows NT 4.0; .NET CLR 1.0.2914)','','posting.php?mode=reply&f=7&t=248',1,0,0),('626895df9624aeddf2becf166e125d7c',1,0,1331638400,1331638400,1331638561,'175.44.1.228','Mozilla/4.0 (compatible; MSIE 6.0; Windows NT 5.1) Netscape/8.0.4','','ucp.php?mode=register',1,0,0),('7cc4bdaf760d1b780491141b6363d853',1,7,1331638463,1331638463,1331638646,'58.22.150.163','Mozilla/4.0 (compatible; MSIE 6.0; Windows NT 5.0; KTXN)','','posting.php?mode=reply&f=7&t=248',1,0,0),('02aff9282b86e68754d172c9a8f9ac15',1,0,1331639036,1331639036,1331639131,'175.44.39.87','Mozilla/4.0 (compatible; MSIE 6.0; Windows NT 5.1; SV1; Media Center PC','','ucp.php?mode=register',1,0,0),('fe6867aac0f5694774680020302b76fc',1,7,1331639226,1331639226,1331639296,'221.123.169.7','Mozilla/4.0 (compatible; MSIE 6.0; Windows NT 5.0; KTXN)','','viewtopic.php?f=7&p=1797',1,0,0),('ec076406a6f58d5ef6e681f5df1b9257',1,7,1331639212,1331639212,1331639481,'112.111.169.75','Mozilla/4.0 (compatible; MSIE 6.0; Windows NT 5.1; en) Opera 8.00','','posting.php?mode=reply&f=7&t=7',1,0,0),('99caea9cf8fe43eed460b09b26620f70',1,7,1331639373,1331639373,1331639642,'175.44.3.144','Mozilla/4.0 (compatible; MSIE 6.0; Windows NT 5.1; SV1; FunWebProducts; MRA 4.6 (build 01425); .NET CLR 1.1.4322; .NET CLR 2.0.50727)','','posting.php?mode=reply&f=7&t=94',1,0,0),('fe8e9b44c2ec9537d85dd5e40e444dea',1,0,1331639509,1331639509,1331639559,'91.121.210.100','Mozilla/4.0 (compatible; MSIE 5.5; Windows 95)','','ucp.php?mode=login',1,0,0),('22d229591e720a1b74adc2481703d173',1,7,1331639963,1331639963,1331639979,'89.105.248.176','Mozilla/4.76 [en] (Windows NT 5.0; U)','','posting.php?mode=reply&f=7&t=7',1,0,0),('b3a6c645ae60944d7ec302a6d3040904',1,7,1331640071,1331640071,1331640354,'175.44.29.145','Mozilla/4.0 (compatible; MSIE 6.0; Windows NT 5.0; Avant Browser [avantbrowser.com]; Hotbar 4.4.5.0)','','posting.php?mode=reply&f=7&t=7',1,0,0),('dca83ad0eaa24185ddee3774f40c385f',1,0,1331640112,1331640112,1331640176,'221.194.179.34','Mozilla/4.0 (compatible; MSIE 7.0b; Windows NT 6.0)','','index.php',1,0,0),('852f6b6f69513dd32019ea68bf0d07c1',1,0,1331640148,1331640148,1331640166,'61.241.220.83','Mozilla/4.0 (compatible; MSIE 6.0; Windows NT 5.2; WOW64; SV1; .NET CLR 2.0.50727)','','ucp.php?mode=register',1,0,0),('41bfd551c10692d7d5c872db95fbb89d',1,0,1331640171,1331640171,1331640250,'58.22.142.247','Mozilla/6.0 (compatible; MSIE 7.0a1; Windows NT 5.2; SV1)','','ucp.php?mode=register',1,0,0),('fc1dc31ecac6bf0f46f27fb4f926aaf8',1,7,1331640341,1331640341,1331640400,'222.186.17.99','Mozilla/4.0 (compatible; MSIE 6.0; Windows NT 5.1; SV1; FunWebProducts; .NET CLR 1.1.4322; PeoplePal 6.2)','','posting.php?mode=reply&f=7&t=6',1,0,0),('5fe004be69cd42e8bf9ed26298a88f25',1,7,1331641072,1331641072,1331641153,'112.111.168.221','Mozilla/4.0 (compatible; MSIE 6.0; Windows NT 5.1; .NET CLR 1.1.4322; FDM)','','posting.php?mode=post&f=7',1,0,0),('f883aeaadc2a1e5a99b8134d4a945f0b',1,0,1331641129,1331641129,1331641214,'201.217.57.108','Mozilla/4.0 (compatible; MSIE 5.5; Windows 95)','','ucp.php?mode=register',1,0,0),('7ff5cc8f1e18a812641d387970990f8b',1,7,1331641254,1331641254,1331641652,'112.111.168.196','Opera/9.00 (Windows NT 4.0; U; en)','','posting.php?mode=reply&f=7&t=6',1,0,0),('a6c67650128245ca2db0707b79dd551f',1,7,1331641192,1331641192,1331641380,'112.111.190.214','Mozilla/4.0 (compatible; MSIE 5.0; Windows NT; DigExt)','','posting.php?mode=reply&f=7&t=7',1,0,0),('2d29796d1d45fbe04e71e329254ac82d',1,0,1331679724,1331679724,1331679782,'71.223.2.249','Mozilla/4.0 (compatible; MSIE 5.5; Windows NT 4.0)','','ucp.php?mode=register',1,0,0),('498e3f9bda36059158593c2962b6b812',1,0,1331641346,1331641346,1331641561,'112.111.169.115','Mozilla/4.0 (compatible; MSIE 6.0; Windows NT 5.1; .NET CLR 1.0.3705)','','ucp.php?mode=register',1,0,0),('0fb1cee7e4b1c3e003f5d7003eae180d',1,0,1331641437,1331641437,1331641563,'112.111.191.195','Mozilla/4.0 (compatible; MSIE 5.0; Windows 95) Opera 6.01  [en]','','ucp.php?mode=register',1,0,0),('3017839e92f6a281c3d99e9d12d60122',1,7,1331641600,1331641600,1331641673,'112.111.188.36','Mozilla/4.0 (compatible; MSIE 6.0; Windows NT 5.1; .NET CLR 1.1.4322; Alexa Toolbar; (R1 1.5))','','posting.php?mode=post&f=7',1,0,0),('ae7a0226fcbf4401e66d36d194fba063',1,7,1331641517,1331641517,1331641610,'112.111.168.224','Mozilla/4.0 (compatible; MSIE 5.5; Windows 95; BCD2000)','','posting.php?mode=post&f=7',1,0,0),('704bb687899ea95f0497ecdfa4fcd847',1,7,1331641631,1331641631,1331641901,'175.42.90.212','Mozilla/4.0 (compatible; MSIE 6.0; Windows NT 5.1; SV1; Media Center PC','','posting.php?mode=reply&f=7&t=94',1,0,0),('759363b1286bb640300895638a616e50',1,7,1331641661,1331641661,1331641764,'112.111.168.128','Mozilla/4.0 (compatible; MSIE 6.0; Windows NT 5.1) Opera 7.54 [en]','','posting.php?mode=reply&f=7&t=94',1,0,0),('e4c1c51385fe2fce9c8285e9f702e6d1',1,0,1331641925,1331641925,1331642033,'175.44.29.173','Opera/9.00 (Windows NT 5.1; U; en)','','ucp.php?mode=register',1,0,0),('a082e107eb03a4524de0c801b1e9afc9',1,7,1331641939,1331641939,1331642185,'175.44.24.85','Mozilla/4.0 (compatible; MSIE 5.0; Windows 95) Opera 6.01  [en]','','posting.php?mode=reply&f=7&t=6',1,0,0),('d272e152f6fef1f3c1b3eb31e5245232',1,0,1331642251,1331642251,1331642357,'175.44.1.137','Mozilla/4.0 (compatible; MSIE 6.0; Windows ME) Opera 7.11  [en]','','ucp.php?mode=register',1,0,0),('bf504af4d999d57fe85dbba0f6c5fdef',1,7,1331642255,1331642255,1331642486,'175.44.24.255','Mozilla/4.0 (compatible; MSIE 5.0; Windows 95) Opera 6.01  [en]','','viewforum.php?f=7',1,0,0),('8e8e8903fda7384a348405c6e372cc59',1,0,1331642674,1331642674,1331642674,'31.184.238.145','Mozilla/4.0 (compatible; MSIE 6.0; Windows 98; Win 9x 4.90)','','index.php',1,0,0),('d20e865dfd99e1915d987f9c15836c04',1,7,1331643470,1331643470,1331643538,'110.86.167.57','Mozilla/4.0 (compatible; MSIE 6.0; Windows NT 5.1; en) Opera 9.0','','posting.php?mode=reply&f=7&t=248',1,0,0),('b9f62f6eb5cc4ca2b1b70bf930e80e32',1,7,1331643507,1331643507,1331643548,'46.17.100.243','Mozilla/1.22 (compatible; MSIE 2.0; Windows 95)','','posting.php?mode=post&f=7',1,0,0),('ed55acdcb6e018993685b9111c6b8712',1,0,1331643514,1331643514,1331643576,'112.111.179.67','Mozilla/4.0 (compatible; MSIE 6.0; MSIE 5.5; Windows NT 4.0) Opera 7.0 [en]','','ucp.php?mode=register',1,0,0),('6abd2b0220374383f5459598216cf381',1,0,1331644523,1331644523,1331644541,'91.207.8.46','Mozilla/4.0 (compatible; MSIE 6.0; Windows NT 5.1)','','ucp.php?mode=register',1,0,0),('83ef94b7b31118374ba99d91ba1e7342',1,7,1331650444,1331650444,1331650467,'176.8.89.8','Mozilla/4.0 (compatible; MSIE 6.0; MSIE 5.5; Windows NT 4.0) Opera 7.0 [en]','','posting.php?mode=reply&f=7&t=94',1,0,0),('45f7fa78e91ce949634b1e2bb95ca87d',1,7,1331651360,1331651360,1331651545,'175.44.29.145','Mozilla/0.91 Beta (Windows)','','posting.php?mode=reply&f=7&t=7',1,0,0),('6fc9397c909c549b61ab272fd935dec1',1,7,1331651385,1331651385,1331651420,'91.217.178.228','Mozilla/4.0 (compatible; MSIE 5.5; Windows NT 4.0; .NET CLR 1.0.2914)','','posting.php?mode=reply&f=7&t=7',1,0,0),('1f218b32ab5cbd35053a20652c71cecd',1,7,1331651811,1331651811,1331651845,'69.117.186.161','Mozilla/4.0 (compatible; MSIE 6.0; Windows NT 5.1; Q312461)','','posting.php?mode=reply&f=7&t=248',1,0,0),('de4639045b94eceac6736e69d9807a6a',1,0,1331653509,1331653509,1331653509,'95.27.249.110','Mozilla/4.0 (compatible; MSIE 6.0; Windows 98; Win 9x 4.90)','','index.php',1,0,0),('6349d1e73d1b4651c96947c4c4b10935',1,0,1331654319,1331654319,1331654425,'117.26.201.73','Mozilla/4.0 (compatible; MSIE 6.0; Windows NT 5.1; SV1; FunWebProducts)','','index.php',1,0,0),('8924e33d9f7fbe15d7cc365b6cd50604',1,0,1331679013,1331679013,1331679013,'193.201.81.2','Mozilla/4.0 (compatible; MSIE 6.0; Windows 98; Win 9x 4.90)','','index.php',1,0,0),('24c82cd0c48d9eea581269e0a013833a',1,0,1331654397,1331654397,1331654455,'219.142.12.54','Mozilla/4.0 (compatible; MSIE 6.0; Windows NT 5.1; SV1)','','index.php',1,0,0),('b4f427c7faf54ce631be644ee710819a',1,0,1331654804,1331654804,1331654822,'91.207.8.46','Opera/7.60 (Windows NT 5.2; U)  [en] (IBM EVV/3.0/EAK01AG9/LE)','','ucp.php?mode=register',1,0,0),('6a450564231d5fd707875a1a3e14cebb',1,0,1331654959,1331654959,1331655082,'69.162.120.58','Mozilla/1.22 (compatible; MSIE 2.0; Windows 95)','','ucp.php?mode=login',1,0,0),('bbabfcf44a549033ca1fd23156a6fd0a',1,0,1331655745,1331655745,1331655782,'109.230.216.6','Mozilla/4.0 (compatible; MSIE 5.5; Windows NT 4.0; .NET CLR 1.0.2914)','','index.php',1,0,0),('6d8d7c2e54bffe998d96f8411efd76ea',1,18,1331655816,1331655816,1331655823,'109.230.251.186','Opera/9.01 (Windows NT 5.1; U; en)','','viewforum.php?f=18',1,0,0),('c3c1824857a1c5485830d3fe818768dc',1,0,1331655759,1331655759,1331655777,'46.147.76.231','Mozilla/4.0 (compatible; MSIE 6.0; Update a; AOL 6.0; Windows 98)','','index.php',1,0,0),('4f5d27e95ca4a7daaa349458e4eaf5fb',1,7,1331656158,1331656158,1331656335,'209.163.228.245','Mozilla/4.0 (compatible; MSIE 6.0; Windows NT 5.1; Q312461)','','posting.php?mode=reply&f=7&t=6',1,0,0),('09067e91f7c827a14f47ae1683e8b41e',1,7,1331656776,1331656776,1331656798,'178.137.18.72','Mozilla/4.0 (compatible; MSIE 6.0; Windows NT 5.1) Opera 7.54 [en]','','posting.php?mode=reply&f=7&t=7',1,0,0),('bd6717650d60bcd9731dd3cd5e08329e',1,7,1331657313,1331657313,1331657332,'95.65.75.160','Mozilla/4.0 (compatible; MSIE 6.0; Windows NT 5.1; Deepnet Explorer 1.5.0; .NET CLR 1.0.3705)','','posting.php?mode=reply&f=7&t=94',1,0,0),('5ef992a833234902f045ad7c1fbcb413',1,0,1331657343,1331657343,1331657362,'27.159.197.14','Mozilla/2.0 (compatible; MSIE 3.02; Windows CE; 240x320)','','index.php',1,0,0),('ce5e968170a64133cb4cd6f557261801',1,0,1331657503,1331657503,1331657503,'31.184.238.145','Mozilla/4.0 (compatible; MSIE 6.0; Windows 98; Win 9x 4.90)','','index.php',1,0,0),('c8c23e272d33671701c2a075576fedc7',1,0,1331657790,1331657790,1331657808,'109.230.216.6','Mozilla/4.0 (compatible; MSIE 5.5; Windows 95)','','ucp.php?mode=register',1,0,0),('afddf02effcab09036cb10e8a42efbfb',1,7,1331658333,1331658333,1331658349,'146.0.74.245','Mozilla/4.0 (compatible; MSIE 5.5; Windows 95; BCD2000)','','posting.php?mode=reply&f=7&t=248',1,0,0),('42a70cc0466b72cba0bddfae490c3641',1,0,1331658437,1331658437,1331658454,'109.230.217.46','Mozilla/4.0 (compatible; MSIE 5.5; Windows NT 5.0)','','ucp.php?mode=login',1,0,0),('b7edbf09cfc587c36cc7a11f5454a1c6',1,0,1331658504,1331658504,1331658521,'212.59.26.210','Mozilla/4.0 (compatible; MSIE 5.0; Windows 95) Opera 6.01  [en]','','ucp.php?mode=register',1,0,0),('495bec08f170435968ce01eca85aebf8',1,0,1331658522,1331658522,1331658554,'94.190.4.221','Mozilla/4.0 (compatible; MSIE 6.0; Windows NT 5.2; Win64; AMD64)','','ucp.php?mode=register',1,0,0),('43adf5820c560ac1a34547746285ae5c',1,7,1331659529,1331659529,1331659547,'91.217.178.228','Mozilla/4.0 (compatible; MSIE 7.0b; Windows NT 6.0 ; .NET CLR 2.0.50215; SL Commerce Client v1.0; Tablet PC 2.0','','posting.php?mode=reply&f=7&t=7',1,0,0),('aaa7c0ac4fce88a23ad002217b54b3d2',1,7,1331660263,1331660263,1331660279,'91.217.178.230','Opera/7.54 (Windows NT 5.1; U)  [pl]','','posting.php?mode=reply&f=7&t=6',1,0,0),('74374d43ee170fb0bf787129f4dabde4',1,0,1331660618,1331660618,1331660750,'58.22.151.6','Mozilla/4.0 (compatible; MSIE 7.0b; Windows NT 6.0)','','ucp.php?mode=register',1,0,0),('b25bac48d0b114bcd97acd7e8ada09f3',1,0,1331661055,1331661055,1331661055,'81.200.24.173','Mozilla/4.0 (compatible; MSIE 7.0; Windows NT 6.0; GTB6; SLCC1; .NET CLR 2.0.50727; .NET CLR 3.0.04506)','','index.php',1,0,0),('0de70bfb6c2d0812424a5ff14b227c8d',1,0,1331661056,1331661056,1331661056,'81.200.24.173','Mozilla/4.0 (compatible; MSIE 7.0; Windows NT 6.0; GTB6; SLCC1; .NET CLR 2.0.50727; .NET CLR 3.0.04506)','','index.php',1,0,0),('710a2ac84e41dea5134d30d3a68bb591',1,0,1331661060,1331661060,1331661060,'81.200.24.173','Mozilla/4.0 (compatible; MSIE 7.0; Windows NT 6.0; GTB6; SLCC1; .NET CLR 2.0.50727; .NET CLR 3.0.04506)','','ucp.php?mode=login',1,0,0),('5b4060de000c2618621c34ce12a039ab',1,0,1331661061,1331661061,1331661066,'81.200.24.173','Mozilla/4.0 (compatible; MSIE 7.0; Windows NT 6.0; GTB6; SLCC1; .NET CLR 2.0.50727; .NET CLR 3.0.04506)','','ucp.php?mode=register',1,0,0),('2d9758017ba4b3cc140b15248349a149',1,0,1331661068,1331661068,1331661073,'81.200.24.173','Mozilla/4.0 (compatible; MSIE 7.0; Windows NT 6.0; GTB6; SLCC1; .NET CLR 2.0.50727; .NET CLR 3.0.04506)','','ucp.php?mode=register',1,0,0),('e81c91eee4d08be0a637287c988d98ed',1,0,1331661075,1331661075,1331661079,'81.200.24.173','Mozilla/4.0 (compatible; MSIE 7.0; Windows NT 6.0; GTB6; SLCC1; .NET CLR 2.0.50727; .NET CLR 3.0.04506)','','ucp.php?mode=register',1,0,0),('38e534cf37d7fb73cbb7288227d6a885',1,0,1331661367,1331661367,1331661387,'220.161.150.114','Mozilla/4.0 (compatible; MSIE 6.0; Windows NT 5.2; WOW64; SV1; .NET CLR 2.0.50727)','','ucp.php?mode=login',1,0,0),('ce417e37bdcdd18528581f1e6bd75bfc',1,7,1331661971,1331661971,1331662003,'94.181.235.222','Mozilla/4.0 (compatible; MSIE 6.0; Windows NT 5.1; SV1; .NET CLR 1.1.4322) Babya Discoverer  8.0:','','posting.php?mode=reply&f=7&t=7',1,0,0),('f8958bb9aeb7b24ce15f6242ad3a4c6d',1,7,1331661974,1331661974,1331662001,'199.19.106.250','Mozilla/4.0 (compatible; MSIE 5.0; Windows 3.1)','','posting.php?mode=reply&f=7&t=94',1,0,0),('da3a90e20142a41fde6f8aa2037b3168',1,7,1331662048,1331662048,1331662133,'60.191.239.241','Mozilla/4.0 (compatible; MSIE 6.0; Windows NT 5.1; SV1; FunWebProducts; .NET CLR 1.1.4322; PeoplePal 6.2)','','posting.php?mode=reply&f=7&t=7',1,0,0),('3d5914486a39ebfd0c8afb803ba16b83',1,0,1331662997,1331662997,1331663009,'46.182.26.49','Mozilla/4.0 (compatible; MSIE 6.0; Windows NT 5.2; WOW64; SV1; .NET CLR 2.0.50727)','','ucp.php?mode=register',1,0,0),('51ee033a1a8462df9d32c629aee696b8',1,0,1331663949,1331663949,1331664049,'27.101.112.11','Mozilla/4.0 (compatible; MSIE 6.0; Windows NT 5.2; Win64; AMD64)','','index.php',1,0,0),('31872f0dd5b881405cf6c87ff95c0ea0',1,0,1331664070,1331664070,1331664087,'178.137.161.54','Mozilla/4.0 (compatible; MSIE 6.0; Windows NT 5.1; SV1)','','index.php',1,0,0),('43bd793f0ca7c6838c9b59b61d44ce51',1,0,1331664570,1331664570,1331664585,'84.51.108.159','Mozilla/4.0 (compatible; MSIE 6.0; Windows NT 5.0; APC; .NET CLR 1.0.3705; .NET CLR 1.1.4322; .NET CLR 2.0.50215; InfoPath.1)','','index.php',1,0,0),('fca34b360f62a8b81940075549d7a2bd',1,0,1331665208,1331665208,1331665222,'71.223.2.249','Mozilla/4.0 (compatible; MSIE 6.0; Windows NT 5.1; MyIE2; Deepnet Explorer)','','ucp.php?mode=register',1,0,0),('119494abf0588aa2b516d0d220d25067',1,0,1331665259,1331665259,1331665271,'91.214.17.6','Mozilla/4.0 (compatible; MSIE 7.0b; Windows NT 6.0 ; .NET CLR 2.0.50215; SL Commerce Client v1.0; Tablet PC 2.0','','ucp.php?mode=register',1,0,0),('a75aba02d2558d4b7aa5fe970fc565df',1,0,1331665988,1331665988,1331666009,'71.223.2.249','Mozilla/4.0 (compatible; MSIE 6.0; Windows NT 5.1; .NET CLR 1.1.4322; Alexa Toolbar; (R1 1.5))','','ucp.php?mode=register',1,0,0),('d550389aa66130da8159c0d342b747b9',1,7,1331666175,1331666175,1331666196,'178.137.18.72','Mozilla/4.0 (compatible; MSIE 6.0; Windows NT 5.1; Maxthon; .NET CLR 1.1.4322)','','posting.php?mode=reply&f=7&t=94',1,0,0),('c25e7cdb9cc41b52f8fc93f852ff0969',1,7,1331666239,1331666239,1331666257,'91.217.178.230','Mozilla/0.91 Beta (Windows)','','posting.php?mode=reply&f=7&t=7',1,0,0),('8d23154758bb4f2444e9b0b821f9aac4',1,7,1331666882,1331666882,1331666925,'91.201.64.51','Mozilla/4.0 (compatible; MSIE 6.0; Windows NT 5.1)','','viewforum.php?f=7',1,0,0),('70babfe151747b404f876c6892459a45',1,0,1331667300,1331667300,1331667312,'128.204.207.15','Mozilla/4.0 (compatible; MSIE 6.0; Windows NT 5.1; SV1; .NET CLR 1.1.4322) NS8/0.9.6','','ucp.php?mode=register',1,0,0),('adc6396f0ce20aa57e006bb0196ab36b',1,0,1331668333,1331668333,1331668347,'220.161.102.119','Mozilla/4.0 (compatible; MSIE 6.0; Windows NT 5.1; SV1;)','','ucp.php?mode=register',1,0,0),('1e4b434c9541f71793c9b80c0d7d13ea',1,0,1331668341,1331668341,1331668350,'60.191.239.241','Mozilla/4.0 (compatible; MSIE 6.0; Windows NT 5.1; SV1; YPC 3.0.2; .NET CLR 1.1.4322; yplus 4.4.02b)','','ucp.php?mode=confirm&confirm_id=4d1de45cb0bbd775b78104353fc4fbe0&type=1',1,0,0),('cf756b43639126e81d47a98d7be982d8',1,0,1331668854,1331668854,1331668871,'91.217.178.223','Mozilla/4.0 (compatible; MSIE 6.0; Windows NT 5.1; SV1; InfoPath.1)','','ucp.php?mode=login',1,0,0),('5dc47408c35f193eb4e6cc4d91abe8b2',1,0,1331669106,1331669106,1331669123,'212.45.5.172','Opera/9.00 (Windows NT 5.1; U; en)','','ucp.php?mode=register',1,0,0),('fa7a8c0022596870eb372c9e63e3207f',1,7,1331669126,1331669126,1331669533,'182.52.138.171','Mozilla/4.0 (compatible; MSIE 6.0; Windows NT 5.1; Q312461)','','posting.php?mode=reply&f=7&t=7',1,0,0),('ecb4c84ac3a071f3d14a643caf43f986',1,7,1331669249,1331669249,1331669275,'176.8.89.8','Mozilla/4.0 (compatible; MSIE 6.0; Windows NT 5.1; .NET CLR 1.1.4322)','','posting.php?mode=reply&f=7&t=6',1,0,0),('f54f81a5120bae0ed20e3cecffefdd7f',1,0,1331670452,1331670452,1331670468,'218.204.254.118','Mozilla/4.0 (compatible; MSIE 6.0; Windows NT 5.1) Opera 7.54 [en]','','ucp.php?mode=register',1,0,0),('69753ac638d7e629649285d621449fa9',1,7,1331670561,1331670561,1331670596,'176.31.106.146','Mozilla/4.0 (compatible; MSIE 6.0; Windows NT 5.1; SV1; .NET CLR 1.1.4322) NS8/0.9.6','','viewforum.php?f=7',1,0,0),('a1a8868559f3f66cde721623245b8cb8',1,0,1331672006,1331672006,1331672007,'199.168.142.166','Mozilla/4.76 [en] (Windows NT 5.0; U)','','index.php',1,0,0),('1932e7aad0829b9309bafcba76e9cdf6',1,0,1331673204,1331673204,1331673224,'218.6.15.112','Mozilla/4.0 (compatible; MSIE 6.0; Windows NT 5.1; SV1; FunWebProducts; MRA 4.6 (build 01425); .NET CLR 1.1.4322; .NET CLR 2.0.50727)','','ucp.php?mode=login',1,0,0),('bc9de83dc85a33c705abcafe9e067794',1,7,1331674434,1331674434,1331674461,'94.181.203.133','Mozilla/4.0 (compatible; MSIE 6.0; Windows 98; Win 9x 4.90; Creative)','','posting.php?mode=reply&f=7&t=248',1,0,0),('a5c3a028cf9c64044e5241e1816dceef',1,0,1331674625,1331674625,1331674626,'71.223.2.249','Mozilla/4.0 (compatible; MSIE 7.0; Windows NT 5.1; SV1; .NET CLR 2.0.50727)','','ucp.php?mode=register',1,0,0),('7a9a1980a6a721b44a26ecb1ee2404cf',1,7,1331674795,1331674795,1331674832,'176.36.66.238','Mozilla/4.0 (compatible; MSIE 5.5; Windows NT 4.0; .NET CLR 1.0.2914)','','posting.php?mode=reply&f=7&t=6',1,0,0),('6d874e3460e86bec9363543d6110f841',1,7,1331676600,1331676600,1331676601,'178.250.47.252','Mozilla/4.0 (compatible; MSIE 6.0; Windows ME) Opera 7.11  [en]','','posting.php?mode=post&f=7',1,0,0),('cd7d66bb1239f55f26c83014cac3d111',1,7,1331676624,1331676624,1331676625,'178.250.47.252','Mozilla/4.0 (compatible; MSIE 6.0; Windows ME) Opera 7.11  [en]','','posting.php?mode=post&f=7',1,0,0),('ed1a0492380ed2a4f3e1ec50e76ef7fb',1,0,1331677421,1331677421,1331677454,'71.223.2.249','Mozilla/4.0 (compatible; MSIE 6.0; Windows NT 5.0)','','ucp.php?mode=register',1,0,0),('86bde6fb8a9494802df3691799b01f09',1,0,1331677768,1331677768,1331677780,'94.142.135.208','Mozilla/4.0 (compatible; MSIE 4.01; Digital AlphaServer 1000A 4/233; Windows NT; Powered By 64-Bit Alpha Processor)','','ucp.php?mode=register',1,0,0),('216ed76f86e51ccf128a7f64db16f6b7',1,7,1331677799,1331677799,1331677838,'110.86.167.57','Mozilla/4.7 (compatible; OffByOne; Windows 2000) Webster Pro V3.4','','posting.php?mode=reply&f=7&t=6',1,0,0),('9740b42e90c74d7c8d89d43f60b6d6ce',1,0,1331679012,1331679012,1331679012,'193.201.81.2','Mozilla/4.0 (compatible; MSIE 6.0; Windows 98; Win 9x 4.90)','','index.php',1,0,0);

--
-- Table structure for table `phpbb_sessions_keys`
--

CREATE TABLE `phpbb_sessions_keys` (
  `key_id` char(32) collate utf8_bin NOT NULL default '',
  `user_id` mediumint(8) unsigned NOT NULL default '0',
  `last_ip` varchar(40) collate utf8_bin NOT NULL default '',
  `last_login` int(11) unsigned NOT NULL default '0',
  PRIMARY KEY  (`key_id`,`user_id`),
  KEY `last_login` (`last_login`)
) ENGINE=MyISAM DEFAULT CHARSET=utf8 COLLATE=utf8_bin;

--
-- Dumping data for table `phpbb_sessions_keys`
--

INSERT INTO `phpbb_sessions_keys` VALUES ('19ae50445cc261297fed49677414a669',7,'84.130.173.120',1313154440),('11923f921c9476dfe47333e819390b4d',4,'84.130.153.57',1313866155),('560d9786ca87c9356a2d4216fd6fbfa2',2,'84.130.187.244',1311689298),('4a8b374cb6ef99b80291e14f4a894592',7,'84.130.251.110',1316334206),('d4d6829633e57d4cc3008877345a1a5f',14,'109.193.66.32',1324572722),('71b11959760375fede5d5632eea36230',4,'84.130.163.113',1327481669),('80d12c0d4be95401b94efc7ced215bf8',6,'84.130.171.173',1328704368),('5b52ee1567168acd9ff66ebbecc4d57f',14,'46.237.201.38',1314799884),('a93560202f1adc57fd457164b64d6548',7,'84.130.170.70',1322489604),('f4944677fee5ae1cc108474a29d0e2d0',7,'84.130.181.140',1325036526),('4cafc21878173c9429f1461f4572b62c',2,'84.130.171.54',1323106708),('9a5dfb4b884a3fe8d2e0a2bbb91d6e63',15,'178.26.87.133',1323514205),('ccec9c9af4277739cdae6f4f0aeb015f',15,'195.243.248.234',1324050876),('4282d6f175f8b9585b7c5dca62390a43',7,'84.130.160.231',1326822557),('2604890fc7ab1e2af7cf2ee6f2b0d2bc',7,'84.130.166.243',1327758762),('a87c3c43510b47d256f754c54990b1bc',4,'84.130.164.77',1331803168),('6996a1769dcc766bd29749d2d4d3acb9',7,'84.130.179.216',1331558147),('4175d19c5e959be28942635ad174d16a',14,'109.193.66.32',1330876203),('75a653c2b8c5895c5d1a3536f26914d7',7,'84.130.185.72',1331970553);

--
-- Table structure for table `phpbb_sitelist`
--

CREATE TABLE `phpbb_sitelist` (
  `site_id` mediumint(8) unsigned NOT NULL auto_increment,
  `site_ip` varchar(40) collate utf8_bin NOT NULL default '',
  `site_hostname` varchar(255) collate utf8_bin NOT NULL default '',
  `ip_exclude` tinyint(1) unsigned NOT NULL default '0',
  PRIMARY KEY  (`site_id`)
) ENGINE=MyISAM DEFAULT CHARSET=utf8 COLLATE=utf8_bin;

--
-- Dumping data for table `phpbb_sitelist`
--


--
-- Table structure for table `phpbb_smilies`
--

CREATE TABLE `phpbb_smilies` (
  `smiley_id` mediumint(8) unsigned NOT NULL auto_increment,
  `code` varchar(50) collate utf8_bin NOT NULL default '',
  `emotion` varchar(50) collate utf8_bin NOT NULL default '',
  `smiley_url` varchar(50) collate utf8_bin NOT NULL default '',
  `smiley_width` smallint(4) unsigned NOT NULL default '0',
  `smiley_height` smallint(4) unsigned NOT NULL default '0',
  `smiley_order` mediumint(8) unsigned NOT NULL default '0',
  `display_on_posting` tinyint(1) unsigned NOT NULL default '1',
  PRIMARY KEY  (`smiley_id`),
  KEY `display_on_post` (`display_on_posting`)
) ENGINE=MyISAM AUTO_INCREMENT=45 DEFAULT CHARSET=utf8 COLLATE=utf8_bin;

--
-- Dumping data for table `phpbb_smilies`
--

INSERT INTO `phpbb_smilies` VALUES (1,':D','Very Happy','icon_biggrin.gif',15,15,1,1),(2,':-D','Very Happy','icon_biggrin.gif',15,15,2,1),(3,':grin:','Very Happy','icon_biggrin.gif',15,15,3,1),(4,':)','Smile','icon_smile.gif',15,15,4,1),(5,':-)','Smile','icon_smile.gif',15,15,5,1),(6,':smile:','Smile','icon_smile.gif',15,15,6,1),(7,':(','Sad','icon_sad.gif',15,15,7,1),(8,':-(','Sad','icon_sad.gif',15,15,8,1),(9,':sad:','Sad','icon_sad.gif',15,15,9,1),(10,':o','Surprised','icon_surprised.gif',15,15,10,1),(11,':-o','Surprised','icon_surprised.gif',15,15,11,1),(12,':eek:','Surprised','icon_surprised.gif',15,15,12,1),(13,':shock:','Shocked','icon_eek.gif',15,15,13,1),(14,':?','Confused','icon_confused.gif',15,15,14,1),(15,':-?','Confused','icon_confused.gif',15,15,15,1),(16,':???:','Confused','icon_confused.gif',15,15,16,1),(17,'8)','Cool','icon_cool.gif',15,15,17,1),(18,'8-)','Cool','icon_cool.gif',15,15,18,1),(19,':cool:','Cool','icon_cool.gif',15,15,19,1),(20,':lol:','Laughing','icon_lol.gif',15,15,20,1),(21,':x','Mad','icon_mad.gif',15,15,21,1),(22,':-x','Mad','icon_mad.gif',15,15,22,1),(23,':mad:','Mad','icon_mad.gif',15,15,23,1),(24,':P','Razz','icon_razz.gif',15,15,24,1),(25,':-P','Razz','icon_razz.gif',15,15,25,1),(26,':razz:','Razz','icon_razz.gif',15,15,26,1),(27,':oops:','Embarassed','icon_redface.gif',15,15,27,1),(28,':cry:','Crying or Very sad','icon_cry.gif',15,15,28,1),(29,':evil:','Evil or Very Mad','icon_evil.gif',15,15,29,1),(30,':twisted:','Twisted Evil','icon_twisted.gif',15,15,30,1),(31,':roll:','Rolling Eyes','icon_rolleyes.gif',15,15,31,1),(32,':wink:','Wink','icon_wink.gif',15,15,32,1),(33,';)','Wink','icon_wink.gif',15,15,33,1),(34,';-)','Wink','icon_wink.gif',15,15,34,1),(35,':!:','Exclamation','icon_exclaim.gif',15,15,35,1),(36,':?:','Question','icon_question.gif',15,15,36,1),(37,':idea:','Idea','icon_idea.gif',15,15,37,1),(38,':arrow:','Arrow','icon_arrow.gif',15,15,38,1),(39,':|','Neutral','icon_neutral.gif',15,15,39,1),(40,':-|','Neutral','icon_neutral.gif',15,15,40,1),(41,':neutral:','Neutral','icon_neutral.gif',15,15,41,1),(42,':mrgreen:','Mr. Green','icon_mrgreen.gif',15,15,42,1),(43,':ugly:','Ugly','icon_ugly.gif',16,16,43,1),(44,':uglyhammer:','UglyHammer','icon_uglyhammer.gif',59,50,44,1);

--
-- Table structure for table `phpbb_styles`
--

CREATE TABLE `phpbb_styles` (
  `style_id` mediumint(8) unsigned NOT NULL auto_increment,
  `style_name` varchar(255) collate utf8_bin NOT NULL default '',
  `style_copyright` varchar(255) collate utf8_bin NOT NULL default '',
  `style_active` tinyint(1) unsigned NOT NULL default '1',
  `template_id` mediumint(8) unsigned NOT NULL default '0',
  `theme_id` mediumint(8) unsigned NOT NULL default '0',
  `imageset_id` mediumint(8) unsigned NOT NULL default '0',
  PRIMARY KEY  (`style_id`),
  UNIQUE KEY `style_name` (`style_name`),
  KEY `template_id` (`template_id`),
  KEY `theme_id` (`theme_id`),
  KEY `imageset_id` (`imageset_id`)
) ENGINE=MyISAM AUTO_INCREMENT=5 DEFAULT CHARSET=utf8 COLLATE=utf8_bin;

--
-- Dumping data for table `phpbb_styles`
--

INSERT INTO `phpbb_styles` VALUES (1,'prosilver','&copy; phpBB Group',1,1,1,1),(4,'WoW: Alliance (Red)','&copy; 2007-2010 ST Software',1,3,3,3),(3,'subsilver2','&copy; 2005 phpBB Group',1,2,2,2);

--
-- Table structure for table `phpbb_styles_imageset`
--

CREATE TABLE `phpbb_styles_imageset` (
  `imageset_id` mediumint(8) unsigned NOT NULL auto_increment,
  `imageset_name` varchar(255) collate utf8_bin NOT NULL default '',
  `imageset_copyright` varchar(255) collate utf8_bin NOT NULL default '',
  `imageset_path` varchar(100) collate utf8_bin NOT NULL default '',
  PRIMARY KEY  (`imageset_id`),
  UNIQUE KEY `imgset_nm` (`imageset_name`)
) ENGINE=MyISAM AUTO_INCREMENT=4 DEFAULT CHARSET=utf8 COLLATE=utf8_bin;

--
-- Dumping data for table `phpbb_styles_imageset`
--

INSERT INTO `phpbb_styles_imageset` VALUES (1,'prosilver','&copy; phpBB Group','prosilver'),(2,'subsilver2','&copy; phpBB Group, 2003','subsilver2'),(3,'WoW: Alliance (Red)','&copy; 2007-2010 ST Software','wow_red');

--
-- Table structure for table `phpbb_styles_imageset_data`
--

CREATE TABLE `phpbb_styles_imageset_data` (
  `image_id` mediumint(8) unsigned NOT NULL auto_increment,
  `image_name` varchar(200) collate utf8_bin NOT NULL default '',
  `image_filename` varchar(200) collate utf8_bin NOT NULL default '',
  `image_lang` varchar(30) collate utf8_bin NOT NULL default '',
  `image_height` smallint(4) unsigned NOT NULL default '0',
  `image_width` smallint(4) unsigned NOT NULL default '0',
  `imageset_id` mediumint(8) unsigned NOT NULL default '0',
  PRIMARY KEY  (`image_id`),
  KEY `i_d` (`imageset_id`)
) ENGINE=MyISAM AUTO_INCREMENT=322 DEFAULT CHARSET=utf8 COLLATE=utf8_bin;

--
-- Dumping data for table `phpbb_styles_imageset_data`
--

INSERT INTO `phpbb_styles_imageset_data` VALUES (1,'site_logo','site_logo.gif','',52,139,1),(2,'forum_link','forum_link.gif','',27,27,1),(3,'forum_read','forum_read.gif','',27,27,1),(4,'forum_read_locked','forum_read_locked.gif','',27,27,1),(5,'forum_read_subforum','forum_read_subforum.gif','',27,27,1),(6,'forum_unread','forum_unread.gif','',27,27,1),(7,'forum_unread_locked','forum_unread_locked.gif','',27,27,1),(8,'forum_unread_subforum','forum_unread_subforum.gif','',27,27,1),(9,'topic_moved','topic_moved.gif','',27,27,1),(10,'topic_read','topic_read.gif','',27,27,1),(11,'topic_read_mine','topic_read_mine.gif','',27,27,1),(12,'topic_read_hot','topic_read_hot.gif','',27,27,1),(13,'topic_read_hot_mine','topic_read_hot_mine.gif','',27,27,1),(14,'topic_read_locked','topic_read_locked.gif','',27,27,1),(15,'topic_read_locked_mine','topic_read_locked_mine.gif','',27,27,1),(16,'topic_unread','topic_unread.gif','',27,27,1),(17,'topic_unread_mine','topic_unread_mine.gif','',27,27,1),(18,'topic_unread_hot','topic_unread_hot.gif','',27,27,1),(19,'topic_unread_hot_mine','topic_unread_hot_mine.gif','',27,27,1),(20,'topic_unread_locked','topic_unread_locked.gif','',27,27,1),(21,'topic_unread_locked_mine','topic_unread_locked_mine.gif','',27,27,1),(22,'sticky_read','sticky_read.gif','',27,27,1),(23,'sticky_read_mine','sticky_read_mine.gif','',27,27,1),(24,'sticky_read_locked','sticky_read_locked.gif','',27,27,1),(25,'sticky_read_locked_mine','sticky_read_locked_mine.gif','',27,27,1),(26,'sticky_unread','sticky_unread.gif','',27,27,1),(27,'sticky_unread_mine','sticky_unread_mine.gif','',27,27,1),(28,'sticky_unread_locked','sticky_unread_locked.gif','',27,27,1),(29,'sticky_unread_locked_mine','sticky_unread_locked_mine.gif','',27,27,1),(30,'announce_read','announce_read.gif','',27,27,1),(31,'announce_read_mine','announce_read_mine.gif','',27,27,1),(32,'announce_read_locked','announce_read_locked.gif','',27,27,1),(33,'announce_read_locked_mine','announce_read_locked_mine.gif','',27,27,1),(34,'announce_unread','announce_unread.gif','',27,27,1),(35,'announce_unread_mine','announce_unread_mine.gif','',27,27,1),(36,'announce_unread_locked','announce_unread_locked.gif','',27,27,1),(37,'announce_unread_locked_mine','announce_unread_locked_mine.gif','',27,27,1),(38,'global_read','announce_read.gif','',27,27,1),(39,'global_read_mine','announce_read_mine.gif','',27,27,1),(40,'global_read_locked','announce_read_locked.gif','',27,27,1),(41,'global_read_locked_mine','announce_read_locked_mine.gif','',27,27,1),(42,'global_unread','announce_unread.gif','',27,27,1),(43,'global_unread_mine','announce_unread_mine.gif','',27,27,1),(44,'global_unread_locked','announce_unread_locked.gif','',27,27,1),(45,'global_unread_locked_mine','announce_unread_locked_mine.gif','',27,27,1),(46,'pm_read','topic_read.gif','',27,27,1),(47,'pm_unread','topic_unread.gif','',27,27,1),(48,'icon_back_top','icon_back_top.gif','',11,11,1),(49,'icon_contact_aim','icon_contact_aim.gif','',20,20,1),(50,'icon_contact_email','icon_contact_email.gif','',20,20,1),(51,'icon_contact_icq','icon_contact_icq.gif','',20,20,1),(52,'icon_contact_jabber','icon_contact_jabber.gif','',20,20,1),(53,'icon_contact_msnm','icon_contact_msnm.gif','',20,20,1),(54,'icon_contact_www','icon_contact_www.gif','',20,20,1),(55,'icon_contact_yahoo','icon_contact_yahoo.gif','',20,20,1),(56,'icon_post_delete','icon_post_delete.gif','',20,20,1),(57,'icon_post_info','icon_post_info.gif','',20,20,1),(58,'icon_post_report','icon_post_report.gif','',20,20,1),(59,'icon_post_target','icon_post_target.gif','',9,11,1),(60,'icon_post_target_unread','icon_post_target_unread.gif','',9,11,1),(61,'icon_topic_attach','icon_topic_attach.gif','',10,7,1),(62,'icon_topic_latest','icon_topic_latest.gif','',9,11,1),(63,'icon_topic_newest','icon_topic_newest.gif','',9,11,1),(64,'icon_topic_reported','icon_topic_reported.gif','',14,16,1),(65,'icon_topic_unapproved','icon_topic_unapproved.gif','',14,16,1),(66,'icon_user_warn','icon_user_warn.gif','',20,20,1),(67,'subforum_read','subforum_read.gif','',9,11,1),(68,'subforum_unread','subforum_unread.gif','',9,11,1),(69,'icon_contact_pm','icon_contact_pm.gif','de',20,28,1),(70,'icon_post_edit','icon_post_edit.gif','de',20,61,1),(71,'icon_post_quote','icon_post_quote.gif','de',20,65,1),(72,'icon_user_online','icon_user_online.gif','de',58,58,1),(73,'button_pm_forward','button_pm_forward.gif','de',25,119,1),(74,'button_pm_new','button_pm_new.gif','de',25,87,1),(75,'button_pm_reply','button_pm_reply.gif','de',25,102,1),(76,'button_topic_locked','button_topic_locked.gif','de',25,102,1),(77,'button_topic_new','button_topic_new.gif','de',25,119,1),(78,'button_topic_reply','button_topic_reply.gif','de',25,102,1),(79,'icon_contact_pm','icon_contact_pm.gif','de_x_sie',20,28,1),(80,'icon_post_edit','icon_post_edit.gif','de_x_sie',20,61,1),(81,'icon_post_quote','icon_post_quote.gif','de_x_sie',20,65,1),(82,'icon_user_online','icon_user_online.gif','de_x_sie',58,58,1),(83,'button_pm_forward','button_pm_forward.gif','de_x_sie',25,119,1),(84,'button_pm_new','button_pm_new.gif','de_x_sie',25,87,1),(85,'button_pm_reply','button_pm_reply.gif','de_x_sie',25,102,1),(86,'button_topic_locked','button_topic_locked.gif','de_x_sie',25,102,1),(87,'button_topic_new','button_topic_new.gif','de_x_sie',25,119,1),(88,'button_topic_reply','button_topic_reply.gif','de_x_sie',25,102,1),(89,'icon_contact_pm','icon_contact_pm.gif','en',20,28,1),(90,'icon_post_edit','icon_post_edit.gif','en',20,42,1),(91,'icon_post_quote','icon_post_quote.gif','en',20,54,1),(92,'icon_user_online','icon_user_online.gif','en',58,58,1),(93,'button_pm_forward','button_pm_forward.gif','en',25,96,1),(94,'button_pm_new','button_pm_new.gif','en',25,84,1),(95,'button_pm_reply','button_pm_reply.gif','en',25,96,1),(96,'button_topic_locked','button_topic_locked.gif','en',25,88,1),(97,'button_topic_new','button_topic_new.gif','en',25,96,1),(98,'button_topic_reply','button_topic_reply.gif','en',25,96,1),(99,'site_logo','site_logo.gif','',94,170,2),(100,'upload_bar','upload_bar.gif','',16,280,2),(101,'poll_left','poll_left.gif','',12,4,2),(102,'poll_center','poll_center.gif','',12,1,2),(103,'poll_right','poll_right.gif','',12,4,2),(104,'forum_link','forum_link.gif','',25,46,2),(105,'forum_read','forum_read.gif','',25,46,2),(106,'forum_read_locked','forum_read_locked.gif','',25,46,2),(107,'forum_read_subforum','forum_read_subforum.gif','',25,46,2),(108,'forum_unread','forum_unread.gif','',25,46,2),(109,'forum_unread_locked','forum_unread_locked.gif','',25,46,2),(110,'forum_unread_subforum','forum_unread_subforum.gif','',25,46,2),(111,'topic_moved','topic_moved.gif','',18,19,2),(112,'topic_read','topic_read.gif','',18,19,2),(113,'topic_read_mine','topic_read_mine.gif','',18,19,2),(114,'topic_read_hot','topic_read_hot.gif','',18,19,2),(115,'topic_read_hot_mine','topic_read_hot_mine.gif','',18,19,2),(116,'topic_read_locked','topic_read_locked.gif','',18,19,2),(117,'topic_read_locked_mine','topic_read_locked_mine.gif','',18,19,2),(118,'topic_unread','topic_unread.gif','',18,19,2),(119,'topic_unread_mine','topic_unread_mine.gif','',18,19,2),(120,'topic_unread_hot','topic_unread_hot.gif','',18,19,2),(121,'topic_unread_hot_mine','topic_unread_hot_mine.gif','',18,19,2),(122,'topic_unread_locked','topic_unread_locked.gif','',18,19,2),(123,'topic_unread_locked_mine','topic_unread_locked_mine.gif','',18,19,2),(124,'sticky_read','sticky_read.gif','',18,19,2),(125,'sticky_read_mine','sticky_read_mine.gif','',18,19,2),(126,'sticky_read_locked','sticky_read_locked.gif','',18,19,2),(127,'sticky_read_locked_mine','sticky_read_locked_mine.gif','',18,19,2),(128,'sticky_unread','sticky_unread.gif','',18,19,2),(129,'sticky_unread_mine','sticky_unread_mine.gif','',18,19,2),(130,'sticky_unread_locked','sticky_unread_locked.gif','',18,19,2),(131,'sticky_unread_locked_mine','sticky_unread_locked_mine.gif','',18,19,2),(132,'announce_read','announce_read.gif','',18,19,2),(133,'announce_read_mine','announce_read_mine.gif','',18,19,2),(134,'announce_read_locked','announce_read_locked.gif','',18,19,2),(135,'announce_read_locked_mine','announce_read_locked_mine.gif','',18,19,2),(136,'announce_unread','announce_unread.gif','',18,19,2),(137,'announce_unread_mine','announce_unread_mine.gif','',18,19,2),(138,'announce_unread_locked','announce_unread_locked.gif','',18,19,2),(139,'announce_unread_locked_mine','announce_unread_locked_mine.gif','',18,19,2),(140,'global_read','announce_read.gif','',18,19,2),(141,'global_read_mine','announce_read_mine.gif','',18,19,2),(142,'global_read_locked','announce_read_locked.gif','',18,19,2),(143,'global_read_locked_mine','announce_read_locked_mine.gif','',18,19,2),(144,'global_unread','announce_unread.gif','',18,19,2),(145,'global_unread_mine','announce_unread_mine.gif','',18,19,2),(146,'global_unread_locked','announce_unread_locked.gif','',18,19,2),(147,'global_unread_locked_mine','announce_unread_locked_mine.gif','',18,19,2),(148,'pm_read','topic_read.gif','',18,19,2),(149,'pm_unread','topic_unread.gif','',18,19,2),(150,'icon_post_target','icon_post_target.gif','',9,12,2),(151,'icon_post_target_unread','icon_post_target_unread.gif','',9,12,2),(152,'icon_topic_attach','icon_topic_attach.gif','',18,14,2),(153,'icon_topic_latest','icon_topic_latest.gif','',9,18,2),(154,'icon_topic_newest','icon_topic_newest.gif','',9,18,2),(155,'icon_topic_reported','icon_topic_reported.gif','',18,19,2),(156,'icon_topic_unapproved','icon_topic_unapproved.gif','',18,19,2),(157,'icon_contact_aim','icon_contact_aim.gif','de',20,72,2),(158,'icon_contact_email','icon_contact_email.gif','de',20,72,2),(159,'icon_contact_icq','icon_contact_icq.gif','de',20,72,2),(160,'icon_contact_jabber','icon_contact_jabber.gif','de',20,72,2),(161,'icon_contact_msnm','icon_contact_msnm.gif','de',20,72,2),(162,'icon_contact_pm','icon_contact_pm.gif','de',20,72,2),(163,'icon_contact_yahoo','icon_contact_yahoo.gif','de',20,72,2),(164,'icon_contact_www','icon_contact_www.gif','de',20,72,2),(165,'icon_post_delete','icon_post_delete.gif','de',20,20,2),(166,'icon_post_edit','icon_post_edit.gif','de',20,90,2),(167,'icon_post_info','icon_post_info.gif','de',20,20,2),(168,'icon_post_quote','icon_post_quote.gif','de',20,90,2),(169,'icon_post_report','icon_post_report.gif','de',20,20,2),(170,'icon_user_online','icon_user_online.gif','de',20,72,2),(171,'icon_user_offline','icon_user_offline.gif','de',20,72,2),(172,'icon_user_profile','icon_user_profile.gif','de',20,72,2),(173,'icon_user_search','icon_user_search.gif','de',20,72,2),(174,'icon_user_warn','icon_user_warn.gif','de',20,20,2),(175,'button_pm_new','button_pm_new.gif','de',27,115,2),(176,'button_pm_reply','button_pm_reply.gif','de',20,90,2),(177,'button_topic_locked','button_topic_locked.gif','de',27,115,2),(178,'button_topic_new','button_topic_new.gif','de',27,115,2),(179,'button_topic_reply','button_topic_reply.gif','de',27,115,2),(180,'icon_contact_aim','icon_contact_aim.gif','de_x_sie',20,72,2),(181,'icon_contact_email','icon_contact_email.gif','de_x_sie',20,72,2),(182,'icon_contact_icq','icon_contact_icq.gif','de_x_sie',20,72,2),(183,'icon_contact_jabber','icon_contact_jabber.gif','de_x_sie',20,72,2),(184,'icon_contact_msnm','icon_contact_msnm.gif','de_x_sie',20,72,2),(185,'icon_contact_pm','icon_contact_pm.gif','de_x_sie',20,72,2),(186,'icon_contact_yahoo','icon_contact_yahoo.gif','de_x_sie',20,72,2),(187,'icon_contact_www','icon_contact_www.gif','de_x_sie',20,72,2),(188,'icon_post_delete','icon_post_delete.gif','de_x_sie',20,20,2),(189,'icon_post_edit','icon_post_edit.gif','de_x_sie',20,90,2),(190,'icon_post_info','icon_post_info.gif','de_x_sie',20,20,2),(191,'icon_post_quote','icon_post_quote.gif','de_x_sie',20,90,2),(192,'icon_post_report','icon_post_report.gif','de_x_sie',20,20,2),(193,'icon_user_online','icon_user_online.gif','de_x_sie',20,72,2),(194,'icon_user_offline','icon_user_offline.gif','de_x_sie',20,72,2),(195,'icon_user_profile','icon_user_profile.gif','de_x_sie',20,72,2),(196,'icon_user_search','icon_user_search.gif','de_x_sie',20,72,2),(197,'icon_user_warn','icon_user_warn.gif','de_x_sie',20,20,2),(198,'button_pm_new','button_pm_new.gif','de_x_sie',27,115,2),(199,'button_pm_reply','button_pm_reply.gif','de_x_sie',20,90,2),(200,'button_topic_locked','button_topic_locked.gif','de_x_sie',27,115,2),(201,'button_topic_new','button_topic_new.gif','de_x_sie',27,115,2),(202,'button_topic_reply','button_topic_reply.gif','de_x_sie',27,115,2),(203,'icon_contact_aim','icon_contact_aim.gif','en',0,0,2),(204,'icon_contact_email','icon_contact_email.gif','en',0,0,2),(205,'icon_contact_icq','icon_contact_icq.gif','en',0,0,2),(206,'icon_contact_jabber','icon_contact_jabber.gif','en',0,0,2),(207,'icon_contact_msnm','icon_contact_msnm.gif','en',0,0,2),(208,'icon_contact_pm','icon_contact_pm.gif','en',0,0,2),(209,'icon_contact_yahoo','icon_contact_yahoo.gif','en',0,0,2),(210,'icon_contact_www','icon_contact_www.gif','en',0,0,2),(211,'icon_post_delete','icon_post_delete.gif','en',0,0,2),(212,'icon_post_edit','icon_post_edit.gif','en',0,0,2),(213,'icon_post_info','icon_post_info.gif','en',0,0,2),(214,'icon_post_quote','icon_post_quote.gif','en',0,0,2),(215,'icon_post_report','icon_post_report.gif','en',0,0,2),(216,'icon_user_online','icon_user_online.gif','en',0,0,2),(217,'icon_user_offline','icon_user_offline.gif','en',0,0,2),(218,'icon_user_profile','icon_user_profile.gif','en',0,0,2),(219,'icon_user_search','icon_user_search.gif','en',0,0,2),(220,'icon_user_warn','icon_user_warn.gif','en',0,0,2),(221,'button_pm_new','button_pm_new.gif','en',0,0,2),(222,'button_pm_reply','button_pm_reply.gif','en',0,0,2),(223,'button_topic_locked','button_topic_locked.gif','en',0,0,2),(224,'button_topic_new','button_topic_new.gif','en',0,0,2),(225,'button_topic_reply','button_topic_reply.gif','en',0,0,2),(226,'site_logo','site_logo.gif','',0,0,3),(227,'upload_bar','spacer.gif','',1,1,3),(228,'poll_left','poll_left.gif','',12,4,3),(229,'poll_center','poll_center.gif','',12,0,3),(230,'poll_right','poll_right.gif','',12,4,3),(231,'icon_contact_aim','icon_contact_aim.gif','',13,33,3),(232,'icon_contact_icq','icon_contact_icq.gif','',13,31,3),(233,'icon_contact_jabber','icon_contact_jabber.gif','',13,47,3),(234,'icon_contact_msnm','icon_contact_msnm.gif','',13,34,3),(235,'icon_contact_yahoo','icon_contact_yahoo.gif','',13,33,3),(236,'icon_contact_www','icon_contact_www.gif','',13,36,3),(237,'icon_user_warn','icon_user_warn.gif','',13,19,3),(238,'icon_post_delete','icon_post_delete.gif','',13,20,3),(239,'icon_post_info','icon_post_info.gif','',13,20,3),(240,'icon_post_report','icon_post_report.gif','',13,17,3),(241,'forum_link','forum_link.gif','',23,23,3),(242,'forum_read','forum_read.gif','',23,23,3),(243,'forum_read_locked','forum_read_locked.gif','',23,23,3),(244,'forum_read_subforum','forum_read_subforum.gif','',23,23,3),(245,'forum_unread','forum_unread.gif','',23,23,3),(246,'forum_unread_locked','forum_unread_locked.gif','',23,23,3),(247,'forum_unread_subforum','forum_unread_subforum.gif','',23,23,3),(248,'topic_moved','topic_moved.gif','',18,18,3),(249,'topic_read','topic_read.gif','',18,18,3),(250,'topic_read_mine','topic_read_mine.gif','',18,18,3),(251,'topic_read_hot','topic_read.gif','',18,18,3),(252,'topic_read_hot_mine','topic_read_mine.gif','',18,18,3),(253,'topic_read_locked','topic_read_locked.gif','',18,18,3),(254,'topic_read_locked_mine','topic_read_locked_mine.gif','',18,18,3),(255,'topic_unread','topic_unread.gif','',18,18,3),(256,'topic_unread_mine','topic_unread_mine.gif','',18,18,3),(257,'topic_unread_hot','topic_unread.gif','',18,18,3),(258,'topic_unread_hot_mine','topic_unread_mine.gif','',18,18,3),(259,'topic_unread_locked','topic_unread_locked.gif','',18,18,3),(260,'topic_unread_locked_mine','topic_unread_locked_mine.gif','',18,18,3),(261,'sticky_read','sticky_read.gif','',18,18,3),(262,'sticky_read_mine','sticky_read_mine.gif','',18,18,3),(263,'sticky_read_locked','sticky_read_locked.gif','',18,18,3),(264,'sticky_read_locked_mine','sticky_read_locked_mine.gif','',18,18,3),(265,'sticky_unread','sticky_unread.gif','',18,18,3),(266,'sticky_unread_mine','sticky_unread_mine.gif','',18,18,3),(267,'sticky_unread_locked','sticky_unread_locked.gif','',18,18,3),(268,'sticky_unread_locked_mine','sticky_unread_locked_mine.gif','',18,18,3),(269,'announce_read','announce_read.gif','',18,18,3),(270,'announce_read_mine','announce_read_mine.gif','',18,18,3),(271,'announce_read_locked','announce_read_locked.gif','',18,18,3),(272,'announce_read_locked_mine','announce_read_locked_mine.gif','',18,18,3),(273,'announce_unread','announce_unread.gif','',18,18,3),(274,'announce_unread_mine','announce_unread_mine.gif','',18,18,3),(275,'announce_unread_locked','announce_unread_locked.gif','',18,18,3),(276,'announce_unread_locked_mine','announce_unread_locked_mine.gif','',18,18,3),(277,'global_read','announce_read.gif','',18,18,3),(278,'global_read_mine','announce_read_mine.gif','',18,18,3),(279,'global_read_locked','announce_read_locked.gif','',18,18,3),(280,'global_read_locked_mine','announce_read_locked_mine.gif','',18,18,3),(281,'global_unread','announce_unread.gif','',18,18,3),(282,'global_unread_mine','announce_unread_mine.gif','',18,18,3),(283,'global_unread_locked','announce_unread_locked.gif','',18,18,3),(284,'global_unread_locked_mine','announce_unread_locked_mine.gif','',18,18,3),(285,'pm_read','topic_read.gif','',18,18,3),(286,'pm_unread','topic_unread.gif','',18,18,3),(287,'icon_post_target','icon_topic_latest.gif','',9,13,3),(288,'icon_post_target_unread','icon_topic_newest.gif','',9,13,3),(289,'icon_topic_attach','icon_topic_attach.gif','',12,6,3),(290,'icon_topic_latest','icon_topic_latest.gif','',9,13,3),(291,'icon_topic_newest','icon_topic_newest.gif','',9,13,3),(292,'icon_topic_reported','icon_topic_reported.gif','',18,18,3),(293,'icon_topic_unapproved','icon_topic_unapproved.gif','',18,18,3),(294,'icon_contact_email','icon_contact_email.gif','en',13,41,3),(295,'icon_contact_pm','icon_contact_pm.gif','en',13,29,3),(296,'icon_post_edit','icon_post_edit.gif','en',13,35,3),(297,'icon_post_quote','icon_post_quote.gif','en',13,41,3),(298,'icon_user_online','icon_user_online.gif','en',11,36,3),(299,'icon_user_offline','spacer.gif','en',0,0,3),(300,'icon_user_profile','icon_user_profile.gif','en',13,49,3),(301,'icon_user_search','icon_user_search.gif','en',13,46,3),(302,'button_pm_forward','button_pm_forward.gif','en',20,85,3),(303,'button_pm_new','button_pm_new.gif','en',20,94,3),(304,'button_pm_reply','button_topic_reply.gif','en',20,103,3),(305,'button_topic_locked','button_topic_locked.gif','en',20,80,3),(306,'button_topic_new','button_topic_new.gif','en',20,101,3),(307,'button_topic_reply','button_topic_reply.gif','en',20,103,3),(308,'icon_contact_email','icon_contact_email.gif','de',13,41,3),(309,'icon_contact_pm','icon_contact_pm.gif','de',13,29,3),(310,'icon_post_edit','icon_post_edit.gif','de',13,35,3),(311,'icon_post_quote','icon_post_quote.gif','de',13,41,3),(312,'icon_user_online','icon_user_online.gif','de',11,36,3),(313,'icon_user_offline','spacer.gif','de',0,0,3),(314,'icon_user_profile','icon_user_profile.gif','de',13,49,3),(315,'icon_user_search','icon_user_search.gif','de',13,46,3),(316,'button_pm_forward','button_pm_forward.gif','de',20,85,3),(317,'button_pm_new','button_pm_new.gif','de',20,94,3),(318,'button_pm_reply','button_topic_reply.gif','de',20,103,3),(319,'button_topic_locked','button_topic_locked.gif','de',20,80,3),(320,'button_topic_new','button_topic_new.gif','de',20,101,3),(321,'button_topic_reply','button_topic_reply.gif','de',20,103,3);

--
